{"id":108,"date":"2019-09-25T16:29:15","date_gmt":"2019-09-25T14:29:15","guid":{"rendered":"https:\/\/wordpress.nibis.de\/dich\/?page_id=108"},"modified":"2019-10-01T21:21:07","modified_gmt":"2019-10-01T19:21:07","slug":"preise","status":"publish","type":"page","link":"https:\/\/wordpress.nibis.de\/dich\/preise\/","title":{"rendered":"Preise"},"content":{"rendered":"\n<p>Alle Sch\u00fclerinnen und Sch\u00fcler, die fristgerecht die gestellten Aufgaben sehr gut bearbeiten, sinnvoll auswerten und nachvollziehbar dokumentieren, erhalten eine Urkunde.<\/p>\n<p>250 Sch\u00fclerinnen und Sch\u00fcler erhalten neben der Urkunde einen Buchgutschein und einen Sachpreis besonders gute und kreative L\u00f6sungen. Von diesen 250 besonders erfolgreichen Teilnehmenden werden die 50 besten mit ihren Betreuern an einen besonderen Ort zu einer Feierstunde eingeladen.<\/p>\n<p>Bei der Beurteilung der Einsendungen wird nat\u00fcrlich ber\u00fccksichtigt, welche Klasse Du besuchst. Entsprechend der Bewertung deiner Arbeit erh\u00e4ltst Du \u00fcber Deine Schule eine Urkunde, einen Preis oder die EInladung zur Feierstunde.<\/p>\n<p>Bisherige Gastgeber der Feierstunde: Universum Bremen (2018), XLAB G\u00f6ttingen (2016), Klimahaus Bremerhaven (2014), phaeno Wolfsburg (2012), Ideenexpo Hannover (2013, 2015, 2017 und 2019).<\/p>\n<p>Der Hauptpreis ist das mehrt\u00e4gige Praktikum im Sch\u00fclerlabor der Universit\u00e4t Mainz. Das Praktikum findet immer im September statt. Es entstehen den Gewinnern keine Kosten f\u00fcr Fahrt und Unterkunft. Es werden zwei Pl\u00e4tze vergeben.<\/p>\n<p>Au\u00dferdem werden <strong>drei Schulpreise in H\u00f6he von je 250,- Euro<\/strong> vergeben. Diesen Preis erhalten Schulen, die im Vergleich zum Vorjahr die Teilnehmerzahl oder die Qualit\u00e4t eingereichter Arbeiten am st\u00e4rksten steigern konnten.<\/p>\n<p>Preise fr\u00fcherer Wettbewerbsrunden:<\/p>\n<p>Die Feierstunde des Wettbewerbes 2013-2014 fand mit 52 Jungforschern im Klimahaus in Bremerhaven statt. Das Klimahaus bot einen rund um gelungenen Rahmen f\u00fcr die Ehrung der jungen Forscherinnen und Forscher. Es blieb genug Zeit, das Buffet und nat\u00fcrlich die tolle Ausstellung zu genie\u00dfen. Beim VCI-Nord finden sich viele Bilder der Preistr\u00e4ger. Neben dem beliebten Gutschein gab es auch wieder besonderes &#8211; den Das-ist-Chemie-Erlenmeyerkolben. Eine Sch\u00fclerin und ein Sch\u00fcler wurden mit der Teilnahme am Experimentalseminar in Zusammenarbeit mit dem F\u00f6rderverein der Chemieolympiade f\u00fcr ihre besonders gelungenen Arbeiten ausgezeichnet.\u00a0 Rund 200 weitere Sch\u00fclerinnen und Sch\u00fcler bekamen Gutscheine und mit dem Wettbewerbslogo gravierte Spatel.<\/p>\n<p>Die Feierstunde des Wettberbes 2012-2013 fand mit 49 Jungforschern im Rahmen der Ideenexpo in Hannover statt. Selbstverst\u00e4ndlich hatten alle viel Zeit neben dem Buffet und der F\u00fchrung \u00fcber das Gel\u00e4nde die vielen Mitmachaktionen zu nutzen. Zwei Sch\u00fclerinnen wurden zum Experimentalseminar in Zusammenarbeit mit dem F\u00f6rderverein der Chemieolympiade eingeladen. Diese Teilnehmer erhielten wie alle anderen sehr erfolgreichen Teilnehmer Gutscheine den Das-ist-Chemie!-L\u00f6ffelspatel.<\/p>\n","protected":false},"excerpt":{"rendered":"<p>Alle Sch\u00fclerinnen und Sch\u00fcler, die fristgerecht die gestellten Aufgaben sehr gut bearbeiten, sinnvoll auswerten und nachvollziehbar dokumentieren, erhalten eine Urkunde. 250 Sch\u00fclerinnen und Sch\u00fcler erhalten neben der Urkunde einen Buchgutschein und einen Sachpreis besonders gute und kreative L\u00f6sungen. Von diesen 250 besonders erfolgreichen Teilnehmenden werden die 50 besten mit ihren Betreuern an einen besonderen Ort [&hellip;]<\/p>\n","protected":false},"author":9193089,"featured_media":0,"parent":0,"menu_order":0,"comment_status":"closed","ping_status":"closed","template":"","meta":{"footnotes":""},"class_list":["post-108","page","type-page","status-publish","hentry"],"_links":{"self":[{"href":"https:\/\/wordpress.nibis.de\/dich\/wp-json\/wp\/v2\/pages\/108","targetHints":{"allow":["GET"]}}],"collection":[{"href":"https:\/\/wordpress.nibis.de\/dich\/wp-json\/wp\/v2\/pages"}],"about":[{"href":"https:\/\/wordpress.nibis.de\/dich\/wp-json\/wp\/v2\/types\/page"}],"author":[{"embeddable":true,"href":"https:\/\/wordpress.nibis.de\/dich\/wp-json\/wp\/v2\/users\/9193089"}],"replies":[{"embeddable":true,"href":"https:\/\/wordpress.nibis.de\/dich\/wp-json\/wp\/v2\/comments?post=108"}],"version-history":[{"count":2,"href":"https:\/\/wordpress.nibis.de\/dich\/wp-json\/wp\/v2\/pages\/108\/revisions"}],"predecessor-version":[{"id":156,"href":"https:\/\/wordpress.nibis.de\/dich\/wp-json\/wp\/v2\/pages\/108\/revisions\/156"}],"wp:attachment":[{"href":"https:\/\/wordpress.nibis.de\/dich\/wp-json\/wp\/v2\/media?parent=108"}],"curies":[{"name":"wp","href":"https:\/\/api.w.org\/{rel}","templated":true}]}}