{"id":164,"date":"2018-11-28T00:24:10","date_gmt":"2018-11-27T23:24:10","guid":{"rendered":"http:\/\/wordpress.nibis.de\/dps-hi\/?page_id=164"},"modified":"2020-04-19T14:55:50","modified_gmt":"2020-04-19T12:55:50","slug":"grundschule-didrik-pining","status":"publish","type":"page","link":"https:\/\/wordpress.nibis.de\/dps-hi\/?page_id=164","title":{"rendered":"Grundschule"},"content":{"rendered":"<p style=\"text-align: justify\">Die Grundschule Didrik-Pining-Schule ist die f\u00fcr die Hildesheimer Oststadt zust\u00e4ndige Grundschule f\u00fcr Kinder aller Bekenntnisse. Die Grundschule besteht aus den Jahrg\u00e4ngen 1 bis 4 und einem Schulkindergarten f\u00fcr schulpflichtige, jedoch nicht schulf\u00e4hige Kinder. Die Grundschulklassen sind in der Regel drei- bis vierz\u00fcgig. Die Klassenst\u00e4rke liegt im Schnitt bei gut 20 Sch\u00fclerinnen und Sch\u00fclern. Einzugsgebiet:\u00a0 Die Grenzen des Einzugsbereichs sind im Norden mit dem Bavenstedter Industriegebiet, im Osten mit der Autobahn, im S\u00fcden mit der Goslarschen Stra\u00dfe\/Goslarschen Landstra\u00dfe und im Westen mit der Bahnhofsallee, der Zingel und der Gartenstra\u00dfe grob beschrieben.<\/p>\n","protected":false},"excerpt":{"rendered":"<p>Die Grundschule Didrik-Pining-Schule ist die f\u00fcr die Hildesheimer Oststadt zust\u00e4ndige Grundschule f\u00fcr Kinder aller Bekenntnisse. Die Grundschule besteht aus den Jahrg\u00e4ngen 1 bis 4 und einem Schulkindergarten f\u00fcr schulpflichtige, jedoch nicht schulf\u00e4hige Kinder. Die Grundschulklassen sind in der Regel drei- bis vierz\u00fcgig. Die Klassenst\u00e4rke liegt im Schnitt bei gut 20 Sch\u00fclerinnen und Sch\u00fclern. Einzugsgebiet:\u00a0 Die &hellip; <a href=\"https:\/\/wordpress.nibis.de\/dps-hi\/?page_id=164\" class=\"more-link\">Weiterlesen <span class=\"screen-reader-text\">Grundschule<\/span><\/a><\/p>\n","protected":false},"author":9192772,"featured_media":0,"parent":0,"menu_order":3,"comment_status":"closed","ping_status":"closed","template":"","meta":{"footnotes":""},"class_list":["post-164","page","type-page","status-publish","hentry","without-featured-image"],"_links":{"self":[{"href":"https:\/\/wordpress.nibis.de\/dps-hi\/index.php?rest_route=\/wp\/v2\/pages\/164","targetHints":{"allow":["GET"]}}],"collection":[{"href":"https:\/\/wordpress.nibis.de\/dps-hi\/index.php?rest_route=\/wp\/v2\/pages"}],"about":[{"href":"https:\/\/wordpress.nibis.de\/dps-hi\/index.php?rest_route=\/wp\/v2\/types\/page"}],"author":[{"embeddable":true,"href":"https:\/\/wordpress.nibis.de\/dps-hi\/index.php?rest_route=\/wp\/v2\/users\/9192772"}],"replies":[{"embeddable":true,"href":"https:\/\/wordpress.nibis.de\/dps-hi\/index.php?rest_route=%2Fwp%2Fv2%2Fcomments&post=164"}],"version-history":[{"count":5,"href":"https:\/\/wordpress.nibis.de\/dps-hi\/index.php?rest_route=\/wp\/v2\/pages\/164\/revisions"}],"predecessor-version":[{"id":1508,"href":"https:\/\/wordpress.nibis.de\/dps-hi\/index.php?rest_route=\/wp\/v2\/pages\/164\/revisions\/1508"}],"wp:attachment":[{"href":"https:\/\/wordpress.nibis.de\/dps-hi\/index.php?rest_route=%2Fwp%2Fv2%2Fmedia&parent=164"}],"curies":[{"name":"wp","href":"https:\/\/api.w.org\/{rel}","templated":true}]}}