{"id":279,"date":"2018-11-28T23:38:00","date_gmt":"2018-11-28T22:38:00","guid":{"rendered":"http:\/\/wordpress.nibis.de\/dps-hi\/?page_id=279"},"modified":"2024-08-22T14:35:44","modified_gmt":"2024-08-22T12:35:44","slug":"test","status":"publish","type":"page","link":"https:\/\/wordpress.nibis.de\/dps-hi\/?page_id=279","title":{"rendered":"Schulprogramm"},"content":{"rendered":"\n<p>\u00a0<\/p>\n<h3>Unsere Ziele im Schuljahr 2023\/24<\/h3>\n<p><b>Vorantreiben der Digitalisierung von Schulprozessen<\/b> mit Hilfe der edoop-Plattform.<\/p>\n<p><b>Ausstattung<\/b> aller Klassenr\u00e4ume mit Interactive Whiteboards und Ausbau des WLAN-Netzes.<\/p>\n<p><b>\u00dcberarbeitung<\/b> der F\u00f6rderkonzepte, um eine individuelle F\u00f6rderung aller Schulkinder im p\u00e4dagogischen Blick zu haben.<\/p>\n<p><b>Weitere Verzahnung<\/b> der Zusammenarbeit zwischen Grundschule und F\u00f6rderschule Sprache.<\/p>\n\n\n<h3>Unsere Ziele im Schuljahr 2020\/21<\/h3>\n<p><strong>Das<\/strong> Lernen von zuhause aus wird von den Lehrkr\u00e4ften eng begleitet und unterst\u00fctzt. Der Einsatz digitaler Lernmedien als zus\u00e4tzliches Angebot auf freiwilliger Basis wird ausgebaut.<\/p>\n<p><strong>Die<\/strong> schulische Sozialarbeit unterst\u00fctzt Familien bei Problemen durch den Schulausfall.<\/p>\n<p><strong>Ma\u00dfnahmen<\/strong> zur Einhaltung der Hygienebestimmungen werden erarbeitet und vor der schrittweisen Wiederaufnahme des Unterrichts in der Schule umgesetzt.<\/p>\n<p><strong>Die<\/strong> Notbetreuung f\u00fcr Kinder aus Familien, deren Eltern in systemrelevanten Berufen arbeiten, wird gew\u00e4hrleistet und auf den Bedarf jeweils aktuell angepasst.<\/p>\n<h3>Unsere Ziele im Schuljahr 2019\/20<\/h3>\n<p><strong>Das<\/strong> p\u00e4dagogische und organisatorische Konzept f\u00fcr die Erweiterung des Ganztagsangebots im n\u00e4chsten Schuljahr wird entwickelt. Die Ganztagsr\u00e4ume werden ausgebaut. Der Werkraum wird erneuert.<\/p>\n<p><strong>Unsere<\/strong> Schulregeln werden \u00fcberarbeitet. Ein Konzept zum Umgang mit Konflikten im schulischen Kontext wird erarbeitet und praktisch umgesetzt.<\/p>\n<p><strong>Das<\/strong> Konzept der F\u00f6rderschule Sprache wird \u00fcberarbeitet.<\/p>\n<p><strong>Der<\/strong> Messenger-Dienst schul.cloud wird auf freiwilliger Basis eingef\u00fchrt.<\/p>\n<p><strong>Pr\u00e4ventive<\/strong> Angebote f\u00fcr den Bereich &#8222;Gefahren im Zuge der Digitalisierung&#8220;\u00a0 finden f\u00fcr Sch\u00fclerinnen\/Sch\u00fcler und f\u00fcr Eltern statt.<\/p>\n<p><strong>Ein<\/strong> Weihnachtsbasar &#8222;Lichterzauber&#8220; findet erstmals statt.<\/p>\n<p><strong>Der<\/strong> Innenhof wird neu gestaltet und in das Pausenangebot und in das Ganztagsangebot integriert.<\/p>\n<p><strong>Die<\/strong> Zusammenarbeit mit den Stadtteileltern wird intensiviert.<\/p>\n<h3>Unsere Ziele im Schuljahr 2018\/19<\/h3>\n<p><strong>Weitere<\/strong> schuleigene Arbeitspl\u00e4ne auf Grundlage der neuen Kerncurricula werden erarbeitet.<\/p>\n<p><strong>Die<\/strong> Grundschule Achtum wird Au\u00dfenstelle der Didrik-Pining-Schule. Beide Standorte arbeiten so eigenst\u00e4ndig wie es die unterschiedlichen Gegebenheiten erfordern, arbeiten aber an einem Zusammenwachsen in besonderen Bereichen. Hierf\u00fcr werden die organisatorischen und strukturellen Voraussetzungen geschaffen. Ausgew\u00e4hlte gemeinsame Veranstaltungen erm\u00f6glichen ein gegenseitiges Kennenlernen der Kinder.<\/p>\n<p><strong>IServ<\/strong> als schulische Kommunikationsplattform wird eingerichtet.<\/p>\n<p><strong>Die<\/strong> schulischen Abl\u00e4ufe und Formulare werden an die neuen Datenschutzrichtlinien angepasst.<\/p>\n<p><strong>Wir<\/strong> feiern ein gro\u00dfes Schulfest.<\/p>\n<p><strong>Der<\/strong> Fachbereich Mobilit\u00e4t wird aufgebaut. Ein ADAC-Fahrradparcours f\u00fcr die 3. Klassen beider Standorte wird erstmals durchgef\u00fchrt.<\/p>\n<h3 style=\"text-align: left\"><span style=\"text-decoration: underline\"><strong>Unsere Ziele zur Umsetzung des Leitbilds (2017\/18)<\/strong><\/span><\/h3>\n<p style=\"text-align: justify\"><strong>Die <\/strong>sonderp\u00e4dagogische Grundversorgung in der Grundschule wird neu organisiert und durch ein eng zusammenarbeitendes Team von F\u00f6rderschullehrkr\u00e4ften und Grundschullehrkr\u00e4ften mit dem Ziel der bestm\u00f6glichen F\u00f6rderung durchgef\u00fchrt.<\/p>\n<p style=\"text-align: justify\"><strong>Die<\/strong> Grundversorgung der Grundschule soll m\u00f6glichst durch F\u00d6S-Lehrkr\u00e4fte des gleichen Jahrgangs durchgef\u00fchrt werden. Ende Februar 2018 erfolgt eine schulinterne Evaluation zur SGV.<\/p>\n<p style=\"text-align: justify\"><strong>Auf <\/strong>Grundlage der neuen Kerncurricula werden aktuelle schuleigene Arbeitspl\u00e4ne erarbeitet, bei denen sowohl das F\u00f6rdern leistungsschwacher als auch das Fordern leistungsstarker SuS ber\u00fccksichtigt werden. Die Sprachbildung als Aufgabe f\u00fcr alle F\u00e4cher findet dabei besondere Ber\u00fccksichtigung.<\/p>\n<p style=\"text-align: justify\"><strong>Ein <\/strong>Pausenangebot mit verschiedenen niederschwelligen Besch\u00e4ftigungs- und Aktionsangeboten wird erarbeitet.<\/p>\n<p style=\"text-align: justify\"><strong>Die <\/strong>vielf\u00e4ltigen bew\u00e4hrten Aktionen im und rund um den Unterricht finden auch im Schuljahr 2017\/18 wieder statt.<\/p>\n<p style=\"text-align: justify\"><strong>Ein <\/strong>f\u00fcr die Didrik-Pining-Schule zugeschnittener konzeptioneller Leitfaden f\u00fcr den optimalen Einsatz von unseren iPads im Deutsch-, Mathematik- und Sachunterricht wird entwickelt, da hiermit zus\u00e4tzlich ein individuelles und differenziertes Lernen durch Apps aus dem Bildungsbereich gef\u00f6rdert werden kann. (Mittelfristiges Ziel)<\/p>\n<p style=\"text-align: justify\"><strong>Um <\/strong>ein modernes vernetztes und kreatives Lehren und Lernen mit den iPads zu f\u00f6rdern, ben\u00f6tigt die Didrik-Pining-Schule digitale interaktive Whiteboards. So sollen auf jeder Etage 1-2 digitale Tafeln, die dann in das vorhandene W-LAN eingebunden werden, angebracht werden. Die vorhandenen Dokumentenkameras werden anschlie\u00dfend ebenfalls an die installierten Smartboards angeschlossen. (Mittelfristiges Ziel)<\/p>\n<p style=\"text-align: justify\"><strong>Ziele der Schulsozialarbeit: <\/strong>Das Elterncafe wird auch im Schuljahr 2017\/2018 wie gewohnt jeden Freitag in der Eingangshalle der Schule stattfinden.<\/p>\n<p style=\"text-align: justify\"><strong>Da <\/strong>auch die bereits eingef\u00fchrte Demokratieerziehung ein wesentlicher Bestandteil zur F\u00f6rderung eines guten Schulklimas ist, werden die Sch\u00fclerratssitzungen mit den Klassensprechern des 3.und 4.Jahrgangs wie gewohnt regelm\u00e4\u00dfig alle 4 Wochen stattfinden.<\/p>\n<p style=\"text-align: justify\"><strong>Wie <\/strong>auch im letzten Schuljahr, soll es wieder einen &#8222;Pippi Langstrumpf-Club &#8211; starke M\u00e4dchen&#8220; f\u00fcr den 1. und 2. Jahrgang geben. F\u00fcr Jungen wird es erstmalig in diesem Schuljahr einen &#8222;coole Kerle- starke Jungen-Club\u201e geben. Dieses Angebot soll in der 5.Stunde (Betreuungszeit) stattfinden.<\/p>\n<p style=\"text-align: justify\"><strong>Die <\/strong>Zusammenarbeit mit dem Institut f\u00fcr systemisches Coaching &#8222;Teamwerk&#8220; soll fortgef\u00fchrt werden.<\/p>\n<p style=\"text-align: justify\"><strong>Eine <\/strong>Evaluation zum Sozialklima in den Klassen\/der Schule wird durchgef\u00fchrt.<\/p>","protected":false},"excerpt":{"rendered":"<p>\u00a0 Unsere Ziele im Schuljahr 2023\/24 Vorantreiben der Digitalisierung von Schulprozessen mit Hilfe der edoop-Plattform. Ausstattung aller Klassenr\u00e4ume mit Interactive Whiteboards und Ausbau des WLAN-Netzes. \u00dcberarbeitung der F\u00f6rderkonzepte, um eine individuelle F\u00f6rderung aller Schulkinder im p\u00e4dagogischen Blick zu haben. Weitere Verzahnung der Zusammenarbeit zwischen Grundschule und F\u00f6rderschule Sprache. Unsere Ziele im Schuljahr 2020\/21 Das Lernen &hellip; <a href=\"https:\/\/wordpress.nibis.de\/dps-hi\/?page_id=279\" class=\"more-link\">Weiterlesen <span class=\"screen-reader-text\">Schulprogramm<\/span><\/a><\/p>\n","protected":false},"author":9192772,"featured_media":0,"parent":0,"menu_order":2,"comment_status":"closed","ping_status":"closed","template":"","meta":{"footnotes":""},"class_list":["post-279","page","type-page","status-publish","hentry","without-featured-image"],"_links":{"self":[{"href":"https:\/\/wordpress.nibis.de\/dps-hi\/index.php?rest_route=\/wp\/v2\/pages\/279","targetHints":{"allow":["GET"]}}],"collection":[{"href":"https:\/\/wordpress.nibis.de\/dps-hi\/index.php?rest_route=\/wp\/v2\/pages"}],"about":[{"href":"https:\/\/wordpress.nibis.de\/dps-hi\/index.php?rest_route=\/wp\/v2\/types\/page"}],"author":[{"embeddable":true,"href":"https:\/\/wordpress.nibis.de\/dps-hi\/index.php?rest_route=\/wp\/v2\/users\/9192772"}],"replies":[{"embeddable":true,"href":"https:\/\/wordpress.nibis.de\/dps-hi\/index.php?rest_route=%2Fwp%2Fv2%2Fcomments&post=279"}],"version-history":[{"count":13,"href":"https:\/\/wordpress.nibis.de\/dps-hi\/index.php?rest_route=\/wp\/v2\/pages\/279\/revisions"}],"predecessor-version":[{"id":3299,"href":"https:\/\/wordpress.nibis.de\/dps-hi\/index.php?rest_route=\/wp\/v2\/pages\/279\/revisions\/3299"}],"wp:attachment":[{"href":"https:\/\/wordpress.nibis.de\/dps-hi\/index.php?rest_route=%2Fwp%2Fv2%2Fmedia&parent=279"}],"curies":[{"name":"wp","href":"https:\/\/api.w.org\/{rel}","templated":true}]}}

<p> </p>
<h3>Unsere Ziele im Schuljahr 2023/24</h3>
<p><b>Vorantreiben der Digitalisierung von Schulprozessen</b> mit Hilfe der edoop-Plattform.</p>
<p><b>Ausstattung</b> aller Klassenräume mit Interactive Whiteboards und Ausbau des WLAN-Netzes.</p>
<p><b>Überarbeitung</b> der Förderkonzepte, um eine individuelle Förderung aller Schulkinder im pädagogischen Blick zu haben.</p>
<p><b>Weitere Verzahnung</b> der Zusammenarbeit zwischen Grundschule und Förderschule Sprache.</p>


<h3>Unsere Ziele im Schuljahr 2020/21</h3>
<p><strong>Das</strong> Lernen von zuhause aus wird von den Lehrkräften eng begleitet und unterstützt. Der Einsatz digitaler Lernmedien als zusätzliches Angebot auf freiwilliger Basis wird ausgebaut.</p>
<p><strong>Die</strong> schulische Sozialarbeit unterstützt Familien bei Problemen durch den Schulausfall.</p>
<p><strong>Maßnahmen</strong> zur Einhaltung der Hygienebestimmungen werden erarbeitet und vor der schrittweisen Wiederaufnahme des Unterrichts in der Schule umgesetzt.</p>
<p><strong>Die</strong> Notbetreuung für Kinder aus Familien, deren Eltern in systemrelevanten Berufen arbeiten, wird gewährleistet und auf den Bedarf jeweils aktuell angepasst.</p>
<h3>Unsere Ziele im Schuljahr 2019/20</h3>
<p><strong>Das</strong> pädagogische und organisatorische Konzept für die Erweiterung des Ganztagsangebots im nächsten Schuljahr wird entwickelt. Die Ganztagsräume werden ausgebaut. Der Werkraum wird erneuert.</p>
<p><strong>Unsere</strong> Schulregeln werden überarbeitet. Ein Konzept zum Umgang mit Konflikten im schulischen Kontext wird erarbeitet und praktisch umgesetzt.</p>
<p><strong>Das</strong> Konzept der Förderschule Sprache wird überarbeitet.</p>
<p><strong>Der</strong> Messenger-Dienst schul.cloud wird auf freiwilliger Basis eingeführt.</p>
<p><strong>Präventive</strong> Angebote für den Bereich &#8222;Gefahren im Zuge der Digitalisierung&#8220;  finden für Schülerinnen/Schüler und für Eltern statt.</p>
<p><strong>Ein</strong> Weihnachtsbasar &#8222;Lichterzauber&#8220; findet erstmals statt.</p>
<p><strong>Der</strong> Innenhof wird neu gestaltet und in das Pausenangebot und in das Ganztagsangebot integriert.</p>
<p><strong>Die</strong> Zusammenarbeit mit den Stadtteileltern wird intensiviert.</p>
<h3>Unsere Ziele im Schuljahr 2018/19</h3>
<p><strong>Weitere</strong> schuleigene Arbeitspläne auf Grundlage der neuen Kerncurricula werden erarbeitet.</p>
<p><strong>Die</strong> Grundschule Achtum wird Außenstelle der Didrik-Pining-Schule. Beide Standorte arbeiten so eigenständig wie es die unterschiedlichen Gegebenheiten erfordern, arbeiten aber an einem Zusammenwachsen in besonderen Bereichen. Hierfür werden die organisatorischen und strukturellen Voraussetzungen geschaffen. Ausgewählte gemeinsame Veranstaltungen ermöglichen ein gegenseitiges Kennenlernen der Kinder.</p>
<p><strong>IServ</strong> als schulische Kommunikationsplattform wird eingerichtet.</p>
<p><strong>Die</strong> schulischen Abläufe und Formulare werden an die neuen Datenschutzrichtlinien angepasst.</p>
<p><strong>Wir</strong> feiern ein großes Schulfest.</p>
<p><strong>Der</strong> Fachbereich Mobilität wird aufgebaut. Ein ADAC-Fahrradparcours für die 3. Klassen beider Standorte wird erstmals durchgeführt.</p>
<h3 style="text-align: left"><span style="text-decoration: underline"><strong>Unsere Ziele zur Umsetzung des Leitbilds (2017/18)</strong></span></h3>
<p style="text-align: justify"><strong>Die </strong>sonderpädagogische Grundversorgung in der Grundschule wird neu organisiert und durch ein eng zusammenarbeitendes Team von Förderschullehrkräften und Grundschullehrkräften mit dem Ziel der bestmöglichen Förderung durchgeführt.</p>
<p style="text-align: justify"><strong>Die</strong> Grundversorgung der Grundschule soll möglichst durch FÖS-Lehrkräfte des gleichen Jahrgangs durchgeführt werden. Ende Februar 2018 erfolgt eine schulinterne Evaluation zur SGV.</p>
<p style="text-align: justify"><strong>Auf </strong>Grundlage der neuen Kerncurricula werden aktuelle schuleigene Arbeitspläne erarbeitet, bei denen sowohl das Fördern leistungsschwacher als auch das Fordern leistungsstarker SuS berücksichtigt werden. Die Sprachbildung als Aufgabe für alle Fächer findet dabei besondere Berücksichtigung.</p>
<p style="text-align: justify"><strong>Ein </strong>Pausenangebot mit verschiedenen niederschwelligen Beschäftigungs- und Aktionsangeboten wird erarbeitet.</p>
<p style="text-align: justify"><strong>Die </strong>vielfältigen bewährten Aktionen im und rund um den Unterricht finden auch im Schuljahr 2017/18 wieder statt.</p>
<p style="text-align: justify"><strong>Ein </strong>für die Didrik-Pining-Schule zugeschnittener konzeptioneller Leitfaden für den optimalen Einsatz von unseren iPads im Deutsch-, Mathematik- und Sachunterricht wird entwickelt, da hiermit zusätzlich ein individuelles und differenziertes Lernen durch Apps aus dem Bildungsbereich gefördert werden kann. (Mittelfristiges Ziel)</p>
<p style="text-align: justify"><strong>Um </strong>ein modernes vernetztes und kreatives Lehren und Lernen mit den iPads zu fördern, benötigt die Didrik-Pining-Schule digitale interaktive Whiteboards. So sollen auf jeder Etage 1-2 digitale Tafeln, die dann in das vorhandene W-LAN eingebunden werden, angebracht werden. Die vorhandenen Dokumentenkameras werden anschließend ebenfalls an die installierten Smartboards angeschlossen. (Mittelfristiges Ziel)</p>
<p style="text-align: justify"><strong>Ziele der Schulsozialarbeit: </strong>Das Elterncafe wird auch im Schuljahr 2017/2018 wie gewohnt jeden Freitag in der Eingangshalle der Schule stattfinden.</p>
<p style="text-align: justify"><strong>Da </strong>auch die bereits eingeführte Demokratieerziehung ein wesentlicher Bestandteil zur Förderung eines guten Schulklimas ist, werden die Schülerratssitzungen mit den Klassensprechern des 3.und 4.Jahrgangs wie gewohnt regelmäßig alle 4 Wochen stattfinden.</p>
<p style="text-align: justify"><strong>Wie </strong>auch im letzten Schuljahr, soll es wieder einen &#8222;Pippi Langstrumpf-Club &#8211; starke Mädchen&#8220; für den 1. und 2. Jahrgang geben. Für Jungen wird es erstmalig in diesem Schuljahr einen &#8222;coole Kerle- starke Jungen-Club„ geben. Dieses Angebot soll in der 5.Stunde (Betreuungszeit) stattfinden.</p>
<p style="text-align: justify"><strong>Die </strong>Zusammenarbeit mit dem Institut für systemisches Coaching &#8222;Teamwerk&#8220; soll fortgeführt werden.</p>
<p style="text-align: justify"><strong>Eine </strong>Evaluation zum Sozialklima in den Klassen/der Schule wird durchgeführt.</p>

<p>  Unsere Ziele im Schuljahr 2023/24 Vorantreiben der Digitalisierung von Schulprozessen mit Hilfe der edoop-Plattform. Ausstattung aller Klassenräume mit Interactive Whiteboards und Ausbau des WLAN-Netzes. Überarbeitung der Förderkonzepte, um eine individuelle Förderung aller Schulkinder im pädagogischen Blick zu haben. Weitere Verzahnung der Zusammenarbeit zwischen Grundschule und Förderschule Sprache. Unsere Ziele im Schuljahr 2020/21 Das Lernen &hellip; <a href="https://wordpress.nibis.de/dps-hi/?page_id=279" class="more-link">Weiterlesen <span class="screen-reader-text">Schulprogramm</span></a></p>
