{"id":3102,"date":"2023-05-11T14:25:49","date_gmt":"2023-05-11T12:25:49","guid":{"rendered":"https:\/\/wordpress.nibis.de\/dps-hi\/?page_id=3102"},"modified":"2023-07-19T12:22:02","modified_gmt":"2023-07-19T10:22:02","slug":"ausbildung-mediatorinnen","status":"publish","type":"page","link":"https:\/\/wordpress.nibis.de\/dps-hi\/?page_id=3102","title":{"rendered":"Ausbildung MediatorInnen"},"content":{"rendered":"\n<p>Ab 2022 wird Fr.Rohrsen jedes Schuljahr Kinder aus der 3. Jahrgangsstufe zu MediatorenInnen aus. Dabei erwerben die Sch\u00fclerInnen F\u00e4higkeiten und Fertigkeiten, die f\u00fcr die Streitschlichtung notwendig sind und sie dazu bef\u00e4higen, Konflikte zwischen Sch\u00fclerInnen der Schule selbstst\u00e4ndig zu kl\u00e4ren.<\/p>\n<p>Aktuell besuchen neun Kinder die Ausbildung.<\/p>\n<p>Die Ausbildung findet immer am Mittwoch in der 5. Stunde statt.<\/p>\n<p>Nach erfolgreich abgeschlossener Ausbildung nehmen die Kinder im 4. Schuljahr ihren \u201eDienst\u201c als StreitschlichterInnen in den Pausen auf.<\/p>\n<p>Das Projekt StreitschlichterInnen dient der Gewaltpr\u00e4vention und wirkt sich positiv auf unser Schulklima aus.<\/p>\n<p>\u00a0<\/p>\n","protected":false},"excerpt":{"rendered":"<p>Ab 2022 wird Fr.Rohrsen jedes Schuljahr Kinder aus der 3. Jahrgangsstufe zu MediatorenInnen aus. Dabei erwerben die Sch\u00fclerInnen F\u00e4higkeiten und Fertigkeiten, die f\u00fcr die Streitschlichtung notwendig sind und sie dazu bef\u00e4higen, Konflikte zwischen Sch\u00fclerInnen der Schule selbstst\u00e4ndig zu kl\u00e4ren. Aktuell besuchen neun Kinder die Ausbildung. Die Ausbildung findet immer am Mittwoch in der 5. Stunde &hellip; <a href=\"https:\/\/wordpress.nibis.de\/dps-hi\/?page_id=3102\" class=\"more-link\">Weiterlesen <span class=\"screen-reader-text\">Ausbildung MediatorInnen<\/span><\/a><\/p>\n","protected":false},"author":9192772,"featured_media":0,"parent":3075,"menu_order":2,"comment_status":"closed","ping_status":"closed","template":"","meta":{"footnotes":""},"class_list":["post-3102","page","type-page","status-publish","hentry","without-featured-image"],"_links":{"self":[{"href":"https:\/\/wordpress.nibis.de\/dps-hi\/index.php?rest_route=\/wp\/v2\/pages\/3102","targetHints":{"allow":["GET"]}}],"collection":[{"href":"https:\/\/wordpress.nibis.de\/dps-hi\/index.php?rest_route=\/wp\/v2\/pages"}],"about":[{"href":"https:\/\/wordpress.nibis.de\/dps-hi\/index.php?rest_route=\/wp\/v2\/types\/page"}],"author":[{"embeddable":true,"href":"https:\/\/wordpress.nibis.de\/dps-hi\/index.php?rest_route=\/wp\/v2\/users\/9192772"}],"replies":[{"embeddable":true,"href":"https:\/\/wordpress.nibis.de\/dps-hi\/index.php?rest_route=%2Fwp%2Fv2%2Fcomments&post=3102"}],"version-history":[{"count":3,"href":"https:\/\/wordpress.nibis.de\/dps-hi\/index.php?rest_route=\/wp\/v2\/pages\/3102\/revisions"}],"predecessor-version":[{"id":3158,"href":"https:\/\/wordpress.nibis.de\/dps-hi\/index.php?rest_route=\/wp\/v2\/pages\/3102\/revisions\/3158"}],"up":[{"embeddable":true,"href":"https:\/\/wordpress.nibis.de\/dps-hi\/index.php?rest_route=\/wp\/v2\/pages\/3075"}],"wp:attachment":[{"href":"https:\/\/wordpress.nibis.de\/dps-hi\/index.php?rest_route=%2Fwp%2Fv2%2Fmedia&parent=3102"}],"curies":[{"name":"wp","href":"https:\/\/api.w.org\/{rel}","templated":true}]}}