{"id":3174,"date":"2023-07-22T15:10:02","date_gmt":"2023-07-22T13:10:02","guid":{"rendered":"https:\/\/wordpress.nibis.de\/dps-hi\/?page_id=3174"},"modified":"2023-07-22T15:10:02","modified_gmt":"2023-07-22T13:10:02","slug":"ag-ernaehrung","status":"publish","type":"page","link":"https:\/\/wordpress.nibis.de\/dps-hi\/?page_id=3174","title":{"rendered":"AG Ern\u00e4hrung"},"content":{"rendered":"\n<blockquote>\n<p>Nach dem Nieders\u00e4chsischen Ministerium f\u00fcr Ern\u00e4hrung, Landwirtschaft und Verbraucherschutz, erreichen nur\u00a0etwas \u00fcber ein Drittel der M\u00e4dchen und gut ein Viertel der Jungen im Alter von sechs bis elf Jahren die n\u00f6tige Menge an Obst und Gem\u00fcse.\u00a0<\/p>\n<p>Mit der Teilnahme am EU-Schulprogramm wirken wir als Schule aktiv an dem Erreichen der empfohlenen Tagesdosis an Obst und Gem\u00fcse mit und f\u00f6rdern die Entwicklung gesunder Essgewohnheiten.<\/p>\n<\/blockquote>\n<p>Als p\u00e4dagogische Begleitma\u00dfnahme wird zum einen die AG Ern\u00e4hrung von Fr. Rohrsen (Schulische Sozialarbeiterin und Ern\u00e4hrungsberaterin) jedes Schulhalbjahr durchgef\u00fchrt.\u00a0<\/p>\n<p>Jeden Dienstag im Ganztag wird einer Sch\u00fclerInnengruppe Wissen \u00fcber Ern\u00e4hrung, Gesundheit, Zubereitung von Speisen und die Herkunft von Lebensmitteln vermittelt, sodass sie am Ende den Ern\u00e4hrungsf\u00fchrerschein bestehen k\u00f6nnen.\u00a0<\/p>\n<p>Zudem arbeiten die Kinder praktisch, in dem sie Salat zu bereiten, Marmelade und gesundes Eis selber herstellen, Omelett braten oder sogar Sushi zubereiten.\u00a0<\/p>\n<p>Hier ein paar Eindr\u00fccke aus der Ag Ern\u00e4hrung:<\/p>\n<p><img loading=\"lazy\" decoding=\"async\" class=\"alignleft size-medium wp-image-3185\" src=\"https:\/\/wordpress.nibis.de\/dps-hi\/files\/2023\/07\/1000011028-2-850x478.jpg\" alt=\"\" width=\"850\" height=\"478\" \/> <img loading=\"lazy\" decoding=\"async\" class=\"alignleft size-medium wp-image-3186\" src=\"https:\/\/wordpress.nibis.de\/dps-hi\/files\/2023\/07\/1000011353-850x478.jpg\" alt=\"\" width=\"850\" height=\"478\" srcset=\"https:\/\/wordpress.nibis.de\/dps-hi\/files\/2023\/07\/1000011353-850x478.jpg 850w, https:\/\/wordpress.nibis.de\/dps-hi\/files\/2023\/07\/1000011353-1200x675.jpg 1200w, https:\/\/wordpress.nibis.de\/dps-hi\/files\/2023\/07\/1000011353-250x141.jpg 250w\" sizes=\"auto, (max-width: 850px) 100vw, 850px\" \/> <img loading=\"lazy\" decoding=\"async\" class=\"alignnone size-medium wp-image-3178\" src=\"https:\/\/wordpress.nibis.de\/dps-hi\/files\/2023\/07\/1000011351-850x478.jpg\" alt=\"\" width=\"850\" height=\"478\" \/> <img loading=\"lazy\" decoding=\"async\" class=\"alignnone size-medium wp-image-3179\" src=\"https:\/\/wordpress.nibis.de\/dps-hi\/files\/2023\/07\/1000011355-850x478.jpg\" alt=\"\" width=\"850\" height=\"478\" \/> <img loading=\"lazy\" decoding=\"async\" class=\"alignnone size-medium wp-image-3180\" src=\"https:\/\/wordpress.nibis.de\/dps-hi\/files\/2023\/07\/1000011356-850x478.jpg\" alt=\"\" width=\"850\" height=\"478\" srcset=\"https:\/\/wordpress.nibis.de\/dps-hi\/files\/2023\/07\/1000011356-850x478.jpg 850w, https:\/\/wordpress.nibis.de\/dps-hi\/files\/2023\/07\/1000011356-1200x675.jpg 1200w, https:\/\/wordpress.nibis.de\/dps-hi\/files\/2023\/07\/1000011356-250x141.jpg 250w\" sizes=\"auto, (max-width: 850px) 100vw, 850px\" \/> <img loading=\"lazy\" decoding=\"async\" class=\"alignnone size-medium wp-image-3181\" src=\"https:\/\/wordpress.nibis.de\/dps-hi\/files\/2023\/07\/1000011697-850x478.jpg\" alt=\"\" width=\"850\" height=\"478\" srcset=\"https:\/\/wordpress.nibis.de\/dps-hi\/files\/2023\/07\/1000011697-850x478.jpg 850w, https:\/\/wordpress.nibis.de\/dps-hi\/files\/2023\/07\/1000011697-1200x675.jpg 1200w, https:\/\/wordpress.nibis.de\/dps-hi\/files\/2023\/07\/1000011697-250x141.jpg 250w\" sizes=\"auto, (max-width: 850px) 100vw, 850px\" \/> <img loading=\"lazy\" decoding=\"async\" class=\"alignnone size-medium wp-image-3182\" src=\"https:\/\/wordpress.nibis.de\/dps-hi\/files\/2023\/07\/1000012488-850x478.jpg\" alt=\"\" width=\"850\" height=\"478\" srcset=\"https:\/\/wordpress.nibis.de\/dps-hi\/files\/2023\/07\/1000012488-850x478.jpg 850w, https:\/\/wordpress.nibis.de\/dps-hi\/files\/2023\/07\/1000012488-1200x675.jpg 1200w, https:\/\/wordpress.nibis.de\/dps-hi\/files\/2023\/07\/1000012488-250x141.jpg 250w\" sizes=\"auto, (max-width: 850px) 100vw, 850px\" \/> <img loading=\"lazy\" decoding=\"async\" class=\"alignnone size-medium wp-image-3184\" src=\"https:\/\/wordpress.nibis.de\/dps-hi\/files\/2023\/07\/1000012492-850x478.jpg\" alt=\"\" width=\"850\" height=\"478\" \/><\/p>\n","protected":false},"excerpt":{"rendered":"<p>Nach dem Nieders\u00e4chsischen Ministerium f\u00fcr Ern\u00e4hrung, Landwirtschaft und Verbraucherschutz, erreichen nur\u00a0etwas \u00fcber ein Drittel der M\u00e4dchen und gut ein Viertel der Jungen im Alter von sechs bis elf Jahren die n\u00f6tige Menge an Obst und Gem\u00fcse.\u00a0 Mit der Teilnahme am EU-Schulprogramm wirken wir als Schule aktiv an dem Erreichen der empfohlenen Tagesdosis an Obst und &hellip; <a href=\"https:\/\/wordpress.nibis.de\/dps-hi\/?page_id=3174\" class=\"more-link\">Weiterlesen <span class=\"screen-reader-text\">AG Ern\u00e4hrung<\/span><\/a><\/p>\n","protected":false},"author":9192772,"featured_media":0,"parent":344,"menu_order":0,"comment_status":"closed","ping_status":"closed","template":"","meta":{"footnotes":""},"class_list":["post-3174","page","type-page","status-publish","hentry","without-featured-image"],"_links":{"self":[{"href":"https:\/\/wordpress.nibis.de\/dps-hi\/index.php?rest_route=\/wp\/v2\/pages\/3174","targetHints":{"allow":["GET"]}}],"collection":[{"href":"https:\/\/wordpress.nibis.de\/dps-hi\/index.php?rest_route=\/wp\/v2\/pages"}],"about":[{"href":"https:\/\/wordpress.nibis.de\/dps-hi\/index.php?rest_route=\/wp\/v2\/types\/page"}],"author":[{"embeddable":true,"href":"https:\/\/wordpress.nibis.de\/dps-hi\/index.php?rest_route=\/wp\/v2\/users\/9192772"}],"replies":[{"embeddable":true,"href":"https:\/\/wordpress.nibis.de\/dps-hi\/index.php?rest_route=%2Fwp%2Fv2%2Fcomments&post=3174"}],"version-history":[{"count":1,"href":"https:\/\/wordpress.nibis.de\/dps-hi\/index.php?rest_route=\/wp\/v2\/pages\/3174\/revisions"}],"predecessor-version":[{"id":3187,"href":"https:\/\/wordpress.nibis.de\/dps-hi\/index.php?rest_route=\/wp\/v2\/pages\/3174\/revisions\/3187"}],"up":[{"embeddable":true,"href":"https:\/\/wordpress.nibis.de\/dps-hi\/index.php?rest_route=\/wp\/v2\/pages\/344"}],"wp:attachment":[{"href":"https:\/\/wordpress.nibis.de\/dps-hi\/index.php?rest_route=%2Fwp%2Fv2%2Fmedia&parent=3174"}],"curies":[{"name":"wp","href":"https:\/\/api.w.org\/{rel}","templated":true}]}}