{"id":3190,"date":"2023-07-22T15:27:00","date_gmt":"2023-07-22T13:27:00","guid":{"rendered":"https:\/\/wordpress.nibis.de\/dps-hi\/?page_id=3190"},"modified":"2023-07-22T15:51:12","modified_gmt":"2023-07-22T13:51:12","slug":"schuelerinnenrat","status":"publish","type":"page","link":"https:\/\/wordpress.nibis.de\/dps-hi\/?page_id=3190","title":{"rendered":"Sch\u00fclerInnenrat"},"content":{"rendered":"\n\n\n<header class=\"entry-header\">\n<h1 class=\"entry-title\">\u00a0<\/h1>\n<\/header>\n<div class=\"entry-content\">\n<p>Unser Sch\u00fclerInnenrat trifft sich alle 4 bis 6 Wochen zu einer Versammlung. Die KlassensprecherInnen des 2., 3. und 4. Jahrgangs d\u00fcrfen hier \u00fcber alles mitentscheiden, was die ganze Schule betrifft und wobei sie mitreden und mitbestimmen wollen. Fr. Rohrsen (Schulsozialarbeiterin) begleitet die Kinder bei den Entscheidungsprozessen.<\/p>\n<div id=\"attachment_3191\" style=\"width: 860px\" class=\"wp-caption alignleft\"><img loading=\"lazy\" decoding=\"async\" aria-describedby=\"caption-attachment-3191\" class=\"size-medium wp-image-3191\" src=\"https:\/\/wordpress.nibis.de\/dps-hi\/files\/2023\/07\/PXL_20221222_161030813-850x478.jpg\" alt=\"\" width=\"850\" height=\"478\" srcset=\"https:\/\/wordpress.nibis.de\/dps-hi\/files\/2023\/07\/PXL_20221222_161030813-850x478.jpg 850w, https:\/\/wordpress.nibis.de\/dps-hi\/files\/2023\/07\/PXL_20221222_161030813-1200x675.jpg 1200w, https:\/\/wordpress.nibis.de\/dps-hi\/files\/2023\/07\/PXL_20221222_161030813-250x141.jpg 250w\" sizes=\"auto, (max-width: 850px) 100vw, 850px\" \/><p id=\"caption-attachment-3191\" class=\"wp-caption-text\">Im Raum der Schulsozialarbeit wird sich getroffen und ausgetauscht.<\/p><\/div>\n<p>\u00a0<\/p>\n<p>\u00a0<\/p>\n<p>\u00a0<\/p>\n<p>Die Kinder haben im Sch\u00fclerInnenrat ein Mitspracherecht im Bezug auf Ver\u00e4nderungen und Organisation der Schulgemeinschaft. Sie lernen dadurch Verantwortung zu \u00fcbernehmen. Hier werden erste demokratische Entscheidungsprozesse bewusst erlebt und gelebt.<\/p>\n<p>So haben die Sch\u00fclerInnnen z.B. eine Einflussnahme bei der Anschaffung neuer Pausenspiele.<\/p>\n<p>Au\u00dferdem beteiligt sich der Sch\u00fclerInnenrat aktiv bei Veranstaltungen, wie z. B bei dem\u00a0 \u201cStand der Schulen\u201d auf dem Weihnachtsmarkt durch den Verkauf von Keksen und gebasteltem Weihnachtsallerlei.<\/p>\n<p><img loading=\"lazy\" decoding=\"async\" class=\"alignleft size-medium wp-image-3192\" src=\"https:\/\/wordpress.nibis.de\/dps-hi\/files\/2023\/07\/PXL_20221208_142551833.MP_-850x478.jpg\" alt=\"\" width=\"850\" height=\"478\" srcset=\"https:\/\/wordpress.nibis.de\/dps-hi\/files\/2023\/07\/PXL_20221208_142551833.MP_-850x478.jpg 850w, https:\/\/wordpress.nibis.de\/dps-hi\/files\/2023\/07\/PXL_20221208_142551833.MP_-1200x675.jpg 1200w, https:\/\/wordpress.nibis.de\/dps-hi\/files\/2023\/07\/PXL_20221208_142551833.MP_-250x141.jpg 250w\" sizes=\"auto, (max-width: 850px) 100vw, 850px\" \/> <img loading=\"lazy\" decoding=\"async\" class=\"alignleft size-medium wp-image-3193\" src=\"https:\/\/wordpress.nibis.de\/dps-hi\/files\/2023\/07\/PXL_20221208_150014749.MP_-850x478.jpg\" alt=\"\" width=\"850\" height=\"478\" srcset=\"https:\/\/wordpress.nibis.de\/dps-hi\/files\/2023\/07\/PXL_20221208_150014749.MP_-850x478.jpg 850w, https:\/\/wordpress.nibis.de\/dps-hi\/files\/2023\/07\/PXL_20221208_150014749.MP_-1200x675.jpg 1200w, https:\/\/wordpress.nibis.de\/dps-hi\/files\/2023\/07\/PXL_20221208_150014749.MP_-250x141.jpg 250w\" sizes=\"auto, (max-width: 850px) 100vw, 850px\" \/><\/p>\n<p>\u00a0<\/p>\n<\/div>\n","protected":false},"excerpt":{"rendered":"<p>\u00a0 Unser Sch\u00fclerInnenrat trifft sich alle 4 bis 6 Wochen zu einer Versammlung. Die KlassensprecherInnen des 2., 3. und 4. Jahrgangs d\u00fcrfen hier \u00fcber alles mitentscheiden, was die ganze Schule betrifft und wobei sie mitreden und mitbestimmen wollen. Fr. Rohrsen (Schulsozialarbeiterin) begleitet die Kinder bei den Entscheidungsprozessen. \u00a0 \u00a0 \u00a0 Die Kinder haben im Sch\u00fclerInnenrat &hellip; <a href=\"https:\/\/wordpress.nibis.de\/dps-hi\/?page_id=3190\" class=\"more-link\">Weiterlesen <span class=\"screen-reader-text\">Sch\u00fclerInnenrat<\/span><\/a><\/p>\n","protected":false},"author":9192772,"featured_media":0,"parent":3075,"menu_order":-1,"comment_status":"closed","ping_status":"closed","template":"","meta":{"footnotes":""},"class_list":["post-3190","page","type-page","status-publish","hentry","without-featured-image"],"_links":{"self":[{"href":"https:\/\/wordpress.nibis.de\/dps-hi\/index.php?rest_route=\/wp\/v2\/pages\/3190","targetHints":{"allow":["GET"]}}],"collection":[{"href":"https:\/\/wordpress.nibis.de\/dps-hi\/index.php?rest_route=\/wp\/v2\/pages"}],"about":[{"href":"https:\/\/wordpress.nibis.de\/dps-hi\/index.php?rest_route=\/wp\/v2\/types\/page"}],"author":[{"embeddable":true,"href":"https:\/\/wordpress.nibis.de\/dps-hi\/index.php?rest_route=\/wp\/v2\/users\/9192772"}],"replies":[{"embeddable":true,"href":"https:\/\/wordpress.nibis.de\/dps-hi\/index.php?rest_route=%2Fwp%2Fv2%2Fcomments&post=3190"}],"version-history":[{"count":3,"href":"https:\/\/wordpress.nibis.de\/dps-hi\/index.php?rest_route=\/wp\/v2\/pages\/3190\/revisions"}],"predecessor-version":[{"id":3203,"href":"https:\/\/wordpress.nibis.de\/dps-hi\/index.php?rest_route=\/wp\/v2\/pages\/3190\/revisions\/3203"}],"up":[{"embeddable":true,"href":"https:\/\/wordpress.nibis.de\/dps-hi\/index.php?rest_route=\/wp\/v2\/pages\/3075"}],"wp:attachment":[{"href":"https:\/\/wordpress.nibis.de\/dps-hi\/index.php?rest_route=%2Fwp%2Fv2%2Fmedia&parent=3190"}],"curies":[{"name":"wp","href":"https:\/\/api.w.org\/{rel}","templated":true}]}}