{"id":3492,"date":"2025-04-03T16:10:55","date_gmt":"2025-04-03T14:10:55","guid":{"rendered":"https:\/\/wordpress.nibis.de\/dps-hi\/?page_id=3492"},"modified":"2025-04-03T16:10:55","modified_gmt":"2025-04-03T14:10:55","slug":"kinderkonferenz-hildesheim","status":"publish","type":"page","link":"https:\/\/wordpress.nibis.de\/dps-hi\/?page_id=3492","title":{"rendered":"Kinderkonferenz Hildesheim"},"content":{"rendered":"\n<p>Am 13.09.2024 fand die 1. Kinderkonferenz im Landkreis Hildesheim statt. Stellvertretend f\u00fcr die Didrik-Pining-Schule wurden im Sch\u00fclerparlament zwei KlassensprecherInnen gew\u00e4hlt. Die beiden Sch\u00fclerInnen durften mit weiteren circa 50 Sch\u00fclerInnen aus dem Landkreis tagen. Thematisch wurde der Schwerpunkt auf den Ausbau des Ganztages gelegt.\u00a0<\/p>\n<div id=\"attachment_3493\" style=\"width: 410px\" class=\"wp-caption aligncenter\"><img loading=\"lazy\" decoding=\"async\" aria-describedby=\"caption-attachment-3493\" class=\"wp-image-3493 size-full\" src=\"https:\/\/wordpress.nibis.de\/dps-hi\/files\/2025\/04\/54082482163_a750a4bc75_w.jpg\" alt=\"\" width=\"400\" height=\"267\" \/><p id=\"caption-attachment-3493\" class=\"wp-caption-text\">KlassensprecherInnen der Didrik-Pining-Schule auf der 1. Kinderkonferenz in Hildesheim<\/p><\/div>\n<p>Die Kinder haben gemeinsam Ideen gesammelt, diskutiert, sich ausgetauscht und am Ende Plakate gestaltet und vorgestellt.\u00a0<\/p>\n<p>Es war f\u00fcr alle Beteiligten ein aufregendes Erlebnis.\u00a0<\/p>\n<p><strong>Wir freuen uns schon auf die kommende Kinderkonferenz am 04. April 2025. \u00a0<\/strong><\/p>\n<p>\u00a0<\/p>\n","protected":false},"excerpt":{"rendered":"<p>Am 13.09.2024 fand die 1. Kinderkonferenz im Landkreis Hildesheim statt. Stellvertretend f\u00fcr die Didrik-Pining-Schule wurden im Sch\u00fclerparlament zwei KlassensprecherInnen gew\u00e4hlt. Die beiden Sch\u00fclerInnen durften mit weiteren circa 50 Sch\u00fclerInnen aus dem Landkreis tagen. Thematisch wurde der Schwerpunkt auf den Ausbau des Ganztages gelegt.\u00a0 Die Kinder haben gemeinsam Ideen gesammelt, diskutiert, sich ausgetauscht und am Ende &hellip; <a href=\"https:\/\/wordpress.nibis.de\/dps-hi\/?page_id=3492\" class=\"more-link\">Weiterlesen <span class=\"screen-reader-text\">Kinderkonferenz Hildesheim<\/span><\/a><\/p>\n","protected":false},"author":9192772,"featured_media":0,"parent":337,"menu_order":-1,"comment_status":"closed","ping_status":"closed","template":"","meta":{"footnotes":""},"class_list":["post-3492","page","type-page","status-publish","hentry","without-featured-image"],"_links":{"self":[{"href":"https:\/\/wordpress.nibis.de\/dps-hi\/index.php?rest_route=\/wp\/v2\/pages\/3492","targetHints":{"allow":["GET"]}}],"collection":[{"href":"https:\/\/wordpress.nibis.de\/dps-hi\/index.php?rest_route=\/wp\/v2\/pages"}],"about":[{"href":"https:\/\/wordpress.nibis.de\/dps-hi\/index.php?rest_route=\/wp\/v2\/types\/page"}],"author":[{"embeddable":true,"href":"https:\/\/wordpress.nibis.de\/dps-hi\/index.php?rest_route=\/wp\/v2\/users\/9192772"}],"replies":[{"embeddable":true,"href":"https:\/\/wordpress.nibis.de\/dps-hi\/index.php?rest_route=%2Fwp%2Fv2%2Fcomments&post=3492"}],"version-history":[{"count":1,"href":"https:\/\/wordpress.nibis.de\/dps-hi\/index.php?rest_route=\/wp\/v2\/pages\/3492\/revisions"}],"predecessor-version":[{"id":3495,"href":"https:\/\/wordpress.nibis.de\/dps-hi\/index.php?rest_route=\/wp\/v2\/pages\/3492\/revisions\/3495"}],"up":[{"embeddable":true,"href":"https:\/\/wordpress.nibis.de\/dps-hi\/index.php?rest_route=\/wp\/v2\/pages\/337"}],"wp:attachment":[{"href":"https:\/\/wordpress.nibis.de\/dps-hi\/index.php?rest_route=%2Fwp%2Fv2%2Fmedia&parent=3492"}],"curies":[{"name":"wp","href":"https:\/\/api.w.org\/{rel}","templated":true}]}}

<p>Am 13.09.2024 fand die 1. Kinderkonferenz im Landkreis Hildesheim statt. Stellvertretend für die Didrik-Pining-Schule wurden im Schülerparlament zwei KlassensprecherInnen gewählt. Die beiden SchülerInnen durften mit weiteren circa 50 SchülerInnen aus dem Landkreis tagen. Thematisch wurde der Schwerpunkt auf den Ausbau des Ganztages gelegt. </p>
<div id="attachment_3493" style="width: 410px" class="wp-caption aligncenter"><img loading="lazy" decoding="async" aria-describedby="caption-attachment-3493" class="wp-image-3493 size-full" src="https://wordpress.nibis.de/dps-hi/files/2025/04/54082482163_a750a4bc75_w.jpg" alt="" width="400" height="267" /><p id="caption-attachment-3493" class="wp-caption-text">KlassensprecherInnen der Didrik-Pining-Schule auf der 1. Kinderkonferenz in Hildesheim</p></div>
<p>Die Kinder haben gemeinsam Ideen gesammelt, diskutiert, sich ausgetauscht und am Ende Plakate gestaltet und vorgestellt. </p>
<p>Es war für alle Beteiligten ein aufregendes Erlebnis. </p>
<p><strong>Wir freuen uns schon auf die kommende Kinderkonferenz am 04. April 2025.  </strong></p>
<p> </p>

<p>Am 13.09.2024 fand die 1. Kinderkonferenz im Landkreis Hildesheim statt. Stellvertretend für die Didrik-Pining-Schule wurden im Schülerparlament zwei KlassensprecherInnen gewählt. Die beiden SchülerInnen durften mit weiteren circa 50 SchülerInnen aus dem Landkreis tagen. Thematisch wurde der Schwerpunkt auf den Ausbau des Ganztages gelegt.  Die Kinder haben gemeinsam Ideen gesammelt, diskutiert, sich ausgetauscht und am Ende &hellip; <a href="https://wordpress.nibis.de/dps-hi/?page_id=3492" class="more-link">Weiterlesen <span class="screen-reader-text">Kinderkonferenz Hildesheim</span></a></p>
