{"id":406,"date":"2018-12-09T01:24:56","date_gmt":"2018-12-09T00:24:56","guid":{"rendered":"http:\/\/wordpress.nibis.de\/dps-hi\/?page_id=406"},"modified":"2018-12-09T01:38:58","modified_gmt":"2018-12-09T00:38:58","slug":"arbeitsgemeinschaften","status":"publish","type":"page","link":"https:\/\/wordpress.nibis.de\/dps-hi\/?page_id=406","title":{"rendered":"Arbeitsgemeinschaften"},"content":{"rendered":"<p style=\"text-align: justify\">F\u00fcr die Jahrg\u00e4nge 3 und 4 der Didrik-Pining Schule werden montags und mittwochs im dritten Block Arbeitsgemeinschaften angeboten.<\/p>\n<p style=\"text-align: justify\">Diese Arbeitsgemeinschaften bieten Angebote aus verschiedenen Bereichen an:<\/p>\n<ul style=\"text-align: justify\">\n<li>K\u00fcnstlerisch-kreative Lernangebote<\/li>\n<li>Sportliche Lernangebote<\/li>\n<li>Hauswirtschaftliche Lernangebote<\/li>\n<li>Informationstechnische Lernangebote<\/li>\n<li>F\u00e4cher\u00fcbergreifende Lernangebote<\/li>\n<\/ul>\n<p style=\"text-align: justify\">Hier einige Beispiele:<\/p>\n<p style=\"text-align: justify\"><strong>Die Theater-AG in der 4. Klasse<\/strong><\/p>\n<p style=\"text-align: justify\">Mittlerweile ist es an der Didrik-Pining-Schule eine wertvolle und liebgewordene Tradition, dass im Fr\u00fchling der Vorhang in der Aula f\u00e4llt und Fr. Jandrei mit den Viertkl\u00e4ssler\/Innen, die im jeweiligen Schuljahr an der Theater-AG teilnehmen, eine unvergessliche Theatervorf\u00fchrung pr\u00e4sentieren. An zwei Vormittagen und einem Nachmittag gibt die Theater-AG f\u00fcnf Vorstellungen. Die Professionalit\u00e4t, mit der Kinder und Lehrkr\u00e4fte diese zeitintensiven Vorf\u00fchrungen meistern, ist bemerkenswert.<\/p>\n<p style=\"text-align: justify\">Die Auswahl des St\u00fcckes, der Kost\u00fcme und der Musik sowie die eindrucksvolle Inszenierung und die schauspielerische Umsetzung bereicherten das Schulleben der Didrik-Pining-Schule sehr. Vielen Dank f\u00fcr die arbeits- und zeitintensive Vorbereitung an Fr. Jandrei und die Kinder der Theater-AG!<\/p>\n<p style=\"text-align: justify\"><strong>\u00a0<\/strong><\/p>\n<p style=\"text-align: justify\"><strong>Fu\u00dfball:<\/strong><\/p>\n<p style=\"text-align: justify\">Herr Semmler leitet die <strong>AG Fu\u00dfball<\/strong>. Bei gutem Wetter findet die AG auf unserem Sportplatz statt. Bei schlechtem Wetter hingegen findet die AG in der Sporthalle statt.<\/p>\n<p style=\"text-align: justify\">Hier lernt man wie ein Profi zu spielen. Die Kinder haben schon viel ge\u00fcbt: Dribbeln zu zweit, in der Gruppe und im Mannschaftsspiel; den Ball zupassen; Torschuss; verschiedene Trainingsaufgaben; kleine Spielturniere und Aufgaben zu Koordination, Geschicklichkeit und Schnelligkeit. Es finden regelm\u00e4\u00dfig Turniere gegen andere Schulen statt.<\/p>\n","protected":false},"excerpt":{"rendered":"<p>F\u00fcr die Jahrg\u00e4nge 3 und 4 der Didrik-Pining Schule werden montags und mittwochs im dritten Block Arbeitsgemeinschaften angeboten. Diese Arbeitsgemeinschaften bieten Angebote aus verschiedenen Bereichen an: K\u00fcnstlerisch-kreative Lernangebote Sportliche Lernangebote Hauswirtschaftliche Lernangebote Informationstechnische Lernangebote F\u00e4cher\u00fcbergreifende Lernangebote Hier einige Beispiele: Die Theater-AG in der 4. Klasse Mittlerweile ist es an der Didrik-Pining-Schule eine wertvolle und liebgewordene &hellip; <a href=\"https:\/\/wordpress.nibis.de\/dps-hi\/?page_id=406\" class=\"more-link\">Weiterlesen <span class=\"screen-reader-text\">Arbeitsgemeinschaften<\/span><\/a><\/p>\n","protected":false},"author":9192772,"featured_media":0,"parent":107,"menu_order":1,"comment_status":"closed","ping_status":"closed","template":"full-width-page.php","meta":{"footnotes":""},"class_list":["post-406","page","type-page","status-publish","hentry","without-featured-image"],"_links":{"self":[{"href":"https:\/\/wordpress.nibis.de\/dps-hi\/index.php?rest_route=\/wp\/v2\/pages\/406","targetHints":{"allow":["GET"]}}],"collection":[{"href":"https:\/\/wordpress.nibis.de\/dps-hi\/index.php?rest_route=\/wp\/v2\/pages"}],"about":[{"href":"https:\/\/wordpress.nibis.de\/dps-hi\/index.php?rest_route=\/wp\/v2\/types\/page"}],"author":[{"embeddable":true,"href":"https:\/\/wordpress.nibis.de\/dps-hi\/index.php?rest_route=\/wp\/v2\/users\/9192772"}],"replies":[{"embeddable":true,"href":"https:\/\/wordpress.nibis.de\/dps-hi\/index.php?rest_route=%2Fwp%2Fv2%2Fcomments&post=406"}],"version-history":[{"count":4,"href":"https:\/\/wordpress.nibis.de\/dps-hi\/index.php?rest_route=\/wp\/v2\/pages\/406\/revisions"}],"predecessor-version":[{"id":418,"href":"https:\/\/wordpress.nibis.de\/dps-hi\/index.php?rest_route=\/wp\/v2\/pages\/406\/revisions\/418"}],"up":[{"embeddable":true,"href":"https:\/\/wordpress.nibis.de\/dps-hi\/index.php?rest_route=\/wp\/v2\/pages\/107"}],"wp:attachment":[{"href":"https:\/\/wordpress.nibis.de\/dps-hi\/index.php?rest_route=%2Fwp%2Fv2%2Fmedia&parent=406"}],"curies":[{"name":"wp","href":"https:\/\/api.w.org\/{rel}","templated":true}]}}