{"id":457,"date":"2018-12-09T02:16:25","date_gmt":"2018-12-09T01:16:25","guid":{"rendered":"http:\/\/wordpress.nibis.de\/dps-hi\/?page_id=457"},"modified":"2018-12-09T02:16:25","modified_gmt":"2018-12-09T01:16:25","slug":"die-oase","status":"publish","type":"page","link":"https:\/\/wordpress.nibis.de\/dps-hi\/?page_id=457","title":{"rendered":"\u201eDie Oase\u201c"},"content":{"rendered":"<p style=\"text-align: justify\">Die Didrik-Pining-Schule verf\u00fcgt au\u00dferdem \u00fcber einen Psychomotorikraum \u201eOase\u201c. Dies ist ein Raum, der zur Entspannung und f\u00fcr kleine Bewegungseinheiten genutzt werden kann.<\/p>\n","protected":false},"excerpt":{"rendered":"<p>Die Didrik-Pining-Schule verf\u00fcgt au\u00dferdem \u00fcber einen Psychomotorikraum \u201eOase\u201c. Dies ist ein Raum, der zur Entspannung und f\u00fcr kleine Bewegungseinheiten genutzt werden kann.<\/p>\n","protected":false},"author":9192772,"featured_media":0,"parent":107,"menu_order":15,"comment_status":"closed","ping_status":"closed","template":"","meta":{"footnotes":""},"class_list":["post-457","page","type-page","status-publish","hentry","without-featured-image"],"_links":{"self":[{"href":"https:\/\/wordpress.nibis.de\/dps-hi\/index.php?rest_route=\/wp\/v2\/pages\/457","targetHints":{"allow":["GET"]}}],"collection":[{"href":"https:\/\/wordpress.nibis.de\/dps-hi\/index.php?rest_route=\/wp\/v2\/pages"}],"about":[{"href":"https:\/\/wordpress.nibis.de\/dps-hi\/index.php?rest_route=\/wp\/v2\/types\/page"}],"author":[{"embeddable":true,"href":"https:\/\/wordpress.nibis.de\/dps-hi\/index.php?rest_route=\/wp\/v2\/users\/9192772"}],"replies":[{"embeddable":true,"href":"https:\/\/wordpress.nibis.de\/dps-hi\/index.php?rest_route=%2Fwp%2Fv2%2Fcomments&post=457"}],"version-history":[{"count":1,"href":"https:\/\/wordpress.nibis.de\/dps-hi\/index.php?rest_route=\/wp\/v2\/pages\/457\/revisions"}],"predecessor-version":[{"id":458,"href":"https:\/\/wordpress.nibis.de\/dps-hi\/index.php?rest_route=\/wp\/v2\/pages\/457\/revisions\/458"}],"up":[{"embeddable":true,"href":"https:\/\/wordpress.nibis.de\/dps-hi\/index.php?rest_route=\/wp\/v2\/pages\/107"}],"wp:attachment":[{"href":"https:\/\/wordpress.nibis.de\/dps-hi\/index.php?rest_route=%2Fwp%2Fv2%2Fmedia&parent=457"}],"curies":[{"name":"wp","href":"https:\/\/api.w.org\/{rel}","templated":true}]}}