{"id":27,"date":"2025-04-18T08:06:48","date_gmt":"2025-04-18T06:06:48","guid":{"rendered":"https:\/\/wordpress.nibis.de\/du-bbs\/?page_id=27"},"modified":"2025-04-18T08:06:48","modified_gmt":"2025-04-18T06:06:48","slug":"welche-ansprueche-ergeben-sich-an-die-teilnehmenden-im-distanzunterricht","status":"publish","type":"page","link":"https:\/\/wordpress.nibis.de\/du-bbs\/welche-ansprueche-ergeben-sich-an-die-teilnehmenden-im-distanzunterricht\/","title":{"rendered":"Welche Anspr\u00fcche ergeben sich an die Teilnehmenden im Distanzunterricht?"},"content":{"rendered":"\n<p>Ein handlungsorientierter Distanzunterricht erfordert in besonderem Ma\u00dfe eine Lehrkraft in der&nbsp;<strong>Rolle der Lernbegleitung<\/strong>, als organisierende, moderierende und empathisch handelnde Lehr- und Bezugsperson.<\/p>\n\n\n\n<p>Im Distanzunterricht soll integrativ die&nbsp;<strong>Personale Kompetenz<\/strong>&nbsp;gef\u00f6rdert und weiterentwickelt werden. Distanzunterricht soll nicht dazu f\u00fchren, dass die Sch\u00fclerinnen und Sch\u00fcler isoliert vor dem Computer sitzen; hier soll ebenso gemeinsam gelernt und gearbeitet werden wie im klassischen Pr\u00e4senzunterricht. Die Realisierung dieser anspruchsvollen Anforderung ist Aufgabe der Lehrkraft und erfordert eine auf den Distanzunterricht angepasste Methodik. Es k\u00f6nnen Handlungsempfehlungen zum kooperativen Lernen kommuniziert werden, Gruppen- und Partnerarbeiten sind in Breakoutr\u00e4umen m\u00f6glich, diese k\u00f6nnen und sollten auch f\u00fcr kurze Sequenzen im Unterricht genutzt werden. Interaktive Techniken zur Kollaboration und die regelm\u00e4\u00dfige Reflexion sozialer Interaktion (z. B. \u00fcber Lernmanagementsysteme, Lernplattformen) st\u00e4rken das kooperative Lernen.<\/p>\n\n\n\n<p>Zur&nbsp;<strong>Teilhabe aller<\/strong>&nbsp;am Distanzunterricht ist als erster Schritt eine schnelle Identifizierung von Sch\u00fclerinnen und Sch\u00fcler notwendig, die Defizite hinsichtlich der Bedienung (Fachkompetenz) von digitalen Medien sowie des Verhaltens (Personale Kompetenz) in digitalen R\u00e4umen aufweisen. Eine Versorgung mit und eine Einweisung in geeignete Endger\u00e4te ist nach M\u00f6glichkeit vor der ersten Durchf\u00fchrung von Distanzunterricht sicherzustellen, z. B. in Einf\u00fchrungswochen zu Beginn des Schuljahres. F\u00fcr eine erfolgreiche digitale Teilhabe sind Endger\u00e4te erforderlich, die die Anforderungen f\u00fcr eine Teilnahme an jedem Unterricht erf\u00fcllen. Ggf. k\u00f6nnen schulische Ger\u00e4te (aus dem Digitalpakt oder geplanten Nachfolgevorhaben) verliehen werden. Infrastrukturprobleme (z. B. geringe Bandbreite des Internetzugangs) einzelner Sch\u00fclerinnen und Sch\u00fcler m\u00fcssen ber\u00fccksichtigt werden und ggf. innerschulische R\u00e4ume etc. bereitgestellt werden.<\/p>\n\n\n\n<p>Ein&nbsp;<strong>Tandemkonzept<\/strong>, bei dem digital affine Sch\u00fclerinnen und Sch\u00fcler mit einer Patenschaft andere Sch\u00fclerinnen und Sch\u00fcler unterst\u00fctzen, hat sich als ein empfehlenswertes Konzept zur F\u00f6rderung der sozialen Interaktion und zur digitalen Teilhabe aller herausgestellt.<\/p>\n\n\n\n<p>F\u00fcr&nbsp;<strong>Ausbildungsbetriebe<\/strong>&nbsp;liegt der Fokus auf dem Kompetenzerwerb der Sch\u00fclerinnen und Sch\u00fcler im Distanzunterricht hinsichtlich<\/p>\n\n\n\n<ul class=\"wp-block-list\"><li>des Erwerbs der Fachkompetenz f\u00fcr die Bew\u00e4ltigung der t\u00e4glichen Berufsanforderungen im Ausbildungsbetrieb sowie des Erreichens des Ausbildungsziels,<\/li><li>der Entwicklung personaler Kompetenz f\u00fcr die zielgerichtete Bew\u00e4ltigung der t\u00e4glichen Berufsanforderungen im Ausbildungsbetrieb und der Berufswelt und<\/li><li>der Motivation zur Aus\u00fcbung des angestrebten Berufs.<\/li><\/ul>\n\n\n\n<p>Wird die Infrastruktur der Betriebe durch die Auszubildenden genutzt, ist dies mit den Betrieben abzustimmen und es sind Vereinbarungen zu treffen, z. B. ob eine Beaufsichtigung durch Ausbildende gew\u00fcnscht ist oder erm\u00f6glicht werden kann.<br>Die Freistellung f\u00fcr die Berufsschultage ist seitens der Betriebe sicherzustellen.<\/p>\n","protected":false},"excerpt":{"rendered":"<p>Ein handlungsorientierter Distanzunterricht erfordert in besonderem Ma\u00dfe eine Lehrkraft in der&nbsp;Rolle der Lernbegleitung, als organisierende, moderierende und empathisch handelnde Lehr- und Bezugsperson. Im Distanzunterricht soll integrativ die&nbsp;Personale Kompetenz&nbsp;gef\u00f6rdert und weiterentwickelt werden. Distanzunterricht soll nicht dazu f\u00fchren, dass die Sch\u00fclerinnen und Sch\u00fcler isoliert vor dem Computer sitzen; hier soll ebenso gemeinsam gelernt und gearbeitet werden wie &hellip; <a href=\"https:\/\/wordpress.nibis.de\/du-bbs\/welche-ansprueche-ergeben-sich-an-die-teilnehmenden-im-distanzunterricht\/\" class=\"more-link\"><span class=\"screen-reader-text\">Welche Anspr\u00fcche ergeben sich an die Teilnehmenden im Distanzunterricht?<\/span> weiterlesen <span class=\"meta-nav\">&rarr;<\/span><\/a><\/p>\n","protected":false},"author":9194395,"featured_media":0,"parent":0,"menu_order":0,"comment_status":"closed","ping_status":"closed","template":"","meta":{"footnotes":""},"class_list":["post-27","page","type-page","status-publish","hentry"],"_links":{"self":[{"href":"https:\/\/wordpress.nibis.de\/du-bbs\/wp-json\/wp\/v2\/pages\/27","targetHints":{"allow":["GET"]}}],"collection":[{"href":"https:\/\/wordpress.nibis.de\/du-bbs\/wp-json\/wp\/v2\/pages"}],"about":[{"href":"https:\/\/wordpress.nibis.de\/du-bbs\/wp-json\/wp\/v2\/types\/page"}],"author":[{"embeddable":true,"href":"https:\/\/wordpress.nibis.de\/du-bbs\/wp-json\/wp\/v2\/users\/9194395"}],"replies":[{"embeddable":true,"href":"https:\/\/wordpress.nibis.de\/du-bbs\/wp-json\/wp\/v2\/comments?post=27"}],"version-history":[{"count":1,"href":"https:\/\/wordpress.nibis.de\/du-bbs\/wp-json\/wp\/v2\/pages\/27\/revisions"}],"predecessor-version":[{"id":28,"href":"https:\/\/wordpress.nibis.de\/du-bbs\/wp-json\/wp\/v2\/pages\/27\/revisions\/28"}],"wp:attachment":[{"href":"https:\/\/wordpress.nibis.de\/du-bbs\/wp-json\/wp\/v2\/media?parent=27"}],"curies":[{"name":"wp","href":"https:\/\/api.w.org\/{rel}","templated":true}]}}

Welche Ansprüche ergeben sich an die Teilnehmenden im Distanzunterricht?

<p>Ein handlungsorientierter Distanzunterricht erfordert in besonderem Maße eine Lehrkraft in der&nbsp;<strong>Rolle der Lernbegleitung</strong>, als organisierende, moderierende und empathisch handelnde Lehr- und Bezugsperson.</p>



<p>Im Distanzunterricht soll integrativ die&nbsp;<strong>Personale Kompetenz</strong>&nbsp;gefördert und weiterentwickelt werden. Distanzunterricht soll nicht dazu führen, dass die Schülerinnen und Schüler isoliert vor dem Computer sitzen; hier soll ebenso gemeinsam gelernt und gearbeitet werden wie im klassischen Präsenzunterricht. Die Realisierung dieser anspruchsvollen Anforderung ist Aufgabe der Lehrkraft und erfordert eine auf den Distanzunterricht angepasste Methodik. Es können Handlungsempfehlungen zum kooperativen Lernen kommuniziert werden, Gruppen- und Partnerarbeiten sind in Breakouträumen möglich, diese können und sollten auch für kurze Sequenzen im Unterricht genutzt werden. Interaktive Techniken zur Kollaboration und die regelmäßige Reflexion sozialer Interaktion (z. B. über Lernmanagementsysteme, Lernplattformen) stärken das kooperative Lernen.</p>



<p>Zur&nbsp;<strong>Teilhabe aller</strong>&nbsp;am Distanzunterricht ist als erster Schritt eine schnelle Identifizierung von Schülerinnen und Schüler notwendig, die Defizite hinsichtlich der Bedienung (Fachkompetenz) von digitalen Medien sowie des Verhaltens (Personale Kompetenz) in digitalen Räumen aufweisen. Eine Versorgung mit und eine Einweisung in geeignete Endgeräte ist nach Möglichkeit vor der ersten Durchführung von Distanzunterricht sicherzustellen, z. B. in Einführungswochen zu Beginn des Schuljahres. Für eine erfolgreiche digitale Teilhabe sind Endgeräte erforderlich, die die Anforderungen für eine Teilnahme an jedem Unterricht erfüllen. Ggf. können schulische Geräte (aus dem Digitalpakt oder geplanten Nachfolgevorhaben) verliehen werden. Infrastrukturprobleme (z. B. geringe Bandbreite des Internetzugangs) einzelner Schülerinnen und Schüler müssen berücksichtigt werden und ggf. innerschulische Räume etc. bereitgestellt werden.</p>



<p>Ein&nbsp;<strong>Tandemkonzept</strong>, bei dem digital affine Schülerinnen und Schüler mit einer Patenschaft andere Schülerinnen und Schüler unterstützen, hat sich als ein empfehlenswertes Konzept zur Förderung der sozialen Interaktion und zur digitalen Teilhabe aller herausgestellt.</p>



<p>Für&nbsp;<strong>Ausbildungsbetriebe</strong>&nbsp;liegt der Fokus auf dem Kompetenzerwerb der Schülerinnen und Schüler im Distanzunterricht hinsichtlich</p>



<ul class="wp-block-list"><li>des Erwerbs der Fachkompetenz für die Bewältigung der täglichen Berufsanforderungen im Ausbildungsbetrieb sowie des Erreichens des Ausbildungsziels,</li><li>der Entwicklung personaler Kompetenz für die zielgerichtete Bewältigung der täglichen Berufsanforderungen im Ausbildungsbetrieb und der Berufswelt und</li><li>der Motivation zur Ausübung des angestrebten Berufs.</li></ul>



<p>Wird die Infrastruktur der Betriebe durch die Auszubildenden genutzt, ist dies mit den Betrieben abzustimmen und es sind Vereinbarungen zu treffen, z. B. ob eine Beaufsichtigung durch Ausbildende gewünscht ist oder ermöglicht werden kann.<br>Die Freistellung für die Berufsschultage ist seitens der Betriebe sicherzustellen.</p>

<p>Ein handlungsorientierter Distanzunterricht erfordert in besonderem Maße eine Lehrkraft in der&nbsp;Rolle der Lernbegleitung, als organisierende, moderierende und empathisch handelnde Lehr- und Bezugsperson. Im Distanzunterricht soll integrativ die&nbsp;Personale Kompetenz&nbsp;gefördert und weiterentwickelt werden. Distanzunterricht soll nicht dazu führen, dass die Schülerinnen und Schüler isoliert vor dem Computer sitzen; hier soll ebenso gemeinsam gelernt und gearbeitet werden wie &hellip; <a href="https://wordpress.nibis.de/du-bbs/welche-ansprueche-ergeben-sich-an-die-teilnehmenden-im-distanzunterricht/" class="more-link"><span class="screen-reader-text">Welche Ansprüche ergeben sich an die Teilnehmenden im Distanzunterricht?</span> weiterlesen <span class="meta-nav">&rarr;</span></a></p>
