{"id":121,"date":"2025-09-12T12:04:51","date_gmt":"2025-09-12T10:04:51","guid":{"rendered":"https:\/\/wordpress.nibis.de\/foerderschule-ammerland\/?page_id=121"},"modified":"2025-09-19T12:11:54","modified_gmt":"2025-09-19T10:11:54","slug":"mofa-ag","status":"publish","type":"page","link":"https:\/\/wordpress.nibis.de\/foerderschule-ammerland\/mofa-ag\/","title":{"rendered":"Mofa-AG (Herr M\u00f6dden)"},"content":{"rendered":"\n<p><\/p>\n\n\n\n<p>Wir haben uns verschiedene Fragen \u00fcberlegt und sind zu einzelne AGs gegangen, um mehr dr\u00fcber zu erfahren. In der Mofa-AG z.b: wird der Mofa F\u00fchrerschein gemacht, und die Teilnehmer besch\u00e4ftigen sich intensiv mit den Verkehrsregeln. Dabei haben wir herausgefunden, dass es f\u00fcr eine erfolgreiche Pr\u00fcfung etwa 4 Monate Vorbereitungszeit ben\u00f6tigt. Au\u00dferdem gibt es die AG bereits seit 7 Jahren.<\/p>\n\n\n\n<p><\/p>\n\n\n\n<p><\/p>\n","protected":false},"excerpt":{"rendered":"<p>Wir haben uns verschiedene Fragen \u00fcberlegt und sind zu einzelne AGs gegangen, um mehr dr\u00fcber zu erfahren. In der Mofa-AG z.b: wird der Mofa F\u00fchrerschein gemacht, und die Teilnehmer besch\u00e4ftigen sich intensiv mit den Verkehrsregeln. Dabei haben wir herausgefunden, dass es f\u00fcr eine erfolgreiche Pr\u00fcfung etwa 4 Monate Vorbereitungszeit ben\u00f6tigt. Au\u00dferdem gibt es die AG [&hellip;]<\/p>\n","protected":false},"author":9192954,"featured_media":0,"parent":0,"menu_order":0,"comment_status":"closed","ping_status":"closed","template":"","meta":{"footnotes":""},"class_list":["post-121","page","type-page","status-publish","hentry"],"_links":{"self":[{"href":"https:\/\/wordpress.nibis.de\/foerderschule-ammerland\/wp-json\/wp\/v2\/pages\/121","targetHints":{"allow":["GET"]}}],"collection":[{"href":"https:\/\/wordpress.nibis.de\/foerderschule-ammerland\/wp-json\/wp\/v2\/pages"}],"about":[{"href":"https:\/\/wordpress.nibis.de\/foerderschule-ammerland\/wp-json\/wp\/v2\/types\/page"}],"author":[{"embeddable":true,"href":"https:\/\/wordpress.nibis.de\/foerderschule-ammerland\/wp-json\/wp\/v2\/users\/9192954"}],"replies":[{"embeddable":true,"href":"https:\/\/wordpress.nibis.de\/foerderschule-ammerland\/wp-json\/wp\/v2\/comments?post=121"}],"version-history":[{"count":3,"href":"https:\/\/wordpress.nibis.de\/foerderschule-ammerland\/wp-json\/wp\/v2\/pages\/121\/revisions"}],"predecessor-version":[{"id":221,"href":"https:\/\/wordpress.nibis.de\/foerderschule-ammerland\/wp-json\/wp\/v2\/pages\/121\/revisions\/221"}],"wp:attachment":[{"href":"https:\/\/wordpress.nibis.de\/foerderschule-ammerland\/wp-json\/wp\/v2\/media?parent=121"}],"curies":[{"name":"wp","href":"https:\/\/api.w.org\/{rel}","templated":true}]}}

Mofa-AG (Herr Mödden)

<p></p>



<p>Wir haben uns verschiedene Fragen überlegt und sind zu einzelne AGs gegangen, um mehr drüber zu erfahren. In der Mofa-AG z.b: wird der Mofa Führerschein gemacht, und die Teilnehmer beschäftigen sich intensiv mit den Verkehrsregeln. Dabei haben wir herausgefunden, dass es für eine erfolgreiche Prüfung etwa 4 Monate Vorbereitungszeit benötigt. Außerdem gibt es die AG bereits seit 7 Jahren.</p>



<p></p>



<p></p>

<p>Wir haben uns verschiedene Fragen überlegt und sind zu einzelne AGs gegangen, um mehr drüber zu erfahren. In der Mofa-AG z.b: wird der Mofa Führerschein gemacht, und die Teilnehmer beschäftigen sich intensiv mit den Verkehrsregeln. Dabei haben wir herausgefunden, dass es für eine erfolgreiche Prüfung etwa 4 Monate Vorbereitungszeit benötigt. Außerdem gibt es die AG [&hellip;]</p>
