{"id":137,"date":"2025-09-05T12:59:48","date_gmt":"2025-09-05T10:59:48","guid":{"rendered":"https:\/\/wordpress.nibis.de\/foerderschule-ammerland\/?page_id=137"},"modified":"2026-01-23T13:09:02","modified_gmt":"2026-01-23T12:09:02","slug":"cafe-am-teich","status":"publish","type":"page","link":"https:\/\/wordpress.nibis.de\/foerderschule-ammerland\/cafe-am-teich\/","title":{"rendered":"Caf\u00e9 am Teich (Frau Sch\u00fc\u00fcrmann)"},"content":{"rendered":"\n<p><strong>Hey und willkommen im Caf\u00e9 am Teich<\/strong><br>von der Schule Am Vo\u00dfbarg!<\/p>\n\n\n\n<p>Unser Caf\u00e9 liegt direkt am Teich bei unserer Schule und ist richtig chillig. Hier gibt\u2019s leckere Snacks, coole Drinks und manchmal auch selbstgemachte Sachen, die wir Sch\u00fcler*innen selber machen. Alles in entspannter Atmosph\u00e4re \u2013 perfekt, um einfach mal abzuschalten.<\/p>\n\n\n\n<p>Das Caf\u00e9 ist nicht nur zum Essen da, sondern auch ein Ort, wo man Freunde treffen, quatschen oder einfach mal eine Pause vom Schulstress machen kann.<\/p>\n\n\n\n<p>Wir freuen uns \u00fcber jeden, der vorbeischaut \u2013 egal ob zum Snacken, Reden oder einfach nur zum Dasein. Hier bist du immer willkommen!<\/p>\n\n\n\n<figure class=\"wp-block-image size-large is-resized\"><img loading=\"lazy\" decoding=\"async\" width=\"1200\" height=\"675\" src=\"https:\/\/wordpress.nibis.de\/foerderschule-ammerland\/files\/2026\/01\/IMG_0134-1200x675.jpeg\" alt=\"\" class=\"wp-image-462\" style=\"width:523px;height:auto\" srcset=\"https:\/\/wordpress.nibis.de\/foerderschule-ammerland\/files\/2026\/01\/IMG_0134-1200x675.jpeg 1200w, https:\/\/wordpress.nibis.de\/foerderschule-ammerland\/files\/2026\/01\/IMG_0134-850x478.jpeg 850w, https:\/\/wordpress.nibis.de\/foerderschule-ammerland\/files\/2026\/01\/IMG_0134-250x141.jpeg 250w\" sizes=\"auto, (max-width: 1200px) 100vw, 1200px\" \/><\/figure>\n","protected":false},"excerpt":{"rendered":"<p>Hey und willkommen im Caf\u00e9 am Teichvon der Schule Am Vo\u00dfbarg! Unser Caf\u00e9 liegt direkt am Teich bei unserer Schule und ist richtig chillig. Hier gibt\u2019s leckere Snacks, coole Drinks und manchmal auch selbstgemachte Sachen, die wir Sch\u00fcler*innen selber machen. Alles in entspannter Atmosph\u00e4re \u2013 perfekt, um einfach mal abzuschalten. Das Caf\u00e9 ist nicht nur [&hellip;]<\/p>\n","protected":false},"author":9192954,"featured_media":0,"parent":0,"menu_order":0,"comment_status":"closed","ping_status":"closed","template":"","meta":{"footnotes":""},"class_list":["post-137","page","type-page","status-publish","hentry"],"_links":{"self":[{"href":"https:\/\/wordpress.nibis.de\/foerderschule-ammerland\/wp-json\/wp\/v2\/pages\/137","targetHints":{"allow":["GET"]}}],"collection":[{"href":"https:\/\/wordpress.nibis.de\/foerderschule-ammerland\/wp-json\/wp\/v2\/pages"}],"about":[{"href":"https:\/\/wordpress.nibis.de\/foerderschule-ammerland\/wp-json\/wp\/v2\/types\/page"}],"author":[{"embeddable":true,"href":"https:\/\/wordpress.nibis.de\/foerderschule-ammerland\/wp-json\/wp\/v2\/users\/9192954"}],"replies":[{"embeddable":true,"href":"https:\/\/wordpress.nibis.de\/foerderschule-ammerland\/wp-json\/wp\/v2\/comments?post=137"}],"version-history":[{"count":5,"href":"https:\/\/wordpress.nibis.de\/foerderschule-ammerland\/wp-json\/wp\/v2\/pages\/137\/revisions"}],"predecessor-version":[{"id":468,"href":"https:\/\/wordpress.nibis.de\/foerderschule-ammerland\/wp-json\/wp\/v2\/pages\/137\/revisions\/468"}],"wp:attachment":[{"href":"https:\/\/wordpress.nibis.de\/foerderschule-ammerland\/wp-json\/wp\/v2\/media?parent=137"}],"curies":[{"name":"wp","href":"https:\/\/api.w.org\/{rel}","templated":true}]}}

Café am Teich (Frau Schüürmann)

<p><strong>Hey und willkommen im Café am Teich</strong><br>von der Schule Am Voßbarg!</p>



<p>Unser Café liegt direkt am Teich bei unserer Schule und ist richtig chillig. Hier gibt’s leckere Snacks, coole Drinks und manchmal auch selbstgemachte Sachen, die wir Schüler*innen selber machen. Alles in entspannter Atmosphäre – perfekt, um einfach mal abzuschalten.</p>



<p>Das Café ist nicht nur zum Essen da, sondern auch ein Ort, wo man Freunde treffen, quatschen oder einfach mal eine Pause vom Schulstress machen kann.</p>



<p>Wir freuen uns über jeden, der vorbeischaut – egal ob zum Snacken, Reden oder einfach nur zum Dasein. Hier bist du immer willkommen!</p>



<figure class="wp-block-image size-large is-resized"><img loading="lazy" decoding="async" width="1200" height="675" src="https://wordpress.nibis.de/foerderschule-ammerland/files/2026/01/IMG_0134-1200x675.jpeg" alt="" class="wp-image-462" style="width:523px;height:auto" srcset="https://wordpress.nibis.de/foerderschule-ammerland/files/2026/01/IMG_0134-1200x675.jpeg 1200w, https://wordpress.nibis.de/foerderschule-ammerland/files/2026/01/IMG_0134-850x478.jpeg 850w, https://wordpress.nibis.de/foerderschule-ammerland/files/2026/01/IMG_0134-250x141.jpeg 250w" sizes="auto, (max-width: 1200px) 100vw, 1200px" /></figure>

<p>Hey und willkommen im Café am Teichvon der Schule Am Voßbarg! Unser Café liegt direkt am Teich bei unserer Schule und ist richtig chillig. Hier gibt’s leckere Snacks, coole Drinks und manchmal auch selbstgemachte Sachen, die wir Schüler*innen selber machen. Alles in entspannter Atmosphäre – perfekt, um einfach mal abzuschalten. Das Café ist nicht nur [&hellip;]</p>
