{"id":45,"date":"2025-05-07T14:20:30","date_gmt":"2025-05-07T12:20:30","guid":{"rendered":"https:\/\/wordpress.nibis.de\/foerderschule-ammerland\/?page_id=45"},"modified":"2026-03-17T17:11:41","modified_gmt":"2026-03-17T16:11:41","slug":"anmeldung-bei-uns","status":"publish","type":"page","link":"https:\/\/wordpress.nibis.de\/foerderschule-ammerland\/anmeldung-bei-uns\/","title":{"rendered":"Anmeldung an der F\u00f6rderschule Rastede"},"content":{"rendered":"\n<p>Liebe Eltern, liebe Erziehungsberechtigte,<\/p>\n\n\n\n<p>aktuell finden die Anmeldungen an der F\u00f6rderschule Rastede zum kommenden Schuljahr 2026\/27, f\u00fcr die Klassen 5 statt. Auch Schulanmeldungen f\u00fcr Kl. 6-8 nehmen wir entgegen.<\/p>\n\n\n\n<p><a href=\"https:\/\/wordpress.nibis.de\/foerderschule-ammerland\/files\/2025\/05\/Anmeldeformular_Foerderschule.pdf\">Anmeldeformular F\u00f6rderschule<\/a><\/p>\n\n\n\n<p><a href=\"https:\/\/wordpress.nibis.de\/foerderschule-ammerland\/files\/2025\/05\/Erklaerung_zur_Sorgeberechtigung.pdf\">Erkl\u00e4rung der Sorgeberechtigten<\/a><\/p>\n\n\n\n<p><a href=\"https:\/\/wordpress.nibis.de\/foerderschule-ammerland\/files\/2025\/05\/Belehrung_zum_Infektionsschutzgesetz.pdf\">Belehrung zum Infektionsschutzgesetz<\/a><\/p>\n\n\n\n<p><a href=\"https:\/\/wordpress.nibis.de\/foerderschule-ammerland\/files\/2025\/05\/Informationsblatt_Datenschutz.pdf\">Informationsblatt Datenschutz<\/a><\/p>\n\n\n\n<p><a href=\"https:\/\/wordpress.nibis.de\/foerderschule-ammerland\/files\/2025\/05\/Waffenerlass_Schule.pdf\">Waffenerlass Schule<\/a><\/p>\n\n\n\n<p>Ansprechpartner bei uns ist Herr Krumnow (F\u00f6rderschulrektor), erreichbar per mail : &#115;&#x63;&#x68;&#117;&#x6c;&#x6c;&#101;&#x69;&#x74;&#117;&#x6e;&#x67;&#64;&#x66;&#x65;&#115;&#x2d;&#x61;&#109;&#x6d;&#x65;&#114;&#x6c;&#x61;&#110;&#x64;&#x2e;d&#x65;<\/p>\n\n\n\n<p>Telefonisch erreichen Sie uns unter : 04402-7069190<\/p>\n\n\n\n<p>Wir freuen uns auf Sie.<\/p>\n\n\n\n<p><\/p>\n\n\n\n<p><\/p>\n\n\n\n<p><\/p>\n","protected":false},"excerpt":{"rendered":"<p>Liebe Eltern, liebe Erziehungsberechtigte, aktuell finden die Anmeldungen an der F\u00f6rderschule Rastede zum kommenden Schuljahr 2026\/27, f\u00fcr die Klassen 5 statt. Auch Schulanmeldungen f\u00fcr Kl. 6-8 nehmen wir entgegen. Anmeldeformular F\u00f6rderschule Erkl\u00e4rung der Sorgeberechtigten Belehrung zum Infektionsschutzgesetz Informationsblatt Datenschutz Waffenerlass Schule Ansprechpartner bei uns ist Herr Krumnow (F\u00f6rderschulrektor), erreichbar per mail : &#x73;c&#x68;&#117;&#x6c;&#108;e&#x69;t&#x75;&#110;&#x67;&#64;f&#x65;&#115;&#x2d;&#97;m&#x6d;e&#x72;&#108;&#x61;&#110;d&#x2e;d&#x65; Telefonisch erreichen [&hellip;]<\/p>\n","protected":false},"author":9194615,"featured_media":0,"parent":0,"menu_order":0,"comment_status":"closed","ping_status":"closed","template":"","meta":{"footnotes":""},"class_list":["post-45","page","type-page","status-publish","hentry"],"_links":{"self":[{"href":"https:\/\/wordpress.nibis.de\/foerderschule-ammerland\/wp-json\/wp\/v2\/pages\/45","targetHints":{"allow":["GET"]}}],"collection":[{"href":"https:\/\/wordpress.nibis.de\/foerderschule-ammerland\/wp-json\/wp\/v2\/pages"}],"about":[{"href":"https:\/\/wordpress.nibis.de\/foerderschule-ammerland\/wp-json\/wp\/v2\/types\/page"}],"author":[{"embeddable":true,"href":"https:\/\/wordpress.nibis.de\/foerderschule-ammerland\/wp-json\/wp\/v2\/users\/9194615"}],"replies":[{"embeddable":true,"href":"https:\/\/wordpress.nibis.de\/foerderschule-ammerland\/wp-json\/wp\/v2\/comments?post=45"}],"version-history":[{"count":19,"href":"https:\/\/wordpress.nibis.de\/foerderschule-ammerland\/wp-json\/wp\/v2\/pages\/45\/revisions"}],"predecessor-version":[{"id":522,"href":"https:\/\/wordpress.nibis.de\/foerderschule-ammerland\/wp-json\/wp\/v2\/pages\/45\/revisions\/522"}],"wp:attachment":[{"href":"https:\/\/wordpress.nibis.de\/foerderschule-ammerland\/wp-json\/wp\/v2\/media?parent=45"}],"curies":[{"name":"wp","href":"https:\/\/api.w.org\/{rel}","templated":true}]}}

Anmeldung an der Förderschule Rastede

<p>Liebe Eltern, liebe Erziehungsberechtigte,</p>



<p>aktuell finden die Anmeldungen an der Förderschule Rastede zum kommenden Schuljahr 2026/27, für die Klassen 5 statt. Auch Schulanmeldungen für Kl. 6-8 nehmen wir entgegen.</p>



<p><a href="https://wordpress.nibis.de/foerderschule-ammerland/files/2025/05/Anmeldeformular_Foerderschule.pdf">Anmeldeformular Förderschule</a></p>



<p><a href="https://wordpress.nibis.de/foerderschule-ammerland/files/2025/05/Erklaerung_zur_Sorgeberechtigung.pdf">Erklärung der Sorgeberechtigten</a></p>



<p><a href="https://wordpress.nibis.de/foerderschule-ammerland/files/2025/05/Belehrung_zum_Infektionsschutzgesetz.pdf">Belehrung zum Infektionsschutzgesetz</a></p>



<p><a href="https://wordpress.nibis.de/foerderschule-ammerland/files/2025/05/Informationsblatt_Datenschutz.pdf">Informationsblatt Datenschutz</a></p>



<p><a href="https://wordpress.nibis.de/foerderschule-ammerland/files/2025/05/Waffenerlass_Schule.pdf">Waffenerlass Schule</a></p>



<p>Ansprechpartner bei uns ist Herr Krumnow (Förderschulrektor), erreichbar per mail : &#115;&#x63;&#x68;&#117;&#x6c;&#x6c;&#101;&#x69;&#x74;&#117;&#x6e;&#x67;&#64;&#x66;&#x65;&#115;&#x2d;&#x61;&#109;&#x6d;&#x65;&#114;&#x6c;&#x61;&#110;&#x64;&#x2e;d&#x65;</p>



<p>Telefonisch erreichen Sie uns unter : 04402-7069190</p>



<p>Wir freuen uns auf Sie.</p>



<p></p>



<p></p>



<p></p>

<p>Liebe Eltern, liebe Erziehungsberechtigte, aktuell finden die Anmeldungen an der Förderschule Rastede zum kommenden Schuljahr 2026/27, für die Klassen 5 statt. Auch Schulanmeldungen für Kl. 6-8 nehmen wir entgegen. Anmeldeformular Förderschule Erklärung der Sorgeberechtigten Belehrung zum Infektionsschutzgesetz Informationsblatt Datenschutz Waffenerlass Schule Ansprechpartner bei uns ist Herr Krumnow (Förderschulrektor), erreichbar per mail : &#x73;c&#x68;&#117;&#x6c;&#108;e&#x69;t&#x75;&#110;&#x67;&#64;f&#x65;&#115;&#x2d;&#97;m&#x6d;e&#x72;&#108;&#x61;&#110;d&#x2e;d&#x65; Telefonisch erreichen [&hellip;]</p>
