{"id":1976,"date":"2020-06-11T21:58:36","date_gmt":"2020-06-11T19:58:36","guid":{"rendered":"https:\/\/wordpress.nibis.de\/ghsrueni\/?page_id=1976"},"modified":"2020-06-11T22:08:41","modified_gmt":"2020-06-11T20:08:41","slug":"schulhymne","status":"publish","type":"page","link":"https:\/\/wordpress.nibis.de\/ghsrueni\/schulhymne\/","title":{"rendered":"Schulhymne"},"content":{"rendered":"\n<figure class=\"wp-block-audio\"><audio controls src=\"https:\/\/wordpress.nibis.de\/ghsrueni\/files\/2020\/06\/Schulhymne-GHS-R\u00fcningen-1.mp3\" autoplay><\/audio><figcaption><br><\/figcaption><\/figure>\n\n\n\n<p style=\"text-align: center\"><span style=\"color: #333333\"><strong>R\u00fcningen das ist der Ort,<\/strong><\/span><br \/><span style=\"color: #333333\"><strong>GHS f\u00fcr uns ein Wort!<\/strong><\/span><br \/><span style=\"color: #333333\"><strong>Wo man gern, jeden Tag,<\/strong><\/span><br \/><span style=\"color: #333333\"><strong>f\u00fcr das Leben lernen mag.<\/strong><\/span><\/p>\n<p style=\"text-align: center\"><br \/><span style=\"color: #333333\">Englisch ist mein Lieblingsfach, das ist, was ich gerne mach,<\/span><br \/><span style=\"color: #333333\">Lesen, Schreiben und viel mehr ist doch nicht schwer.<\/span><br \/><span style=\"color: #333333\">Um weiter zu kommen, hab ich mir vorgenommen,<\/span><br \/><span style=\"color: #333333\">jeden Tag zu lern\u2019 und mein Wissen zu vermehr\u2019n.<\/span><\/p>\n<p style=\"text-align: center\"><br \/><span style=\"color: #333333\"><strong>R\u00fcningen das ist der Ort,<\/strong><\/span><br \/><span style=\"color: #333333\"><strong>GHS f\u00fcr uns ein Wort!<\/strong><\/span><br \/><span style=\"color: #333333\"><strong>Wo man gern, jeden Tag,<\/strong><\/span><br \/><span style=\"color: #333333\"><strong>f\u00fcr das Leben lernen mag.<\/strong><\/span><\/p>\n<p style=\"text-align: center\"><br \/><span style=\"color: #333333\">Ich spiel gerne Fu\u00dfball und ich steh\u2019 auch gern im Tor,<\/span><br \/><span style=\"color: #333333\">alle schreien laut im Chor: \u201eR\u00fcningen vor!\u201c<\/span><br \/><span style=\"color: #333333\">Gemeinsam Sachen machen und dabei viel lachen,<\/span><br \/><span style=\"color: #333333\">das find ich wundervoll, ja richtig toll.<\/span><\/p>\n<p style=\"text-align: center\"><br \/><span style=\"color: #333333\"><strong>R\u00fcningen das ist der Ort,<\/strong><\/span><br \/><span style=\"color: #333333\"><strong>GHS f\u00fcr uns ein Wort!<\/strong><\/span><br \/><span style=\"color: #333333\"><strong>Wo man gern, jeden Tag,<\/strong><\/span><br \/><span style=\"color: #333333\"><strong>f\u00fcr das Leben lernen mag.<\/strong><\/span><\/p>\n<p style=\"text-align: center\"><br \/><span style=\"color: #333333\">Miteinander lernen und sportlich sein, das ist gesund,<\/span><br \/><span style=\"color: #333333\">f\u00fcreinander einsteh\u2019n auch, das ist hier Brauch.<\/span><br \/><span style=\"color: #333333\">Gro\u00dfe Sch\u00fcler helfen gern, uns\u2019ren Kleinen auch beim Lern\u2019,<\/span><br \/><span style=\"color: #333333\">voller Freud\u2019 singen wir unser Schullied.<\/span><\/p>\n<p style=\"text-align: center\"><br \/><span style=\"color: #333333\"><strong>R\u00fcningen das ist der Ort,<\/strong><\/span><br \/><span style=\"color: #333333\"><strong>GHS f\u00fcr uns ein Wort!<\/strong><\/span><br \/><span style=\"color: #333333\"><strong>Wo man gern, jeden Tag,<\/strong><\/span><br \/><span style=\"color: #333333\"><strong>f\u00fcr das Leben lernen mag. <\/strong><\/span><\/p>\n","protected":false},"excerpt":{"rendered":"<p>R\u00fcningen das ist der Ort,GHS f\u00fcr uns ein Wort!Wo man gern, jeden Tag,f\u00fcr das Leben lernen mag. Englisch ist mein Lieblingsfach, das ist, was ich gerne mach,Lesen, Schreiben und viel mehr ist doch nicht schwer.Um weiter zu kommen, hab ich mir vorgenommen,jeden Tag zu lern\u2019 und mein Wissen zu vermehr\u2019n. R\u00fcningen das ist der Ort,GHS [&hellip;]<\/p>\n","protected":false},"author":9193196,"featured_media":0,"parent":0,"menu_order":0,"comment_status":"closed","ping_status":"closed","template":"","meta":{"footnotes":""},"class_list":["post-1976","page","type-page","status-publish","hentry"],"_links":{"self":[{"href":"https:\/\/wordpress.nibis.de\/ghsrueni\/wp-json\/wp\/v2\/pages\/1976","targetHints":{"allow":["GET"]}}],"collection":[{"href":"https:\/\/wordpress.nibis.de\/ghsrueni\/wp-json\/wp\/v2\/pages"}],"about":[{"href":"https:\/\/wordpress.nibis.de\/ghsrueni\/wp-json\/wp\/v2\/types\/page"}],"author":[{"embeddable":true,"href":"https:\/\/wordpress.nibis.de\/ghsrueni\/wp-json\/wp\/v2\/users\/9193196"}],"replies":[{"embeddable":true,"href":"https:\/\/wordpress.nibis.de\/ghsrueni\/wp-json\/wp\/v2\/comments?post=1976"}],"version-history":[{"count":7,"href":"https:\/\/wordpress.nibis.de\/ghsrueni\/wp-json\/wp\/v2\/pages\/1976\/revisions"}],"predecessor-version":[{"id":1988,"href":"https:\/\/wordpress.nibis.de\/ghsrueni\/wp-json\/wp\/v2\/pages\/1976\/revisions\/1988"}],"wp:attachment":[{"href":"https:\/\/wordpress.nibis.de\/ghsrueni\/wp-json\/wp\/v2\/media?parent=1976"}],"curies":[{"name":"wp","href":"https:\/\/api.w.org\/{rel}","templated":true}]}}