{"id":568,"date":"2020-05-01T18:46:39","date_gmt":"2020-05-01T16:46:39","guid":{"rendered":"https:\/\/wordpress.nibis.de\/ghsrueni\/?page_id=568"},"modified":"2020-05-03T18:46:52","modified_gmt":"2020-05-03T16:46:52","slug":"konzepte-2","status":"publish","type":"page","link":"https:\/\/wordpress.nibis.de\/ghsrueni\/konzepte-2\/","title":{"rendered":"Konzepte"},"content":{"rendered":"\n<h3 id=\"E95\">Unsere Konzepte dienen der Umsetzung unseres Leitbildes und werden regelm\u00e4\u00dfig erg\u00e4nzt, ver\u00e4ndert und angepasst.<\/h3>\n\n\n\n<div style=\"height:42px\" aria-hidden=\"true\" class=\"wp-block-spacer\"><\/div>\n\n\n\n<div class=\"wp-block-file\"><a href=\"https:\/\/wordpress.nibis.de\/ghsrueni\/files\/2020\/05\/Aufsichtskonzept.pdf\">Aufsichtskonzept<\/a><\/div>\n\n\n\n<div class=\"wp-block-file\"><a href=\"https:\/\/wordpress.nibis.de\/ghsrueni\/files\/2020\/05\/bobs.pdf\">Berufsorientierung<\/a><\/div>\n\n\n\n<div class=\"wp-block-file\"><a href=\"https:\/\/wordpress.nibis.de\/ghsrueni\/files\/2020\/05\/Das-Trainingsraum-Programm.pdf\">Das Trainingsraum-Programm<\/a><\/div>\n\n\n\n<div class=\"wp-block-file\"><a href=\"https:\/\/wordpress.nibis.de\/ghsrueni\/files\/2020\/05\/Fahrtenkonzept.pdf\">Fahrtenkonzept<\/a><\/div>\n\n\n\n<div class=\"wp-block-file\"><a href=\"https:\/\/wordpress.nibis.de\/ghsrueni\/files\/2020\/05\/F\u00f6rderkonzept-GHS-R\u00fcningen-Andere-F\u00f6rderma\u00dfnahmen-1.pdf\">F\u00f6rderkonzept GHS R\u00fcningen<\/a><\/div>\n\n\n\n<div class=\"wp-block-file\"><a href=\"https:\/\/wordpress.nibis.de\/ghsrueni\/files\/2020\/05\/Interkulturelles-Sportartenkarussell.pdf\">Interkulturelles Sportartenkarussell<\/a><\/div>\n\n\n\n<div class=\"wp-block-file\"><a href=\"https:\/\/wordpress.nibis.de\/ghsrueni\/files\/2020\/05\/Konzept-Schulsanit\u00e4tsdienst.pdf\">Schulsanit\u00e4tsdienst<\/a><\/div>\n\n\n\n<div class=\"wp-block-file\"><a href=\"https:\/\/wordpress.nibis.de\/ghsrueni\/files\/2020\/05\/KONZEPT-SOZIALTRAINING-IM-SEILGARTEN.pdf\">Sozialtraining im Seilgarten<\/a><\/div>\n\n\n\n<div class=\"wp-block-file\"><a href=\"https:\/\/wordpress.nibis.de\/ghsrueni\/files\/2020\/05\/LuA-Stunden.pdf\">LuA-Stunden<\/a><\/div>\n\n\n\n<div class=\"wp-block-file\"><a href=\"https:\/\/wordpress.nibis.de\/ghsrueni\/files\/2020\/05\/Medienkonzept-GHS-R\u00fcningen-Stand-Oktober-2019.pdf\">Medienkonzept GHS R\u00fcningen Stand Oktober 2019<\/a><\/div>\n\n\n\n<div class=\"wp-block-file\"><a href=\"https:\/\/wordpress.nibis.de\/ghsrueni\/files\/2020\/05\/Pfandaktion.pdf\">Pfandaktion<\/a><\/div>\n\n\n\n<div class=\"wp-block-file\"><a href=\"https:\/\/wordpress.nibis.de\/ghsrueni\/files\/2020\/05\/Pr\u00e4sentation.pdf\">Skifreizeit Oberammergau<\/a><\/div>\n\n\n\n<div class=\"wp-block-file\"><a href=\"https:\/\/wordpress.nibis.de\/ghsrueni\/files\/2020\/05\/Sprachf\u00f6rderkonzept-GHS-R\u00fcningen-Stand-11_2019.pdf\">Sprachf\u00f6rderung GHS R\u00fcningen Stand 11_2019<\/a><\/div>\n\n\n","protected":false},"excerpt":{"rendered":"<p>Unsere Konzepte dienen der Umsetzung unseres Leitbildes und werden regelm\u00e4\u00dfig erg\u00e4nzt, ver\u00e4ndert und angepasst.<\/p>\n","protected":false},"author":9193196,"featured_media":0,"parent":0,"menu_order":0,"comment_status":"closed","ping_status":"closed","template":"","meta":{"footnotes":""},"class_list":["post-568","page","type-page","status-publish","hentry"],"_links":{"self":[{"href":"https:\/\/wordpress.nibis.de\/ghsrueni\/wp-json\/wp\/v2\/pages\/568","targetHints":{"allow":["GET"]}}],"collection":[{"href":"https:\/\/wordpress.nibis.de\/ghsrueni\/wp-json\/wp\/v2\/pages"}],"about":[{"href":"https:\/\/wordpress.nibis.de\/ghsrueni\/wp-json\/wp\/v2\/types\/page"}],"author":[{"embeddable":true,"href":"https:\/\/wordpress.nibis.de\/ghsrueni\/wp-json\/wp\/v2\/users\/9193196"}],"replies":[{"embeddable":true,"href":"https:\/\/wordpress.nibis.de\/ghsrueni\/wp-json\/wp\/v2\/comments?post=568"}],"version-history":[{"count":3,"href":"https:\/\/wordpress.nibis.de\/ghsrueni\/wp-json\/wp\/v2\/pages\/568\/revisions"}],"predecessor-version":[{"id":647,"href":"https:\/\/wordpress.nibis.de\/ghsrueni\/wp-json\/wp\/v2\/pages\/568\/revisions\/647"}],"wp:attachment":[{"href":"https:\/\/wordpress.nibis.de\/ghsrueni\/wp-json\/wp\/v2\/media?parent=568"}],"curies":[{"name":"wp","href":"https:\/\/api.w.org\/{rel}","templated":true}]}}