{"id":222,"date":"2025-07-24T12:44:21","date_gmt":"2025-07-24T10:44:21","guid":{"rendered":"https:\/\/wordpress.nibis.de\/grundschule-nettlingen\/?page_id=222"},"modified":"2025-07-25T17:21:38","modified_gmt":"2025-07-25T15:21:38","slug":"sportfreundliche-schule","status":"publish","type":"page","link":"https:\/\/wordpress.nibis.de\/grundschule-nettlingen\/sportfreundliche-schule\/","title":{"rendered":"Sportfreundliche Schule"},"content":{"rendered":"\n<pre class=\"wp-block-verse\">Als sportfreundliche Schule f\u00f6rdern wir nicht nur den Spa\u00df an Bewegung, sondern auch die Gesundheit und das Gemeinschaftsgef\u00fchl unserer Sch\u00fcler*innen. Durch vielf\u00e4ltige Sportangebote und aktive Pausen wird Bewegung in den Schulalltag integriert, was zu mehr Energie und Konzentration f\u00fchrt. Wir schaffen eine positive Atmosph\u00e4re, in der Teamgeist, Fairness und gegenseitiger Respekt im Mittelpunkt stehen. \nWir tragen dazu bei, die Kinder fit, gl\u00fccklich und sozial kompetent zu machen.\n<\/pre>\n\n\n\n<p><\/p>\n\n\n\n<figure class=\"wp-block-image size-large\"><img loading=\"lazy\" decoding=\"async\" width=\"1200\" height=\"675\" src=\"https:\/\/wordpress.nibis.de\/grundschule-nettlingen\/files\/2025\/07\/Grundschule-Nettlingen-1200x675.png\" alt=\"\" class=\"wp-image-280\" srcset=\"https:\/\/wordpress.nibis.de\/grundschule-nettlingen\/files\/2025\/07\/Grundschule-Nettlingen-1200x675.png 1200w, https:\/\/wordpress.nibis.de\/grundschule-nettlingen\/files\/2025\/07\/Grundschule-Nettlingen-850x478.png 850w, https:\/\/wordpress.nibis.de\/grundschule-nettlingen\/files\/2025\/07\/Grundschule-Nettlingen-250x141.png 250w\" sizes=\"auto, (max-width: 1200px) 100vw, 1200px\" \/><\/figure>\n\n\n\n<p><\/p>\n","protected":false},"excerpt":{"rendered":"<p>Als sportfreundliche Schule f\u00f6rdern wir nicht nur den Spa\u00df an Bewegung, sondern auch die Gesundheit und das Gemeinschaftsgef\u00fchl unserer Sch\u00fcler*innen. Durch vielf\u00e4ltige Sportangebote und aktive Pausen wird Bewegung in den Schulalltag integriert, was zu mehr Energie und Konzentration f\u00fchrt. Wir schaffen eine positive Atmosph\u00e4re, in der Teamgeist, Fairness und gegenseitiger Respekt im Mittelpunkt stehen. Wir [&hellip;]<\/p>\n","protected":false},"author":9194638,"featured_media":0,"parent":0,"menu_order":0,"comment_status":"closed","ping_status":"closed","template":"","meta":{"footnotes":""},"class_list":["post-222","page","type-page","status-publish","hentry"],"_links":{"self":[{"href":"https:\/\/wordpress.nibis.de\/grundschule-nettlingen\/wp-json\/wp\/v2\/pages\/222","targetHints":{"allow":["GET"]}}],"collection":[{"href":"https:\/\/wordpress.nibis.de\/grundschule-nettlingen\/wp-json\/wp\/v2\/pages"}],"about":[{"href":"https:\/\/wordpress.nibis.de\/grundschule-nettlingen\/wp-json\/wp\/v2\/types\/page"}],"author":[{"embeddable":true,"href":"https:\/\/wordpress.nibis.de\/grundschule-nettlingen\/wp-json\/wp\/v2\/users\/9194638"}],"replies":[{"embeddable":true,"href":"https:\/\/wordpress.nibis.de\/grundschule-nettlingen\/wp-json\/wp\/v2\/comments?post=222"}],"version-history":[{"count":6,"href":"https:\/\/wordpress.nibis.de\/grundschule-nettlingen\/wp-json\/wp\/v2\/pages\/222\/revisions"}],"predecessor-version":[{"id":328,"href":"https:\/\/wordpress.nibis.de\/grundschule-nettlingen\/wp-json\/wp\/v2\/pages\/222\/revisions\/328"}],"wp:attachment":[{"href":"https:\/\/wordpress.nibis.de\/grundschule-nettlingen\/wp-json\/wp\/v2\/media?parent=222"}],"curies":[{"name":"wp","href":"https:\/\/api.w.org\/{rel}","templated":true}]}}