{"id":232,"date":"2025-07-24T13:26:54","date_gmt":"2025-07-24T11:26:54","guid":{"rendered":"https:\/\/wordpress.nibis.de\/grundschule-nettlingen\/?page_id=232"},"modified":"2025-07-24T15:29:36","modified_gmt":"2025-07-24T13:29:36","slug":"schulordnung","status":"publish","type":"page","link":"https:\/\/wordpress.nibis.de\/grundschule-nettlingen\/schulordnung\/","title":{"rendered":"Schulordnung"},"content":{"rendered":"\n<p>Unsere Schule ist ein Ort, an dem viele unterschiedliche Kinder und Erwachsene fast t\u00e4glich einen gro\u00dfen Teil des Tages miteinander verbringen. In dieser Zeit wollen wir uns in der Schule wohl f\u00fchlen, in Ruhe lernen, lehren und zusammenleben. <\/p>\n\n\n\n<p>F\u00fcr ein friedliches Miteinander m\u00fcssen wir uns an Regeln f\u00fcr unser Zusammensein halten. Diese Schulordnung wird gleicherma\u00dfen von Lehrerinnen und Lehrern, Sch\u00fclerinnen und Sch\u00fclern, Mitarbeiterinnen und Mitarbeitern sowie Eltern getragen.<br><\/p>\n\n\n\n<p><strong>Regeln des Zusammenlebens<\/strong><\/p>\n\n\n\n<p>Wir halten uns an die <strong><em>\u201eGoldene Regel\u201c:<\/em><\/strong><\/p>\n\n\n\n<p><strong>Ich verhalte mich anderen gegen\u00fcber so,<\/strong><\/p>\n\n\n\n<p><strong>wie ich selbst behandelt werden m\u00f6chte.<\/strong><\/p>\n\n\n\n<ul class=\"wp-block-list\"><li>Wir gehen freundlich und h\u00f6flich miteinander um (z. B.: netter Tonfall, gegenseitiges Gr\u00fc\u00dfen, dem anderen die T\u00fcr aufhalten, \u201ebitte\u201c und \u201edanke\u201c sagen).<\/li><li>Wir sind anderen gegen\u00fcber fair (kein Schlagen, keine Beleidigungen oder Beschimpfungen).<\/li><li>Wir helfen einander.<\/li><li>Wir achten das Eigentum anderer und gehen vorsichtig damit um.<\/li><\/ul>\n\n\n\n<p><br><strong><u>Vor dem Unterricht<\/u><\/strong><\/p>\n\n\n\n<ul class=\"wp-block-list\"><li>Die Stra\u00dfenschuhe stellen wir ordentlich ins Schuhregal und ziehen unsere Hausschuhe an. Bevor wir den Klassenraum betreten, h\u00e4ngen wir die Jacke und den Sportbeutel an die Garderobe.<\/li><li>Bis die Lehrerin\/der Lehrer kommt, holen wir die n\u00f6tigen Arbeitsmaterialien heraus und besch\u00e4ftigen uns leise.<\/li><\/ul>\n\n\n\n<p><strong><u>W\u00e4hrend des Unterrichts<\/u><\/strong><\/p>\n\n\n\n<ul class=\"wp-block-list\"><li>Wir beachten die Klassenregeln in der Klasse.<\/li><\/ul>\n\n\n\n<ul class=\"wp-block-list\"><li>Wir erscheinen p\u00fcnktlich zum Unterricht und haben unsere Arbeitsmaterialien vollst\u00e4ndig und einsatzbereit dabei.<\/li><li>Wir melden uns und reden nur, wenn wir dran sind.<\/li><li>Wir passen auf und bem\u00fchen uns, konzentriert mitzuarbeiten.<\/li><li>Wir h\u00f6ren einander zu und lassen uns ausreden.<\/li><li>Wir sind leise und bewegen uns angemessen langsam.<\/li><\/ul>\n\n\n\n<p><strong><u>W\u00e4hrend der Pausen<\/u><\/strong><\/p>\n\n\n\n<ul class=\"wp-block-list\"><li>Wir gehen z\u00fcgig nach drau\u00dfen.<\/li><li>Auch beim Spielen in der Pause gehen wir freundlich miteinander um.<\/li><li>Wir lassen andere beim Fu\u00dfballspielen mitmachen und halten uns an die Regeln.<\/li><li>Wir werfen nicht mit Gegenst\u00e4nden (\u00c4sten, Sand, Steinen, Kastanien, Schneeb\u00e4llen,\u2026).<\/li><li>Mit den Sachen aus der Spielzeugausleihe gehen wir sorgf\u00e4ltig um. Ausgeliehene Spielsachen und B\u00e4lle bringen wir zur\u00fcck.<\/li><li>Wenn Pausenende ist, gehen wir sofort ins Geb\u00e4ude.<\/li><li>W\u00e4hrend der Regenpause bleiben wir im Klassenraum, besch\u00e4ftigen uns leise und verhalten uns ruhig.<\/li><\/ul>\n\n\n\n<p><strong><u>Nach dem Unterricht<\/u><\/strong><\/p>\n\n\n\n<ul class=\"wp-block-list\"><li>Wir achten darauf, dass der Arbeitsplatz und die Garderobe sauber und ordentlich sind. Danach verlassen wir das Geb\u00e4ude und machen uns auf den Heimweg.<\/li><li>Unsere Eltern warten vor der Schule.<\/li><li>Unsere Hausaufgaben fertigen wir regelm\u00e4\u00dfig und ordentlich an.<\/li><\/ul>\n\n\n\n<p><strong><u>W\u00e4hrend der Betreuung, der L\u00dcZ und den AGs am Nachmittag<\/u><\/strong><\/p>\n\n\n\n<ul class=\"wp-block-list\"><li>Die Anweisungen der Betreuer und Betreuerinnen werden befolgt.<\/li><li>Wir halten uns an die Regeln des Vormittags.<\/li><\/ul>\n\n\n\n<p><strong><u>W\u00e4hrend der Betreuung, der L\u00dcZ und den AGs am Nachmittag<\/u><\/strong><\/p>\n\n\n\n<ul class=\"wp-block-list\"><li>Ich wasche meine H\u00e4nde.<\/li><li>Ich benutze Besteck und esse mein Essen.<\/li><li>Ich unterhalte mich in einer normalen Lautst\u00e4rke.<\/li><li>Ich dr\u00e4ngele nicht bei der Ausgabe.<\/li><li>Ich sitze auf meinem Platz.<\/li><li>Wir gehen gemeinsam in die Pause.<\/li><\/ul>\n\n\n\n<p><strong><u>Im Geb\u00e4ude\/auf dem Schulgel\u00e4nde<\/u><\/strong><\/p>\n\n\n\n<ul class=\"wp-block-list\"><li>Wir bewegen uns im Geb\u00e4ude leise und angemessen langsam.<\/li><li>Wir achten auf Sauberkeit.<\/li><li>M\u00fcll werfen wir in die Abfallgef\u00e4\u00dfe und achten dabei auf M\u00fclltrennung.<\/li><li>Wir benutzen im Geb\u00e4ude und auf dem Gel\u00e4nde keine Fahrzeuge (z.B. Fahrrad, Inliner, Roller).<\/li><li>Wir bringen keine Dinge mit in die Schule, die das Arbeiten st\u00f6ren oder gef\u00e4hrden: Waffen (auch Spielzeug), elektronische Ger\u00e4te, Spielsachen.<\/li><li>Wir bleiben w\u00e4hrend der Unterrichts- und Betreuungszeit auf jeden Fall auf dem Schulgel\u00e4nde.<\/li><\/ul>\n\n\n\n<p><strong>\u2026<\/strong><strong> und was kann ich tun, wenn einmal Streit droht?<\/strong><\/p>\n\n\n\n<ul class=\"wp-block-list\"><li>Ich bleibe ruhig und lasse mich nicht provozieren.<\/li><li>Ich spreche mit dem anderen.<\/li><li>Wenn zwei sich streiten, sage ich: \u201eH\u00f6rt auf!\u201c<\/li><li>Ich wende mich an die Streitschlichter.<\/li><li>Ich hole einen Erwachsenen zur Hilfe.<\/li><\/ul>\n\n\n\n<p><strong>\u2026 und was passiert, wenn ich mich nicht an die Regeln halte?<\/strong><br><strong><u>Konsequenzen<\/u><\/strong><\/p>\n\n\n\n<ul class=\"wp-block-list\"><li>Meine Eltern werden informiert.<\/li><li>Ich f\u00fclle meinen Nachdenkzettel aus.<\/li><li>Ich verbringe meine Pause als \u201eSchattenpause\u201c oder \u201eLangeweilepause\u201c.<\/li><li>Ich bringe das wieder in Ordnung, was ich kaputt gemacht habe.<\/li><li>Ich mache etwas Gutes f\u00fcr die Schulgemeinschaft.<\/li><li>Ich mache eine Zusatzaufgabe.<\/li><li>Ich schreibe einen Teil der Schulordnung ab.<\/li><li>Ich bleibe, nach Absprache mit meinen Eltern, eine Stunde l\u00e4nger.<\/li><li>Ich verbringe einen Schultag in einer anderen Klasse.<\/li><\/ul>\n\n\n\n<p><strong>\u2026 und falls das alles nicht hilft, ich also mein Verhalten nicht \u00e4ndere:<\/strong><\/p>\n\n\n\n<ul class=\"wp-block-list\"><li>Meine Eltern und ich werden zu einer Klassenkonferenz eingeladen. Ich muss damit rechnen, dass Ordnungsma\u00dfnahmen nach NschG \u00a7 61 verh\u00e4ngt werden.<\/li><\/ul>\n\n\n\n<p>Ordnungsma\u00dfnahmen gem\u00e4\u00df \u00a761 NschG Abs. 3 sind:<\/p>\n\n\n\n<ol class=\"wp-block-list\" type=\"1\"><li>Ausschluss bis zu einem Monat vom Unterricht in einem oder mehreren F\u00e4chern oder ganz oder teilweise von den au\u00dferunterrichtlichen Angeboten,<\/li><li>\u00dcberweisung in eine Parallelklasse,<\/li><li>Ausschluss bis zu drei Monaten vom Unterricht sowie von den au\u00dferunterrichtlichen Angeboten,<\/li><li>\u00dcberweisung an eine andere Schule derselben Schulform oder, wenn eine solche Schule nicht unter zumutbaren Bedingungen zu erreichen ist, an eine Schule mit einem der bisherigen Beschulung der Sch\u00fclerin oder des Sch\u00fclers entsprechenden Angebot,<\/li><li>Verweisung von der Schule,<\/li><li>Verweisung von allen Schulen.<\/li><\/ol>\n\n\n\n<p><\/p>\n\n\n\n<h2 class=\"wp-block-heading\"><strong>Hinweise auf weitere Regelungen<\/strong><\/h2>\n\n\n\n<pre class=\"wp-block-verse\"> \u2022\tVon allen Besuchern wird erwartet, dass sie sich an die Schulregeln halten und der Besuch einen plausiblen Grund hat. Dar\u00fcber hinaus haben sich Schulfremde bei der Schulleitung im Vorfeld anzumelden. \n\u2022\tIn der Schule und auf den zu ihr geh\u00f6renden Freifl\u00e4chen gilt ein generelles Rauchverbot.\n  \n\u2022\tWird Unterricht vers\u00e4umt (z.B.: durch Krankheit), muss die Schule sofort per Email oder IServ informiert werden. Am Ende der Abwesenheit muss eine schriftliche Entschuldigung bei der Klassenlehrerin vorgelegt werden.\n   \n\u2022\tEin Fernbleiben vom Unterricht, Ganztag oder einer Schulveranstaltung ist nur in Krankheitsf\u00e4llen oder durch eine Beurlaubung gestattet. Ein schriftlicher Urlaubsantrag ist rechtzeitig vorher zu stellen. Unmittelbar vor oder nach den Ferien darf Urlaub in der Regel nicht genehmigt werden.\n   \n\u2022\tAlle Schulveranstaltungen m\u00fcssen durch die Schulleitung angeordnet bzw. genehmigt sein.\n  \n\u2022\tDas Verteilen von Flyern oder Aush\u00e4ngen von Druckschriften muss durch die Schulleitung genehmigt werden. Ver\u00f6ffentlichungen unterliegen den gesetzlichen Bestimmungen.\n  \n\u2022\tDie aush\u00e4ngenden Notfallpl\u00e4ne, Brandschutzordnung und Fluchtwegeplan m\u00fcssen sich die Sch\u00fcler, Lehrer und Mitarbeiter einpr\u00e4gen.\n \n\u2022\tDie Schulordnung wird allen Erziehungsberechtigten gemeinsam mit dem sogenannten Waffenerlass (RdErl. d. MK v. 6. 8. 2014 \u2014 36.3-81 704\/03 \u2014 VORIS 22410 \u2014) und der Infektionsschutzbelehrung (Belehrung f\u00fcr Eltern und sonstige Sorgeberechtigte nach \u00a7 34 Abs. 5 Satz 2 Infektionsschutzgesetz (IfSG)) bei Aufnahme in die Grundschule Nettlingen ausgeh\u00e4ndigt.\n  \n\u2022\tUnsere Schulordnung versteht sich als Erg\u00e4nzung zu den Schulregeln, die in der Schule aush\u00e4ngen.\n<\/pre>\n","protected":false},"excerpt":{"rendered":"<p>Unsere Schule ist ein Ort, an dem viele unterschiedliche Kinder und Erwachsene fast t\u00e4glich einen gro\u00dfen Teil des Tages miteinander verbringen. In dieser Zeit wollen wir uns in der Schule wohl f\u00fchlen, in Ruhe lernen, lehren und zusammenleben. F\u00fcr ein friedliches Miteinander m\u00fcssen wir uns an Regeln f\u00fcr unser Zusammensein halten. Diese Schulordnung wird gleicherma\u00dfen [&hellip;]<\/p>\n","protected":false},"author":9194638,"featured_media":0,"parent":0,"menu_order":0,"comment_status":"closed","ping_status":"closed","template":"","meta":{"footnotes":""},"class_list":["post-232","page","type-page","status-publish","hentry"],"_links":{"self":[{"href":"https:\/\/wordpress.nibis.de\/grundschule-nettlingen\/wp-json\/wp\/v2\/pages\/232","targetHints":{"allow":["GET"]}}],"collection":[{"href":"https:\/\/wordpress.nibis.de\/grundschule-nettlingen\/wp-json\/wp\/v2\/pages"}],"about":[{"href":"https:\/\/wordpress.nibis.de\/grundschule-nettlingen\/wp-json\/wp\/v2\/types\/page"}],"author":[{"embeddable":true,"href":"https:\/\/wordpress.nibis.de\/grundschule-nettlingen\/wp-json\/wp\/v2\/users\/9194638"}],"replies":[{"embeddable":true,"href":"https:\/\/wordpress.nibis.de\/grundschule-nettlingen\/wp-json\/wp\/v2\/comments?post=232"}],"version-history":[{"count":3,"href":"https:\/\/wordpress.nibis.de\/grundschule-nettlingen\/wp-json\/wp\/v2\/pages\/232\/revisions"}],"predecessor-version":[{"id":266,"href":"https:\/\/wordpress.nibis.de\/grundschule-nettlingen\/wp-json\/wp\/v2\/pages\/232\/revisions\/266"}],"wp:attachment":[{"href":"https:\/\/wordpress.nibis.de\/grundschule-nettlingen\/wp-json\/wp\/v2\/media?parent=232"}],"curies":[{"name":"wp","href":"https:\/\/api.w.org\/{rel}","templated":true}]}}