{"id":295,"date":"2025-07-25T17:15:08","date_gmt":"2025-07-25T15:15:08","guid":{"rendered":"https:\/\/wordpress.nibis.de\/grundschule-nettlingen\/?page_id=295"},"modified":"2025-07-25T17:15:08","modified_gmt":"2025-07-25T15:15:08","slug":"unser-unterricht","status":"publish","type":"page","link":"https:\/\/wordpress.nibis.de\/grundschule-nettlingen\/unser-unterricht\/","title":{"rendered":"Unser Unterricht"},"content":{"rendered":"\n<h2 class=\"wp-block-heading\">So arbeiten wir mit Kompetenzrastern, Lernlandschaften und individuellen Lernwegen<\/h2>\n\n\n\n<p class=\"has-text-align-center has-medium-font-size\"><strong>So l\u00e4uft eine Schulstunde- bei uns Lernzeit- ab:<\/strong><\/p>\n\n\n\n<pre class=\"wp-block-verse\">Es gibt gemeinsame Einf\u00fchrungen und gemeinsame Stunden. \nSomit bleibt es ein gemeinschaftliches und dennoch selbstbestimmtes Lernen. Es gibt Lernlandschaften f\u00fcr Deutsch und Mathematik in allen Jahrg\u00e4ngen. Die Selbstbestimmung und Eigenverantwortlichkeit steigert sich mit den Schuljahrg\u00e4ngen. So wird dies Arbeitsweise in Klasse 1 angebahnt und ab Jahrgang 2 ausgeweitet\/ vertieft.\n\nJede Lernzeit l\u00e4uft nach einem festen Muster ab. Feste Zeiten und ritualisierte Abl\u00e4ufe f\u00fcr die Arbeit mit den Lernlandschaften schafft einen sicheren Rahmen f\u00fcr die Kinder. \n\n1. Start im gemeinsamen Kreis: ggf. Thema besprechen, Einf\u00fchrung eines neuen Themas...\n2. Zeit um individuelle Ziele festzulegen und den individuellen Lernweg festhalten\n3. ggf. Ziel vorstellen: Heute habe ich mir vorgenommen...\n4. Lernzeit\n5. Ende im gemeinsamen Kreis: kriteriengeleitete Reflexion\n<\/pre>\n\n\n\n<pre class=\"wp-block-verse\">Zur \u00dcbersicht gibt im Klassenraum, z.B.: Klammerkarten. \n- Wer bearbeitet gerade welches Lernfeld?\r\n- Helferkinder: Wer hat das Thema schon bearbeitet? Welches Kind kann helfen, wenn man nicht weiterwei\u00df?\n\nW\u00e4hrend der Lernzeit w\u00e4hlen die Kinder selbstst\u00e4ndig die f\u00fcr sie in diesem Moment\/ f\u00fcr diese Thema passende Sozialform aus- alleine, mit einem Partner oder in einer Gruppe, sowie geeignete Materialien (Buch, Arbeitsheft, etwas aus der Materialtheke [siehe unten]...) und den Arbeitsplatz. \r\n<\/pre>\n\n\n\n<div class=\"wp-block-image\"><figure class=\"aligncenter size-full is-resized\"><img loading=\"lazy\" decoding=\"async\" src=\"https:\/\/wordpress.nibis.de\/grundschule-nettlingen\/files\/2025\/07\/image-4.png\" alt=\"\" class=\"wp-image-304\" width=\"295\" height=\"143\" srcset=\"https:\/\/wordpress.nibis.de\/grundschule-nettlingen\/files\/2025\/07\/image-4.png 882w, https:\/\/wordpress.nibis.de\/grundschule-nettlingen\/files\/2025\/07\/image-4-768x374.png 768w\" sizes=\"auto, (max-width: 295px) 100vw, 295px\" \/><figcaption>Klammerkarten <\/figcaption><\/figure><\/div>\n\n\n\n<div class=\"wp-block-media-text alignwide has-media-on-the-right is-stacked-on-mobile tw-md-hidden tw-sm-hidden\" style=\"grid-template-columns:auto 30%\"><figure class=\"wp-block-media-text__media\"><img loading=\"lazy\" decoding=\"async\" width=\"709\" height=\"1106\" src=\"https:\/\/wordpress.nibis.de\/grundschule-nettlingen\/files\/2025\/07\/Lernlandschaften4-2.jpg\" alt=\"\" class=\"wp-image-314 size-full\" \/><\/figure><div class=\"wp-block-media-text__content\">\n<p>Ein Weitergehen zum n\u00e4chsten Lernfeld\/ Kompetenzbereich nach ist erst nach <strong>erfolgreichem<\/strong> Lernstandstest m\u00f6glich.<\/p>\n\n\n\n<p>Die Kinder entscheiden, wann sie sich fit genug f\u00fcr den Test f\u00fchlen. Sie erhalten eine entsprechende R\u00fcckmeldung<\/p>\n\n\n\n<p>\u00a0\u00a0\u00a0 auf der <strong>Lernlandschaft<\/strong><\/p>\n\n\n\n<div class=\"wp-block-image\"><figure class=\"aligncenter size-full is-resized\"><img loading=\"lazy\" decoding=\"async\" src=\"https:\/\/wordpress.nibis.de\/grundschule-nettlingen\/files\/2025\/07\/image-5.png\" alt=\"\" class=\"wp-image-306\" width=\"189\" height=\"85\" \/><\/figure><\/div>\n\n\n\n<p>und im <strong>Kompetenzraster <\/strong>.<\/p>\n\n\n\n<div class=\"wp-block-image\"><figure class=\"aligncenter size-full is-resized\"><img loading=\"lazy\" decoding=\"async\" src=\"https:\/\/wordpress.nibis.de\/grundschule-nettlingen\/files\/2025\/07\/image-6.png\" alt=\"\" class=\"wp-image-307\" width=\"186\" height=\"20\" \/><\/figure><\/div>\n\n\n\n<div class=\"wp-block-image\"><figure class=\"alignright size-full\"><img loading=\"lazy\" decoding=\"async\" width=\"824\" height=\"519\" src=\"https:\/\/wordpress.nibis.de\/grundschule-nettlingen\/files\/2025\/07\/Lernlandschaften5.jpg\" alt=\"\" class=\"wp-image-310\" srcset=\"https:\/\/wordpress.nibis.de\/grundschule-nettlingen\/files\/2025\/07\/Lernlandschaften5.jpg 824w, https:\/\/wordpress.nibis.de\/grundschule-nettlingen\/files\/2025\/07\/Lernlandschaften5-768x484.jpg 768w\" sizes=\"auto, (max-width: 824px) 100vw, 824px\" \/><\/figure><\/div>\n\n\n\n<pre class=\"wp-block-verse\">Wenn der Lernstandstest nicht erfolgreich war, erh\u00e4lt das Kind weitere Unterst\u00fctzung, so dass die Kompetenz entwickelt werden kann. <\/pre>\n<\/div><\/div>\n\n\n\n<div class=\"wp-block-media-text alignwide is-stacked-on-mobile\" style=\"grid-template-columns:21% auto\"><figure class=\"wp-block-media-text__media\"><img loading=\"lazy\" decoding=\"async\" width=\"375\" height=\"481\" src=\"https:\/\/wordpress.nibis.de\/grundschule-nettlingen\/files\/2025\/07\/Lernlandschaften1.jpg\" alt=\"\" class=\"wp-image-296 size-full\" \/><\/figure><div class=\"wp-block-media-text__content\">\n<p class=\"has-medium-font-size\">Jedes Kind hat in der Schule einen Ordner zur Dokumentation:<\/p>\n\n\n\n<ul class=\"has-medium-font-size wp-block-list\"><li> Kompetenzraster <\/li><\/ul>\n\n\n\n<ul class=\"has-medium-font-size wp-block-list\"><li>Lernlandschaften <\/li><\/ul>\n\n\n\n<ul class=\"has-medium-font-size wp-block-list\"><li>individuelle Lernwege <\/li><\/ul>\n\n\n\n<ul class=\"has-medium-font-size wp-block-list\"><li>Lernstandskontrollen <\/li><\/ul>\n\n\n\n<p class=\"has-medium-font-size\">Dieser Ordner ist die Grundlage f\u00fcr gemeinsame\u00a0 Lernentwicklungsgespr\u00e4che\u00a0 und Kind- Eltern- Gespr\u00e4che. <\/p>\n<\/div><\/div>\n\n\n\n<div class=\"wp-block-media-text alignwide is-stacked-on-mobile\"><figure class=\"wp-block-media-text__media\"><img loading=\"lazy\" decoding=\"async\" width=\"823\" height=\"614\" src=\"https:\/\/wordpress.nibis.de\/grundschule-nettlingen\/files\/2025\/07\/Lernlandschaften2.jpg\" alt=\"\" class=\"wp-image-297 size-full\" srcset=\"https:\/\/wordpress.nibis.de\/grundschule-nettlingen\/files\/2025\/07\/Lernlandschaften2.jpg 823w, https:\/\/wordpress.nibis.de\/grundschule-nettlingen\/files\/2025\/07\/Lernlandschaften2-768x573.jpg 768w\" sizes=\"auto, (max-width: 823px) 100vw, 823px\" \/><\/figure><div class=\"wp-block-media-text__content\">\n<p class=\"has-medium-font-size\">Jeder Klassenraum ist mit entsprechenden Materialtheken ausgestattet, die den Lernlandschaften fortlaufend angepasst werden.<\/p>\n<\/div><\/div>\n\n\n\n<p><\/p>\n\n\n\n<p><\/p>\n","protected":false},"excerpt":{"rendered":"<p>So arbeiten wir mit Kompetenzrastern, Lernlandschaften und individuellen Lernwegen So l\u00e4uft eine Schulstunde- bei uns Lernzeit- ab: Es gibt gemeinsame Einf\u00fchrungen und gemeinsame Stunden. Somit bleibt es ein gemeinschaftliches und dennoch selbstbestimmtes Lernen. Es gibt Lernlandschaften f\u00fcr Deutsch und Mathematik in allen Jahrg\u00e4ngen. Die Selbstbestimmung und Eigenverantwortlichkeit steigert sich mit den Schuljahrg\u00e4ngen. So wird dies [&hellip;]<\/p>\n","protected":false},"author":9194638,"featured_media":0,"parent":0,"menu_order":0,"comment_status":"closed","ping_status":"closed","template":"","meta":{"footnotes":""},"class_list":["post-295","page","type-page","status-publish","hentry"],"_links":{"self":[{"href":"https:\/\/wordpress.nibis.de\/grundschule-nettlingen\/wp-json\/wp\/v2\/pages\/295","targetHints":{"allow":["GET"]}}],"collection":[{"href":"https:\/\/wordpress.nibis.de\/grundschule-nettlingen\/wp-json\/wp\/v2\/pages"}],"about":[{"href":"https:\/\/wordpress.nibis.de\/grundschule-nettlingen\/wp-json\/wp\/v2\/types\/page"}],"author":[{"embeddable":true,"href":"https:\/\/wordpress.nibis.de\/grundschule-nettlingen\/wp-json\/wp\/v2\/users\/9194638"}],"replies":[{"embeddable":true,"href":"https:\/\/wordpress.nibis.de\/grundschule-nettlingen\/wp-json\/wp\/v2\/comments?post=295"}],"version-history":[{"count":13,"href":"https:\/\/wordpress.nibis.de\/grundschule-nettlingen\/wp-json\/wp\/v2\/pages\/295\/revisions"}],"predecessor-version":[{"id":322,"href":"https:\/\/wordpress.nibis.de\/grundschule-nettlingen\/wp-json\/wp\/v2\/pages\/295\/revisions\/322"}],"wp:attachment":[{"href":"https:\/\/wordpress.nibis.de\/grundschule-nettlingen\/wp-json\/wp\/v2\/media?parent=295"}],"curies":[{"name":"wp","href":"https:\/\/api.w.org\/{rel}","templated":true}]}}