{"id":31,"date":"2025-07-23T08:51:22","date_gmt":"2025-07-23T06:51:22","guid":{"rendered":"https:\/\/wordpress.nibis.de\/grundschule-nettlingen\/?page_id=31"},"modified":"2026-01-26T11:20:28","modified_gmt":"2026-01-26T10:20:28","slug":"ganztag","status":"publish","type":"page","link":"https:\/\/wordpress.nibis.de\/grundschule-nettlingen\/ganztag\/","title":{"rendered":"Ganztag"},"content":{"rendered":"\n<p>Die Grundschule Nettlingen ist seit dem Schuljahr 2011\/12 eine offene Ganztagsschule. Nach dem Unterricht findet das Mittagessen, eine gro\u00dfe Pause, die Lern- und \u00dcbungszeit und im Anschluss verschiedene Angebote statt.<br> <br>Beim Mittagessen k\u00f6nnen die Kinder aus zwei warmen Gerichten w\u00e4hlen. Es ist auch m\u00f6glich eigenes, kaltes Essen mitzubringen. Nach dem Essen gehen unsere Sch\u00fclerinnen und Sch\u00fcler auf den Pausenhof. Der gro\u00dfe Schulhof l\u00e4dt zum Spielen und Toben ein. Um 14.00 Uhr beginnt die Lern- und \u00dcbungszeit. Hier werden u.a. Hausaufgaben erledigt. Es stehen zus\u00e4tzliche Materialien zum \u00dcben und Lesen zur Verf\u00fcgung. Wir bieten im Anschluss ein vielf\u00e4ltiges Programm an, z.B.: Raus in die Natur, Gitarre, Selbstverteidigung, Lesen&#8230; .  Die Arbeitsgemeinschaften werden durch das Kollegium oder unsere <a href=\"https:\/\/wordpress.nibis.de\/grundschule-nettlingen\/das-sind-wir\/\" data-type=\"page\" data-id=\"72\">Kooperationspartner<\/a> angeboten.<br><br><\/p>\n\n\n\n<pre id=\"block-e8d89501-8f1e-4adb-9c4c-f459603c1ba0\" class=\"wp-block-preformatted has-vivid-cyan-blue-color has-text-color has-medium-font-size\">Die wichtigsten Eckdaten in K\u00fcrze:<\/pre>\n\n\n\n<ul class=\"wp-block-list\">\n<li>sehr flexibles Ganztagsangebot von <strong>Montag bis Donnerstag<\/strong> (ab 13.05 bis max. 15.35 Uhr)<\/li>\n<\/ul>\n\n\n\n<ul class=\"wp-block-list\">\n<li>Teilnahme an 1, 2, 3 oder 4 Tagen m\u00f6glich\n<ul class=\"wp-block-list\">\n<li>Anmeldung nur zum Mittagessen (bis 14.00 Uhr) <\/li>\n\n\n\n<li>Anmeldung zum Mittagessen und zur L\u00dcZ (bis 14.45 Uhr) <\/li>\n\n\n\n<li>Anmeldung f\u00fcr das gesamte Angebot bis 15.35 Uhr<\/li>\n<\/ul>\n<\/li>\n<\/ul>\n\n\n\n<ul class=\"wp-block-list\">\n<li>Teilnahme an den ganztagsspezifischen Angeboten ist&nbsp;&nbsp;<strong>freiwillig<\/strong> <\/li>\n<\/ul>\n\n\n\n<ul class=\"wp-block-list\">\n<li>Anmeldung f\u00fcr die Dauer eines Halbjahres <strong>verbindlich<\/strong> <\/li>\n<\/ul>\n\n\n\n<ul class=\"wp-block-list\">\n<li>Anmeldung <strong>tageweise<\/strong> m\u00f6glich <\/li>\n<\/ul>\n\n\n\n<ul class=\"wp-block-list\">\n<li><strong>warmes Mittagessen <\/strong>z. Zt. 3,90 \u20ac (Hamburger Hof)&nbsp;&nbsp;oder  <\/li>\n\n\n\n<li><strong>kaltes, eigenes Essen <\/strong>kann auch mitgebracht werden (zus\u00e4tzliche Brotbox)<\/li>\n<\/ul>\n\n\n\n<ul class=\"wp-block-list\">\n<li><strong>f\u00fcr die angemeldeten Zeiten besteht Schulpflicht<\/strong><\/li>\n<\/ul>\n\n\n\n<p class=\"has-medium-font-size\">F\u00fcr die ausw\u00e4rtigen Kinder:<\/p>\n\n\n\n<ul class=\"wp-block-list\">\n<li>Bus f\u00e4hrt um 12,10 Uhr\/ 13:05 Uhr<\/li>\n\n\n\n<li>Taxi f\u00e4hrt um 15:40 Uhr<\/li>\n\n\n\n<li>Die Kinder werden morgens vom Bus abgeholt und nach Schulschluss zum Bus\/ Taxi begleitet.<\/li>\n<\/ul>\n\n\n\n\n\n\n\n\n\n\n\n\n\n<details class=\"wp-block-details is-layout-flow wp-block-details-is-layout-flow\"><summary><\/summary>\n<pre class=\"wp-block-verse\"><\/pre>\n<\/details>\n\n\n\n<p><\/p>\n\n\n\n<p><\/p>\n\n\n\n<p><\/p>\n\n\n\n<p><\/p>\n\n\n\n<p><\/p>\n","protected":false},"excerpt":{"rendered":"<p>Die Grundschule Nettlingen ist seit dem Schuljahr 2011\/12 eine offene Ganztagsschule. Nach dem Unterricht findet das Mittagessen, eine gro\u00dfe Pause, die Lern- und \u00dcbungszeit und im Anschluss verschiedene Angebote statt. Beim Mittagessen k\u00f6nnen die Kinder aus zwei warmen Gerichten w\u00e4hlen. Es ist auch m\u00f6glich eigenes, kaltes Essen mitzubringen. Nach dem Essen gehen unsere Sch\u00fclerinnen und [&hellip;]<\/p>\n","protected":false},"author":9194638,"featured_media":0,"parent":0,"menu_order":0,"comment_status":"closed","ping_status":"closed","template":"","meta":{"footnotes":""},"class_list":["post-31","page","type-page","status-publish","hentry"],"_links":{"self":[{"href":"https:\/\/wordpress.nibis.de\/grundschule-nettlingen\/wp-json\/wp\/v2\/pages\/31","targetHints":{"allow":["GET"]}}],"collection":[{"href":"https:\/\/wordpress.nibis.de\/grundschule-nettlingen\/wp-json\/wp\/v2\/pages"}],"about":[{"href":"https:\/\/wordpress.nibis.de\/grundschule-nettlingen\/wp-json\/wp\/v2\/types\/page"}],"author":[{"embeddable":true,"href":"https:\/\/wordpress.nibis.de\/grundschule-nettlingen\/wp-json\/wp\/v2\/users\/9194638"}],"replies":[{"embeddable":true,"href":"https:\/\/wordpress.nibis.de\/grundschule-nettlingen\/wp-json\/wp\/v2\/comments?post=31"}],"version-history":[{"count":11,"href":"https:\/\/wordpress.nibis.de\/grundschule-nettlingen\/wp-json\/wp\/v2\/pages\/31\/revisions"}],"predecessor-version":[{"id":388,"href":"https:\/\/wordpress.nibis.de\/grundschule-nettlingen\/wp-json\/wp\/v2\/pages\/31\/revisions\/388"}],"wp:attachment":[{"href":"https:\/\/wordpress.nibis.de\/grundschule-nettlingen\/wp-json\/wp\/v2\/media?parent=31"}],"curies":[{"name":"wp","href":"https:\/\/api.w.org\/{rel}","templated":true}]}}