{"id":1471,"date":"2019-04-02T17:39:51","date_gmt":"2019-04-02T15:39:51","guid":{"rendered":"https:\/\/wordpress.nibis.de\/gs-berge\/?page_id=1471"},"modified":"2019-04-02T18:25:24","modified_gmt":"2019-04-02T16:25:24","slug":"datenschutz","status":"publish","type":"page","link":"https:\/\/wordpress.nibis.de\/gs-berge\/datenschutz\/","title":{"rendered":"Datenschutz"},"content":{"rendered":"\n<h3 class=\"wp-block-heading\"><strong>Name und Anschrift der Verantwortlichen <\/strong><\/h3>\n\n\n\n<p>Grundschule Berge<\/p>\n\n\n\n<p>Am Sonnenberg 1<\/p>\n\n\n\n<p>49626 Berge<\/p>\n\n\n\n<p>05435\/ 395<\/p>\n\n\n\n<p><\/p>\n\n\n\n<h3 class=\"wp-block-heading\">Kontaktdaten der oder des Datenschutzbeauftragten<\/h3>\n\n\n\n<p>Tel.: 05435\/395<\/p>\n\n\n\n<p><strong>Bereitstellung der Website und Erstellung von Logfiles<\/strong><\/p>\n\n\n\n<p>Bei jedem Aufruf unserer Internetseite erfasst unser System automatisiert Daten und Informationen vom Computersystem des aufrufenden Rechners. Folgende Daten werden hierbei erhoben:\n<\/p>\n\n\n\n<p style=\"text-align:left\">          1.\u00a0\u00a0\u00a0\u00a0\u00a0\u00a0 Datum und Uhrzeit des  Zugriffes <\/p>\n\n\n\n<p style=\"text-align:left\">          2.\u00a0\u00a0\u00a0\u00a0\u00a0\u00a0 Die IP-Adresse des Nutzers <\/p>\n\n\n\n<p>          3.\u00a0\u00a0\u00a0\u00a0\u00a0\u00a0 Die Betriebssystemversion des Nutzers <\/p>\n\n\n\n<p>          4.\u00a0\u00a0\u00a0\u00a0\u00a0\u00a0 Der Browsertyp des  Nutzers <\/p>\n\n\n\n<p>          5.\u00a0\u00a0\u00a0\u00a0\u00a0\u00a0 Die vom Nutzer aufgerufene Seite <\/p>\n\n\n\n<p>Die Daten werden in den Logfiles unseres Systems gespeichert. Eine Speicherung dieser Daten zusammen mit anderen personenbezogenen Daten des Nutzers findet nicht statt. Zweck der Datenspeicherung     ist die technische Optimierung unserer Internetseite. Rechtsgrundlage f\u00fcr die vor\u00fcbergehende Speicherung der Daten ist Art. 6 Abs.1 lit.f DSGVO. Die Daten werden f\u00fcr zwei Monate gespeichert, sie werden lediglich statistisch ausgewertet. <\/p>\n\n\n\n<h3 class=\"wp-block-heading\">Verwendung von Cookies<\/h3>\n\n\n\n<p>Unsere Website verwendet Cookies. Dies sind kleine Textdateien, die automatisch von Ihrem Browser auf Ihrem Rechner gespeichert werden<br>Die Verwendung der Cookies erfolgt aus technischen Gr\u00fcnden und dient der Optimierung     der Darstellung unserer Seiten in Ihrem Browser. Diese Information steht in sp\u00e4teren Browser-Sitzungen nicht mehr zur Verf\u00fcgung. <\/p>\n\n\n\n<p>Die durch diese Cookies verarbeiteten Daten sind f\u00fcr die genannten Zwecke zur Wahrung unserer berechtigten Interessen nach Art. 6 Abs. 1 S. 1 lit. f DSGVO erforderlich. Diese bestehen in einer  technischen Optimierung der Bereitstellung unserer Internetseite. <\/p>\n\n\n\n<p style=\"text-align:left\">Es besteht die M\u00f6glichkeit, den Browser so einzustellen, dass keine Cookies gespeichert werden. In diesem Fall besteht die M\u00f6glichkeit, dass Sie nicht den vollen Funktionsumfang   unserer Internetseiten nutzen k\u00f6nnen.<\/p>\n\n\n\n<h3 class=\"wp-block-heading\"><strong>Speicherung von personenbezogenen Daten bei Kontaktaufnahme<\/strong><\/h3>\n\n\n\n<p>Sofern Sie per E-Mail den Kontakt mit uns aufnehmen, werden die von Ihnen \u00fcbermittelten personenbezogenen Daten automatisch gespeichert. Diese Daten werden f\u00fcr Zwecke der Bearbeitung Ihres Anliegens und der Kontaktaufnahme mit Ihnen gespeichert. <\/p>\n\n\n\n<p> Wenn Sie uns per Kontaktformular Anfragen zukommen lassen, werden Ihre Angaben aus dem Anfrageformular inklusive der von Ihnen dort angegebenen Kontaktdaten zwecks Bearbeitung der Anfrage und f\u00fcr     den Fall von Anschlussfragen bei uns gespeichert. Diese Daten geben wir nicht ohne Ihre Einwilligung weiter. Die Verarbeitung der in das Kontaktformular eingegebenen Daten erfolgt somit     ausschlie\u00dflich auf Grundlage Ihrer Einwilligung (Art. 6 Abs. 1 lit. a DSGVO). Sie k\u00f6nnen diese Einwilligung jederzeit widerrufen. Dazu reicht eine formlose Mitteilung per E-Mail an uns. Die     Rechtm\u00e4\u00dfigkeit der bis zum Widerruf erfolgten Datenverarbeitungsvorg\u00e4nge bleibt vom Widerruf unber\u00fchrt. <\/p>\n\n\n\n<p> Die von Ihnen im Kontaktformular eingegebenen Daten verbleiben bei uns, bis Sie uns zur L\u00f6schung auffordern, Ihre Einwilligung zur Speicherung widerrufen oder der Zweck f\u00fcr die Datenspeicherung   entf\u00e4llt (z. B. nach abgeschlossener Bearbeitung Ihrer Anfrage). Zwingende gesetzliche Bestimmungen \u2013 insbesondere Aufbewahrungsfristen \u2013 bleiben unber\u00fchrt. <\/p>\n\n\n\n<h3 class=\"wp-block-heading\"><strong>Betroffenenrechte<\/strong><\/h3>\n\n\n\n<p>Sie k\u00f6nnen folgende Rechte geltend machen:\n<\/p>\n\n\n\n<h4 class=\"wp-block-heading\">Auskunft\/ Akteneinsicht <\/h4>\n\n\n\n<p>Gem. Art. 15 DSGVO haben Sie das Recht, Auskunft bzw. Akteneinsicht \u00fcber die von uns verarbeiteten personenbezogenen Daten zu erhalten. <\/p>\n\n\n\n<h4 class=\"wp-block-heading\"> Berichtigung <\/h4>\n\n\n\n<p>Sind bei uns gespeicherte personenbezogene Daten unrichtig oder unvollst\u00e4ndig, haben Sie gem. Art. 16 DSGVO das Recht, diese berichtigen bzw. vervollst\u00e4ndigen zu lassen. <\/p>\n\n\n\n<h4 class=\"wp-block-heading\"> L\u00f6schung <\/h4>\n\n\n\n<p style=\"text-align:left\">Art. 17 DSGVO normiert das Recht auf L\u00f6schung personenbezogener Daten. Dieses Recht steht Ihnen insbesondere dann zu, wenn die Speicherung der personenbezogenen Daten zur Erf\u00fcllung unserer     gesetzlichen Aufgaben nicht mehr erforderlich ist oder Sie Ihre Einwilligung zur Datenverarbeitung mit Wirkung f\u00fcr die Zukunft widerrufen haben. <\/p>\n\n\n\n<h4 class=\"wp-block-heading\"> Einschr\u00e4nkung der Verarbeitung <\/h4>\n\n\n\n<p> Gem. Art. 18 DSGVO k\u00f6nnen Sie die Einschr\u00e4nkung der personenbezogenen Daten verlangen, wenn <\/p>\n\n\n\n<ul class=\"wp-block-list\"><li> die Richtigkeit der Daten von Ihnen bestritten wird <\/li><li>die Verarbeitung unrechtm\u00e4\u00dfig ist, Sie aber deren L\u00f6schung ablehnen<\/li><li>wir die Daten nicht mehr ben\u00f6tigen, Sie jedoch diese zur Geltendmachung, Aus\u00fcbung oder Verteidigung von Rechtsanspr\u00fcchen ben\u00f6tigen<\/li><li>oder Sie gem\u00e4\u00df Art. 21 DSGVO Widerspruch gegen die Verarbeitung eingelegt habe  <\/li><\/ul>\n\n\n\n<p>     <\/p>\n\n\n\n<h4 class=\"wp-block-heading\">Widerspruch <\/h4>\n\n\n\n<p>Sie k\u00f6nnen bei Gr\u00fcnden, die sich aus Ihrer besonderen Situation ergeben, ein Widerspruchsrecht geltend machen. Gem. Art. 21 DSGVO ist jedoch zu ber\u00fccksichtigten, ob schutzw\u00fcrdige Gr\u00fcnde f\u00fcr die     Verarbeitung vorliegen oder die Verarbeitung der Geltendmachung, Aus\u00fcbung oder Verteidigung von Rechtsanspr\u00fcchen dient. <\/p>\n\n\n\n<h4 class=\"wp-block-heading\">Daten\u00fcbertragbarkeit <\/h4>\n\n\n\n<p>Ist die Verarbeitung Ihrer Daten mit \u00a0Hilfe eines automatisierten Verfahrens erfolgt, haben Sie gem. Art. 20 DSGVO das Recht, die Daten in einem     g\u00e4ngigen und maschinenlesbaren Format zu erhalten und an eine andere Schule zu \u00fcbermitteln bzw. durch uns \u00fcbermitteln zu lassen. <\/p>\n\n\n\n<h4 class=\"wp-block-heading\">Widerruf der Einwilligung <\/h4>\n\n\n\n<p>Sie haben gem. Art. 7 Absatz 3 DSGVO das Recht, uns erteilte Einwilligungen jederzeit mit Wirkung f\u00fcr die Zukunft zu widerrufen. <\/p>\n\n\n\n<h4 class=\"wp-block-heading\"> Beschwerde <\/h4>\n\n\n\n<p>Art. 77 DSGVO normiert ein Beschwerderecht bei der Aufsichtsbeh\u00f6rde. Die f\u00fcr uns zust\u00e4ndige Aufsichtsbeh\u00f6rde ist die Landesbeauftragte f\u00fcr den Datenschutz Niedersachsen, Prinzenstra\u00dfe 5, 30159 Hannover. E-Mail: <a href=\"&#x6d;&#x61;&#x69;&#x6c;&#x74;&#111;&#58;&#112;&#111;sts&#x74;&#x65;&#x6c;&#x6c;&#x65;&#x40;&#108;&#102;&#100;&#46;ni&#x65;&#x64;&#x65;&#x72;&#x73;&#x61;&#99;&#104;&#115;&#101;n&#46;d&#x65;\">&#x70;&#111;s&#x74;&#115;&#116;&#x65;&#x6c;&#108;e&#x40;&#108;f&#x64;&#x2e;&#110;i&#x65;&#100;e&#x72;&#x73;&#97;c&#x68;&#115;e&#x6e;&#x2e;&#100;e<\/a> <\/p>\n\n\n\n<p><\/p>\n","protected":false},"excerpt":{"rendered":"<p>Name und Anschrift der Verantwortlichen Grundschule Berge Am Sonnenberg 1 49626 Berge 05435\/ 395 Kontaktdaten der oder des Datenschutzbeauftragten Tel.: 05435\/395 Bereitstellung der Website und Erstellung von Logfiles Bei jedem Aufruf unserer Internetseite erfasst unser System automatisiert Daten und Informationen &hellip; <a href=\"https:\/\/wordpress.nibis.de\/gs-berge\/datenschutz\/\">Weiterlesen <span class=\"meta-nav\">&rarr;<\/span><\/a><\/p>\n","protected":false},"author":9192634,"featured_media":0,"parent":0,"menu_order":0,"comment_status":"closed","ping_status":"closed","template":"","meta":{"footnotes":""},"class_list":["post-1471","page","type-page","status-publish","hentry"],"_links":{"self":[{"href":"https:\/\/wordpress.nibis.de\/gs-berge\/wp-json\/wp\/v2\/pages\/1471","targetHints":{"allow":["GET"]}}],"collection":[{"href":"https:\/\/wordpress.nibis.de\/gs-berge\/wp-json\/wp\/v2\/pages"}],"about":[{"href":"https:\/\/wordpress.nibis.de\/gs-berge\/wp-json\/wp\/v2\/types\/page"}],"author":[{"embeddable":true,"href":"https:\/\/wordpress.nibis.de\/gs-berge\/wp-json\/wp\/v2\/users\/9192634"}],"replies":[{"embeddable":true,"href":"https:\/\/wordpress.nibis.de\/gs-berge\/wp-json\/wp\/v2\/comments?post=1471"}],"version-history":[{"count":3,"href":"https:\/\/wordpress.nibis.de\/gs-berge\/wp-json\/wp\/v2\/pages\/1471\/revisions"}],"predecessor-version":[{"id":1475,"href":"https:\/\/wordpress.nibis.de\/gs-berge\/wp-json\/wp\/v2\/pages\/1471\/revisions\/1475"}],"wp:attachment":[{"href":"https:\/\/wordpress.nibis.de\/gs-berge\/wp-json\/wp\/v2\/media?parent=1471"}],"curies":[{"name":"wp","href":"https:\/\/api.w.org\/{rel}","templated":true}]}}