{"id":2128,"date":"2022-06-08T18:32:18","date_gmt":"2022-06-08T16:32:18","guid":{"rendered":"https:\/\/wordpress.nibis.de\/gs-berge\/?page_id=2128"},"modified":"2026-03-05T21:27:58","modified_gmt":"2026-03-05T20:27:58","slug":"begabtenfoerderung","status":"publish","type":"page","link":"https:\/\/wordpress.nibis.de\/gs-berge\/begabtenfoerderung\/","title":{"rendered":"Begabtenf\u00f6rderung"},"content":{"rendered":"\n<p>Die Begabtenf\u00f6rderung erfolgt an der Grundschule Berge nach dem Begabtenf\u00f6rderkonzept des KOV der Samtgemeinde F\u00fcrstenau.<\/p>\n<p>Begabtenf\u00f6rderkonzept des KOV der Samtgemeinde F\u00fcrstennau<br \/>Stand Mai 2022; pdf-Datei: <a href=\"https:\/\/wordpress.nibis.de\/gs-berge\/files\/2022\/06\/2022-05-19-NEU-Konzept-KOV.pdf\">2022 05 19 NEU Konzept KOV<\/a><\/p>\n<p>Aktuell wird in der Grundschule Berge KOV Medien und KOV Matheknobelspiele angeboten.\u00a0<\/p>\n","protected":false},"excerpt":{"rendered":"<p>Die Begabtenf\u00f6rderung erfolgt an der Grundschule Berge nach dem Begabtenf\u00f6rderkonzept des KOV der Samtgemeinde F\u00fcrstenau. Begabtenf\u00f6rderkonzept des KOV der Samtgemeinde F\u00fcrstennauStand Mai 2022; pdf-Datei: 2022 05 19 NEU Konzept KOV Aktuell wird in der Grundschule Berge KOV Medien und KOV &hellip; <a href=\"https:\/\/wordpress.nibis.de\/gs-berge\/begabtenfoerderung\/\">Weiterlesen <span class=\"meta-nav\">&rarr;<\/span><\/a><\/p>\n","protected":false},"author":9193825,"featured_media":0,"parent":0,"menu_order":0,"comment_status":"closed","ping_status":"closed","template":"","meta":{"footnotes":""},"class_list":["post-2128","page","type-page","status-publish","hentry"],"_links":{"self":[{"href":"https:\/\/wordpress.nibis.de\/gs-berge\/wp-json\/wp\/v2\/pages\/2128","targetHints":{"allow":["GET"]}}],"collection":[{"href":"https:\/\/wordpress.nibis.de\/gs-berge\/wp-json\/wp\/v2\/pages"}],"about":[{"href":"https:\/\/wordpress.nibis.de\/gs-berge\/wp-json\/wp\/v2\/types\/page"}],"author":[{"embeddable":true,"href":"https:\/\/wordpress.nibis.de\/gs-berge\/wp-json\/wp\/v2\/users\/9193825"}],"replies":[{"embeddable":true,"href":"https:\/\/wordpress.nibis.de\/gs-berge\/wp-json\/wp\/v2\/comments?post=2128"}],"version-history":[{"count":4,"href":"https:\/\/wordpress.nibis.de\/gs-berge\/wp-json\/wp\/v2\/pages\/2128\/revisions"}],"predecessor-version":[{"id":3141,"href":"https:\/\/wordpress.nibis.de\/gs-berge\/wp-json\/wp\/v2\/pages\/2128\/revisions\/3141"}],"wp:attachment":[{"href":"https:\/\/wordpress.nibis.de\/gs-berge\/wp-json\/wp\/v2\/media?parent=2128"}],"curies":[{"name":"wp","href":"https:\/\/api.w.org\/{rel}","templated":true}]}}