{"id":510,"date":"2017-03-17T14:00:37","date_gmt":"2017-03-17T13:00:37","guid":{"rendered":"http:\/\/wordpress.nibis.de\/gs-berge\/?page_id=510"},"modified":"2018-12-01T17:53:51","modified_gmt":"2018-12-01T16:53:51","slug":"lesepaten","status":"publish","type":"page","link":"https:\/\/wordpress.nibis.de\/gs-berge\/lesepaten\/","title":{"rendered":"Lesepaten"},"content":{"rendered":"<p><img loading=\"lazy\" decoding=\"async\" class=\"size-medium wp-image-1392 aligncenter\" src=\"http:\/\/wordpress.nibis.de\/gs-berge\/files\/2018\/12\/Bibliothek-300x294.png\" alt=\"\" width=\"300\" height=\"294\" srcset=\"https:\/\/wordpress.nibis.de\/gs-berge\/files\/2018\/12\/Bibliothek-300x294.png 300w, https:\/\/wordpress.nibis.de\/gs-berge\/files\/2018\/12\/Bibliothek.png 490w\" sizes=\"auto, (max-width: 300px) 100vw, 300px\" \/><\/p>\n<p>&nbsp;<\/p>\n<p style=\"text-align: left\">Unsere engagierten und ehrenamtlichen Lesepatinnen \u00fcben mit einzelnen Kindern\u00a0oder kleinen Gruppen das Lesen. Als Lesepatin vermitteln sie den Kindern Freude an Geschichten und Texten und motivieren sie so zum selbstst\u00e4ndigen Lesen. Lesen und das Verstehen von Texten sind wichtige Grundlagen f\u00fcr einen erfolgreichen Lebensweg und f\u00fcr die aktive Teilhabe an der Gesellschaft.<\/p>\n<p><u>Auch weiterhin gilt: Lesepaten gesucht!<\/u><\/p>\n<p>Liebe Gro\u00dfeltern! Liebe Interessierte!<\/p>\n<p>Sie lesen gerne und m\u00f6gen B\u00fccher?<br \/>\nEs macht Ihnen Spa\u00df mit anderen Menschen zusammen zu sein?<br \/>\nHaben Sie etwas Zeit \u00fcbrig und k\u00f6nnten Freude daran haben, mit unseren Kindern<br \/>\nzu lesen und ihnen damit ein St\u00fcck Ihrer Lesefreude weiterzugeben?<br \/>\nDann w\u00fcrden wir uns freuen, Sie als ehrenamtlichen Lesepaten f\u00fcr unsere Schule<br \/>\ngewinnen zu k\u00f6nnen.<\/p>\n<p>Bei Interesse rufen\u00a0Sie uns bitte an!<\/p>\n","protected":false},"excerpt":{"rendered":"<p>&nbsp; Unsere engagierten und ehrenamtlichen Lesepatinnen \u00fcben mit einzelnen Kindern\u00a0oder kleinen Gruppen das Lesen. Als Lesepatin vermitteln sie den Kindern Freude an Geschichten und Texten und motivieren sie so zum selbstst\u00e4ndigen Lesen. Lesen und das Verstehen von Texten sind wichtige &hellip; <a href=\"https:\/\/wordpress.nibis.de\/gs-berge\/lesepaten\/\">Weiterlesen <span class=\"meta-nav\">&rarr;<\/span><\/a><\/p>\n","protected":false},"author":1238,"featured_media":0,"parent":0,"menu_order":0,"comment_status":"closed","ping_status":"closed","template":"","meta":{"footnotes":""},"class_list":["post-510","page","type-page","status-publish","hentry"],"_links":{"self":[{"href":"https:\/\/wordpress.nibis.de\/gs-berge\/wp-json\/wp\/v2\/pages\/510","targetHints":{"allow":["GET"]}}],"collection":[{"href":"https:\/\/wordpress.nibis.de\/gs-berge\/wp-json\/wp\/v2\/pages"}],"about":[{"href":"https:\/\/wordpress.nibis.de\/gs-berge\/wp-json\/wp\/v2\/types\/page"}],"author":[{"embeddable":true,"href":"https:\/\/wordpress.nibis.de\/gs-berge\/wp-json\/wp\/v2\/users\/1238"}],"replies":[{"embeddable":true,"href":"https:\/\/wordpress.nibis.de\/gs-berge\/wp-json\/wp\/v2\/comments?post=510"}],"version-history":[{"count":8,"href":"https:\/\/wordpress.nibis.de\/gs-berge\/wp-json\/wp\/v2\/pages\/510\/revisions"}],"predecessor-version":[{"id":1394,"href":"https:\/\/wordpress.nibis.de\/gs-berge\/wp-json\/wp\/v2\/pages\/510\/revisions\/1394"}],"wp:attachment":[{"href":"https:\/\/wordpress.nibis.de\/gs-berge\/wp-json\/wp\/v2\/media?parent=510"}],"curies":[{"name":"wp","href":"https:\/\/api.w.org\/{rel}","templated":true}]}}