{"id":1067,"date":"2020-08-31T09:16:21","date_gmt":"2020-08-31T07:16:21","guid":{"rendered":"https:\/\/wordpress.nibis.de\/gs-brock\/?page_id=1067"},"modified":"2024-04-24T14:14:15","modified_gmt":"2024-04-24T12:14:15","slug":"sekretariat","status":"publish","type":"page","link":"https:\/\/wordpress.nibis.de\/gs-brock\/unser-team\/sekretariat\/","title":{"rendered":"Sekretariat"},"content":{"rendered":"<p>Sekret\u00e4rin Frau Iris Niedfeld\u00a0<\/p>\n<p><img loading=\"lazy\" decoding=\"async\" class=\"alignnone wp-image-1272 \" src=\"https:\/\/wordpress.nibis.de\/gs-brock\/files\/2021\/02\/20_37_0195_0171_Y8632-scaled.jpg\" alt=\"\" width=\"220\" height=\"310\" srcset=\"https:\/\/wordpress.nibis.de\/gs-brock\/files\/2021\/02\/20_37_0195_0171_Y8632-scaled.jpg 1822w, https:\/\/wordpress.nibis.de\/gs-brock\/files\/2021\/02\/20_37_0195_0171_Y8632-768x1079.jpg 768w, https:\/\/wordpress.nibis.de\/gs-brock\/files\/2021\/02\/20_37_0195_0171_Y8632-1093x1536.jpg 1093w, https:\/\/wordpress.nibis.de\/gs-brock\/files\/2021\/02\/20_37_0195_0171_Y8632-1458x2048.jpg 1458w, https:\/\/wordpress.nibis.de\/gs-brock\/files\/2021\/02\/20_37_0195_0171_Y8632-270x380.jpg 270w\" sizes=\"auto, (max-width: 220px) 100vw, 220px\" \/><\/p>\n<p>Das Sekretariat ist Dienstag und Mittwoch von 9.00 &#8211; 12.00 Uhr besetzt.<\/p>\n<p>Au\u00dferhalb dieser Zeiten haben Sie meistens das Gl\u00fcck, dass eine Lehrkraft den H\u00f6rer abnimmt.<\/p>\n<p>Die Telefonnummer unserer Schule ist: 04442-3709<\/p>\n<p>unsere Fax-Nummer 04442-806966<\/p>\n<p>eMail: &#115;&#x65;&#x6b;r&#101;&#x74;a&#114;&#x69;&#x61;t&#64;&#x67;s&#45;&#x62;&#x72;o&#99;&#x6b;d&#111;&#x72;&#x66;&#46;&#100;&#x65;<\/p>\n<p>\u00a0<\/p>\n\n","protected":false},"excerpt":{"rendered":"<p>Sekret\u00e4rin Frau Iris Niedfeld\u00a0 Das Sekretariat ist Dienstag und Mittwoch von 9.00 &#8211; 12.00 Uhr besetzt. Au\u00dferhalb dieser Zeiten haben Sie meistens das Gl\u00fcck, dass eine Lehrkraft den H\u00f6rer abnimmt. Die Telefonnummer unserer Schule ist: 04442-3709 unsere Fax-Nummer 04442-806966 eMail: s&#101;&#x6b;&#x72;e&#116;&#97;&#x72;&#x69;a&#116;&#64;&#x67;&#x73;-&#98;&#x72;&#x6f;&#x63;k&#100;&#x6f;&#x72;f&#46;&#100;&#x65; \u00a0<\/p>\n","protected":false},"author":9193281,"featured_media":0,"parent":1573,"menu_order":5,"comment_status":"closed","ping_status":"closed","template":"","meta":{"footnotes":""},"class_list":["post-1067","page","type-page","status-publish","hentry","without-featured-image"],"_links":{"self":[{"href":"https:\/\/wordpress.nibis.de\/gs-brock\/wp-json\/wp\/v2\/pages\/1067","targetHints":{"allow":["GET"]}}],"collection":[{"href":"https:\/\/wordpress.nibis.de\/gs-brock\/wp-json\/wp\/v2\/pages"}],"about":[{"href":"https:\/\/wordpress.nibis.de\/gs-brock\/wp-json\/wp\/v2\/types\/page"}],"author":[{"embeddable":true,"href":"https:\/\/wordpress.nibis.de\/gs-brock\/wp-json\/wp\/v2\/users\/9193281"}],"replies":[{"embeddable":true,"href":"https:\/\/wordpress.nibis.de\/gs-brock\/wp-json\/wp\/v2\/comments?post=1067"}],"version-history":[{"count":5,"href":"https:\/\/wordpress.nibis.de\/gs-brock\/wp-json\/wp\/v2\/pages\/1067\/revisions"}],"predecessor-version":[{"id":2125,"href":"https:\/\/wordpress.nibis.de\/gs-brock\/wp-json\/wp\/v2\/pages\/1067\/revisions\/2125"}],"up":[{"embeddable":true,"href":"https:\/\/wordpress.nibis.de\/gs-brock\/wp-json\/wp\/v2\/pages\/1573"}],"wp:attachment":[{"href":"https:\/\/wordpress.nibis.de\/gs-brock\/wp-json\/wp\/v2\/media?parent=1067"}],"curies":[{"name":"wp","href":"https:\/\/api.w.org\/{rel}","templated":true}]}}