{"id":2038,"date":"2023-09-12T16:11:02","date_gmt":"2023-09-12T14:11:02","guid":{"rendered":"https:\/\/wordpress.nibis.de\/gs-brock\/?page_id=2038"},"modified":"2024-09-06T15:30:43","modified_gmt":"2024-09-06T13:30:43","slug":"unser-team-im-schuljahr-2023-24","status":"publish","type":"page","link":"https:\/\/wordpress.nibis.de\/gs-brock\/unser-team\/unser-team-im-schuljahr-2023-24\/","title":{"rendered":"Unser Team im Schuljahr 2023 \/ 24"},"content":{"rendered":"\n<p><\/p>\n\n\n\n<figure class=\"wp-block-image size-full is-style-default\"><img loading=\"lazy\" decoding=\"async\" width=\"2560\" height=\"1826\" src=\"https:\/\/wordpress.nibis.de\/gs-brock\/files\/2024\/03\/Kollegium-2023-scaled.jpg\" alt=\"\" class=\"wp-image-2107\" srcset=\"https:\/\/wordpress.nibis.de\/gs-brock\/files\/2024\/03\/Kollegium-2023-scaled.jpg 2560w, https:\/\/wordpress.nibis.de\/gs-brock\/files\/2024\/03\/Kollegium-2023-768x548.jpg 768w, https:\/\/wordpress.nibis.de\/gs-brock\/files\/2024\/03\/Kollegium-2023-1536x1096.jpg 1536w, https:\/\/wordpress.nibis.de\/gs-brock\/files\/2024\/03\/Kollegium-2023-2048x1461.jpg 2048w, https:\/\/wordpress.nibis.de\/gs-brock\/files\/2024\/03\/Kollegium-2023-533x380.jpg 533w\" sizes=\"auto, (max-width: 2560px) 100vw, 2560px\" \/><\/figure>\n\n\n\n<p>Schulleiterin Frau Kolbeck<\/p>\n\n\n\n<p>Frau Albers<\/p>\n\n\n\n<p>Frau Heuer<\/p>\n\n\n\n<p>Frau H\u00f6hle<\/p>\n\n\n\n<p>Frau K\u00fcmper (z.Zt. in Elternzeit)<\/p>\n\n\n\n<p>Frau Macke<\/p>\n\n\n\n<p>Frau Meyer<\/p>\n\n\n\n<p>Frau M\u00fcller<\/p>\n\n\n\n<p>Frau Neumann<\/p>\n\n\n\n<p>Frau Rie\u00dfelmann<\/p>\n\n\n\n<p>Frau Schulz<\/p>\n\n\n\n<p>Frau Voth<\/p>\n\n\n\n<p><\/p>\n\n\n\n<p>Frau W\u00fcbbelmann (F\u00f6rderschullehrkraft)<\/p>\n\n\n\n<p>Frau Buck (F\u00f6rderschullehrkraft)<\/p>\n\n\n\n<p>Frau St\u00f6ver (Schulsozialarbeiterin)<\/p>\n\n\n\n<p>Frau Hermsen (Betreuungskraft)<\/p>\n\n\n\n<p>Frau Willenborg (Betreuungskraft)<\/p>\n\n\n\n<p><\/p>\n\n\n\n<p>Frau Linda Garvels (PM)<\/p>\n\n\n\n<p>Frau Pia Kolbeck (PM)<\/p>\n\n\n\n<p>Frau Pauline Osterhus (PM)<\/p>\n\n\n\n<p>Herr David Beiderhase (FSJ)<\/p>\n\n\n\n<p>Frau Nele Hellmann (FSJ)<\/p>\n\n\n\n<p>Frau Niedfeld (Sektret\u00e4rin)<\/p>\n\n\n\n<p>Frank Sieve (Hausmeister)<\/p>\n","protected":false},"excerpt":{"rendered":"<p>Schulleiterin Frau Kolbeck Frau Albers Frau Heuer Frau H\u00f6hle Frau K\u00fcmper (z.Zt. in Elternzeit) Frau Macke Frau Meyer Frau M\u00fcller Frau Neumann Frau Rie\u00dfelmann Frau Schulz Frau Voth Frau W\u00fcbbelmann (F\u00f6rderschullehrkraft) Frau Buck (F\u00f6rderschullehrkraft) Frau St\u00f6ver (Schulsozialarbeiterin) Frau Hermsen (Betreuungskraft) Frau Willenborg (Betreuungskraft) Frau Linda Garvels (PM) Frau Pia Kolbeck (PM) Frau Pauline Osterhus (PM) &hellip; <a href=\"https:\/\/wordpress.nibis.de\/gs-brock\/unser-team\/unser-team-im-schuljahr-2023-24\/\" class=\"more-link\">Weiterlesen <span class=\"screen-reader-text\">Unser Team im Schuljahr 2023 \/ 24<\/span><\/a><\/p>\n","protected":false},"author":9193281,"featured_media":0,"parent":1573,"menu_order":2,"comment_status":"closed","ping_status":"closed","template":"","meta":{"footnotes":""},"class_list":["post-2038","page","type-page","status-publish","hentry","without-featured-image"],"_links":{"self":[{"href":"https:\/\/wordpress.nibis.de\/gs-brock\/wp-json\/wp\/v2\/pages\/2038","targetHints":{"allow":["GET"]}}],"collection":[{"href":"https:\/\/wordpress.nibis.de\/gs-brock\/wp-json\/wp\/v2\/pages"}],"about":[{"href":"https:\/\/wordpress.nibis.de\/gs-brock\/wp-json\/wp\/v2\/types\/page"}],"author":[{"embeddable":true,"href":"https:\/\/wordpress.nibis.de\/gs-brock\/wp-json\/wp\/v2\/users\/9193281"}],"replies":[{"embeddable":true,"href":"https:\/\/wordpress.nibis.de\/gs-brock\/wp-json\/wp\/v2\/comments?post=2038"}],"version-history":[{"count":3,"href":"https:\/\/wordpress.nibis.de\/gs-brock\/wp-json\/wp\/v2\/pages\/2038\/revisions"}],"predecessor-version":[{"id":2162,"href":"https:\/\/wordpress.nibis.de\/gs-brock\/wp-json\/wp\/v2\/pages\/2038\/revisions\/2162"}],"up":[{"embeddable":true,"href":"https:\/\/wordpress.nibis.de\/gs-brock\/wp-json\/wp\/v2\/pages\/1573"}],"wp:attachment":[{"href":"https:\/\/wordpress.nibis.de\/gs-brock\/wp-json\/wp\/v2\/media?parent=2038"}],"curies":[{"name":"wp","href":"https:\/\/api.w.org\/{rel}","templated":true}]}}