{"id":209,"date":"2020-03-03T08:19:18","date_gmt":"2020-03-03T07:19:18","guid":{"rendered":"https:\/\/wordpress.nibis.de\/gs-brock\/?page_id=209"},"modified":"2022-05-10T16:10:22","modified_gmt":"2022-05-10T14:10:22","slug":"lied-komm-mit-uns","status":"publish","type":"page","link":"https:\/\/wordpress.nibis.de\/gs-brock\/herzlich-willkommen\/zirkus\/zirkuslieder\/lied-komm-mit-uns\/","title":{"rendered":"Lied: Komm mit uns in die bunte Zirkuswelt"},"content":{"rendered":"\n<p>Aufgepasst, gleich geht es los, Zirkus Chabernaq, der ist famos.\u00a0\u00a0\u00a0\u00a0\u00a0\u00a0\u00a0\u00a0\u00a0\u00a0\u00a0\u00a0\u00a0\u00a0\u00a0\u00a0\u00a0\u00a0\u00a0\u00a0\u00a0\u00a0\u00a0\u00a0<\/p>\n<p>Achtung Leute, h\u00f6rt mal her, singt doch alle mit, das ist nicht schwer.<\/p>\n<p>\u00a0<\/p>\n<p>Refrain:<\/p>\n<p>Kommt mit uns in die bunte Zirkuswelt, bunte Zirkuswelt, bunte Zirkuswelt,<\/p>\n<p>weil der Zirkus ja allen gut gef\u00e4llt, allen gut gef\u00e4llt, allen gut gef\u00e4llt.<\/p>\n<p>\u00a0<\/p>\n<p>\u00a0<\/p>\n<p>In dem Zirkus sehen wir Akrobaten, Clowns und Fakir.<\/p>\n<p>Kugell\u00e4ufer, Zauberei, auch Seilt\u00e4nzer sind mit dabei.<\/p>\n<p>\u00a0<\/p>\n<p>\u00a0<\/p>\n<p>Refrain<\/p>\n<p>\u00a0<\/p>\n<p>Wir sind eure Zirkusband, spiel\u00b4n am Anfang und auch am End\u00b4\u00a0\u00a0\u00a0\u00a0\u00a0\u00a0\u00a0\u00a0 \u00a0\u00a0\u00a0\u00a0\u00a0\u00a0\u00a0\u00a0\u00a0\u00a0\u00a0\u00a0\u00a0\u00a0\u00a0\u00a0<\/p>\n<p>immer wieder dieses Lied. Stimmt doch alle ein und singt jetzt mit!<\/p>\n<p>\u00a0<\/p>\n<p>(Melodie: Yellow Submarine)<\/p>\n<p>umgedichtet von Sch\u00fclern und Sch\u00fclerinnen der Grundschule Brockdorf nach einer Idee von H. Herlyn in der Zeitschrift &#8222;Musik in der Grundschule&#8220; 1\/00<\/p>\n<p>\u00a0<\/p>\n","protected":false},"excerpt":{"rendered":"<p>Aufgepasst, gleich geht es los, Zirkus Chabernaq, der ist famos.\u00a0\u00a0\u00a0\u00a0\u00a0\u00a0\u00a0\u00a0\u00a0\u00a0\u00a0\u00a0\u00a0\u00a0\u00a0\u00a0\u00a0\u00a0\u00a0\u00a0\u00a0\u00a0\u00a0\u00a0 Achtung Leute, h\u00f6rt mal her, singt doch alle mit, das ist nicht schwer. \u00a0 Refrain: Kommt mit uns in die bunte Zirkuswelt, bunte Zirkuswelt, bunte Zirkuswelt, weil der Zirkus ja allen gut gef\u00e4llt, allen gut gef\u00e4llt, allen gut gef\u00e4llt. \u00a0 \u00a0 In dem Zirkus sehen &hellip; <a href=\"https:\/\/wordpress.nibis.de\/gs-brock\/herzlich-willkommen\/zirkus\/zirkuslieder\/lied-komm-mit-uns\/\" class=\"more-link\">Weiterlesen <span class=\"screen-reader-text\">Lied: Komm mit uns in die bunte Zirkuswelt<\/span><\/a><\/p>\n","protected":false},"author":9193281,"featured_media":0,"parent":122,"menu_order":0,"comment_status":"closed","ping_status":"closed","template":"","meta":{"footnotes":""},"class_list":["post-209","page","type-page","status-publish","hentry","without-featured-image"],"_links":{"self":[{"href":"https:\/\/wordpress.nibis.de\/gs-brock\/wp-json\/wp\/v2\/pages\/209","targetHints":{"allow":["GET"]}}],"collection":[{"href":"https:\/\/wordpress.nibis.de\/gs-brock\/wp-json\/wp\/v2\/pages"}],"about":[{"href":"https:\/\/wordpress.nibis.de\/gs-brock\/wp-json\/wp\/v2\/types\/page"}],"author":[{"embeddable":true,"href":"https:\/\/wordpress.nibis.de\/gs-brock\/wp-json\/wp\/v2\/users\/9193281"}],"replies":[{"embeddable":true,"href":"https:\/\/wordpress.nibis.de\/gs-brock\/wp-json\/wp\/v2\/comments?post=209"}],"version-history":[{"count":4,"href":"https:\/\/wordpress.nibis.de\/gs-brock\/wp-json\/wp\/v2\/pages\/209\/revisions"}],"predecessor-version":[{"id":1591,"href":"https:\/\/wordpress.nibis.de\/gs-brock\/wp-json\/wp\/v2\/pages\/209\/revisions\/1591"}],"up":[{"embeddable":true,"href":"https:\/\/wordpress.nibis.de\/gs-brock\/wp-json\/wp\/v2\/pages\/122"}],"wp:attachment":[{"href":"https:\/\/wordpress.nibis.de\/gs-brock\/wp-json\/wp\/v2\/media?parent=209"}],"curies":[{"name":"wp","href":"https:\/\/api.w.org\/{rel}","templated":true}]}}