{"id":2188,"date":"2025-07-22T17:11:28","date_gmt":"2025-07-22T15:11:28","guid":{"rendered":"https:\/\/wordpress.nibis.de\/gs-brock\/?page_id=2188"},"modified":"2025-07-22T17:41:35","modified_gmt":"2025-07-22T15:41:35","slug":"unser-team-im-schuljahr-2024-25","status":"publish","type":"page","link":"https:\/\/wordpress.nibis.de\/gs-brock\/unser-team\/unser-team-im-schuljahr-2024-25\/","title":{"rendered":"Unser Team im Schuljahr 2024 \/ 25"},"content":{"rendered":"\n<figure class=\"wp-block-image size-full is-style-default\"><img loading=\"lazy\" decoding=\"async\" width=\"640\" height=\"480\" src=\"https:\/\/wordpress.nibis.de\/gs-brock\/files\/2025\/07\/Kollegium-2024-1.jpg\" alt=\"\" class=\"wp-image-2194\" srcset=\"https:\/\/wordpress.nibis.de\/gs-brock\/files\/2025\/07\/Kollegium-2024-1.jpg 640w, https:\/\/wordpress.nibis.de\/gs-brock\/files\/2025\/07\/Kollegium-2024-1-507x380.jpg 507w\" sizes=\"auto, (max-width: 640px) 100vw, 640px\" \/><\/figure>\n\n\n\n<p>Schulleiterin Frau Kolbeck<\/p>\n\n\n\n<p>Frau Albers<\/p>\n\n\n\n<p>Frau Heuer<\/p>\n\n\n\n<p>Frau H\u00f6hle<\/p>\n\n\n\n<p>Frau K\u00fcmper <\/p>\n\n\n\n<p>Frau Macke<\/p>\n\n\n\n<p>Frau Meyer<\/p>\n\n\n\n<p>Frau M\u00fcller<\/p>\n\n\n\n<p>Frau Neumann<\/p>\n\n\n\n<p>Frau Rie\u00dfelmann (z.Zt. in Elternzeit)<\/p>\n\n\n\n<p>Frau Schulz<\/p>\n\n\n\n<p>Frau Voth<\/p>\n\n\n\n<p><\/p>\n\n\n\n<p>Frau Haatz (F\u00f6rderschullehrkraft)<\/p>\n\n\n\n<p>Frau Buck (F\u00f6rderschullehrkraft)<\/p>\n\n\n\n<p>Frau St\u00f6ver (Schulsozialarbeiterin)<\/p>\n\n\n\n<p>Frau Hermsen (Betreuungskraft)<\/p>\n\n\n\n<p>Frau Willenborg (Betreuungskraft)<\/p>\n\n\n\n<p><\/p>\n\n\n\n<p>Frau Linda Garvels (PM)<\/p>\n\n\n\n<p>Frau Pia Kolbeck (PM)<\/p>\n\n\n\n<p>Frau Pauline Osterhus (Lehrerin im Vorbereitungsdienst)<\/p>\n\n\n\n<p>Herr Mauricio Meller (FSJ)<\/p>\n\n\n\n<p>Frau Aleyna Rolfes (FSJ)<\/p>\n\n\n\n<p>Frau Niedfeld (Sektret\u00e4rin)<\/p>\n\n\n\n<p>Frank Sieve (Hausmeister)<\/p>\n","protected":false},"excerpt":{"rendered":"<p>Schulleiterin Frau Kolbeck Frau Albers Frau Heuer Frau H\u00f6hle Frau K\u00fcmper Frau Macke Frau Meyer Frau M\u00fcller Frau Neumann Frau Rie\u00dfelmann (z.Zt. in Elternzeit) Frau Schulz Frau Voth Frau Haatz (F\u00f6rderschullehrkraft) Frau Buck (F\u00f6rderschullehrkraft) Frau St\u00f6ver (Schulsozialarbeiterin) Frau Hermsen (Betreuungskraft) Frau Willenborg (Betreuungskraft) Frau Linda Garvels (PM) Frau Pia Kolbeck (PM) Frau Pauline Osterhus (Lehrerin &hellip; <a href=\"https:\/\/wordpress.nibis.de\/gs-brock\/unser-team\/unser-team-im-schuljahr-2024-25\/\" class=\"more-link\">Weiterlesen <span class=\"screen-reader-text\">Unser Team im Schuljahr 2024 \/ 25<\/span><\/a><\/p>\n","protected":false},"author":9193281,"featured_media":0,"parent":1573,"menu_order":4,"comment_status":"closed","ping_status":"closed","template":"","meta":{"footnotes":""},"class_list":["post-2188","page","type-page","status-publish","hentry","without-featured-image"],"_links":{"self":[{"href":"https:\/\/wordpress.nibis.de\/gs-brock\/wp-json\/wp\/v2\/pages\/2188","targetHints":{"allow":["GET"]}}],"collection":[{"href":"https:\/\/wordpress.nibis.de\/gs-brock\/wp-json\/wp\/v2\/pages"}],"about":[{"href":"https:\/\/wordpress.nibis.de\/gs-brock\/wp-json\/wp\/v2\/types\/page"}],"author":[{"embeddable":true,"href":"https:\/\/wordpress.nibis.de\/gs-brock\/wp-json\/wp\/v2\/users\/9193281"}],"replies":[{"embeddable":true,"href":"https:\/\/wordpress.nibis.de\/gs-brock\/wp-json\/wp\/v2\/comments?post=2188"}],"version-history":[{"count":3,"href":"https:\/\/wordpress.nibis.de\/gs-brock\/wp-json\/wp\/v2\/pages\/2188\/revisions"}],"predecessor-version":[{"id":2197,"href":"https:\/\/wordpress.nibis.de\/gs-brock\/wp-json\/wp\/v2\/pages\/2188\/revisions\/2197"}],"up":[{"embeddable":true,"href":"https:\/\/wordpress.nibis.de\/gs-brock\/wp-json\/wp\/v2\/pages\/1573"}],"wp:attachment":[{"href":"https:\/\/wordpress.nibis.de\/gs-brock\/wp-json\/wp\/v2\/media?parent=2188"}],"curies":[{"name":"wp","href":"https:\/\/api.w.org\/{rel}","templated":true}]}}