{"id":2202,"date":"2025-10-22T09:18:07","date_gmt":"2025-10-22T07:18:07","guid":{"rendered":"https:\/\/wordpress.nibis.de\/gs-brock\/?page_id=2202"},"modified":"2026-01-12T10:04:44","modified_gmt":"2026-01-12T09:04:44","slug":"unser-team-im-schuljahr-2025-2026","status":"publish","type":"page","link":"https:\/\/wordpress.nibis.de\/gs-brock\/unser-team\/unser-team-im-schuljahr-2025-2026\/","title":{"rendered":"Unser Team im Schuljahr 2025 \/ 2026"},"content":{"rendered":"\n<figure class=\"wp-block-image size-full\"><img loading=\"lazy\" decoding=\"async\" width=\"640\" height=\"480\" src=\"https:\/\/wordpress.nibis.de\/gs-brock\/files\/2026\/01\/Kollegium-2025.jpg\" alt=\"\" class=\"wp-image-2370\" srcset=\"https:\/\/wordpress.nibis.de\/gs-brock\/files\/2026\/01\/Kollegium-2025.jpg 640w, https:\/\/wordpress.nibis.de\/gs-brock\/files\/2026\/01\/Kollegium-2025-100x75.jpg 100w, https:\/\/wordpress.nibis.de\/gs-brock\/files\/2026\/01\/Kollegium-2025-507x380.jpg 507w\" sizes=\"auto, (max-width: 640px) 100vw, 640px\" \/><\/figure>\n\n\n\n<p>Schulleiterin Frau Kolbeck<\/p>\n\n\n\n<p>Frau Albers<\/p>\n\n\n\n<p>Frau Heuer<\/p>\n\n\n\n<p>Frau H\u00f6hle<\/p>\n\n\n\n<p>Frau K\u00fcmper <\/p>\n\n\n\n<p>Frau Meyer<\/p>\n\n\n\n<p>Frau M\u00fcller<\/p>\n\n\n\n<p>Frau Neumann<\/p>\n\n\n\n<p>Frau Rie\u00dfelmann (z.Zt. in Elternzeit)<\/p>\n\n\n\n<p>Frau Schricke<\/p>\n\n\n\n<p>Frau Schulz<\/p>\n\n\n\n<p>Frau Voth<\/p>\n\n\n\n<p><\/p>\n\n\n\n<p>Frau Haatz (F\u00f6rderschullehrkraft)<\/p>\n\n\n\n<p>Frau Buck (F\u00f6rderschullehrkraft)<\/p>\n\n\n\n<p>Frau St\u00f6ver (Schulsozialarbeiterin)<\/p>\n\n\n\n<p>Frau Hermsen (Betreuungskraft)<\/p>\n\n\n\n<p>Frau Willenborg (Betreuungskraft)<\/p>\n\n\n\n<p><\/p>\n\n\n\n<p>Frau Pauline Osterhus (Lehrerin im Vorbereitungsdienst)<\/p>\n\n\n\n<p>Herr Justin Kaufmann (FSJ)<\/p>\n\n\n\n<p>Frau Carla Rolfes (FSJ)<\/p>\n\n\n\n<p>Frau Niedfeld (Sektret\u00e4rin)<\/p>\n\n\n\n<p>Herr Frank Sieve (Hausmeister)<\/p>\n","protected":false},"excerpt":{"rendered":"<p>Schulleiterin Frau Kolbeck Frau Albers Frau Heuer Frau H\u00f6hle Frau K\u00fcmper Frau Meyer Frau M\u00fcller Frau Neumann Frau Rie\u00dfelmann (z.Zt. in Elternzeit) Frau Schricke Frau Schulz Frau Voth Frau Haatz (F\u00f6rderschullehrkraft) Frau Buck (F\u00f6rderschullehrkraft) Frau St\u00f6ver (Schulsozialarbeiterin) Frau Hermsen (Betreuungskraft) Frau Willenborg (Betreuungskraft) Frau Pauline Osterhus (Lehrerin im Vorbereitungsdienst) Herr Justin Kaufmann (FSJ) Frau Carla &hellip; <a href=\"https:\/\/wordpress.nibis.de\/gs-brock\/unser-team\/unser-team-im-schuljahr-2025-2026\/\" class=\"more-link\">Weiterlesen <span class=\"screen-reader-text\">Unser Team im Schuljahr 2025 \/ 2026<\/span><\/a><\/p>\n","protected":false},"author":9193281,"featured_media":0,"parent":1573,"menu_order":2,"comment_status":"closed","ping_status":"closed","template":"","meta":{"footnotes":""},"class_list":["post-2202","page","type-page","status-publish","hentry","without-featured-image"],"_links":{"self":[{"href":"https:\/\/wordpress.nibis.de\/gs-brock\/wp-json\/wp\/v2\/pages\/2202","targetHints":{"allow":["GET"]}}],"collection":[{"href":"https:\/\/wordpress.nibis.de\/gs-brock\/wp-json\/wp\/v2\/pages"}],"about":[{"href":"https:\/\/wordpress.nibis.de\/gs-brock\/wp-json\/wp\/v2\/types\/page"}],"author":[{"embeddable":true,"href":"https:\/\/wordpress.nibis.de\/gs-brock\/wp-json\/wp\/v2\/users\/9193281"}],"replies":[{"embeddable":true,"href":"https:\/\/wordpress.nibis.de\/gs-brock\/wp-json\/wp\/v2\/comments?post=2202"}],"version-history":[{"count":4,"href":"https:\/\/wordpress.nibis.de\/gs-brock\/wp-json\/wp\/v2\/pages\/2202\/revisions"}],"predecessor-version":[{"id":2371,"href":"https:\/\/wordpress.nibis.de\/gs-brock\/wp-json\/wp\/v2\/pages\/2202\/revisions\/2371"}],"up":[{"embeddable":true,"href":"https:\/\/wordpress.nibis.de\/gs-brock\/wp-json\/wp\/v2\/pages\/1573"}],"wp:attachment":[{"href":"https:\/\/wordpress.nibis.de\/gs-brock\/wp-json\/wp\/v2\/media?parent=2202"}],"curies":[{"name":"wp","href":"https:\/\/api.w.org\/{rel}","templated":true}]}}