{"id":656,"date":"2020-04-30T17:39:22","date_gmt":"2020-04-30T15:39:22","guid":{"rendered":"https:\/\/wordpress.nibis.de\/gs-brock\/?page_id=656"},"modified":"2025-10-22T09:46:09","modified_gmt":"2025-10-22T07:46:09","slug":"bastelidee-postkarte","status":"publish","type":"page","link":"https:\/\/wordpress.nibis.de\/gs-brock\/unterrichtsfaecher\/religion\/bastelidee-postkarte\/","title":{"rendered":"Bastelidee Postkarte"},"content":{"rendered":"\n<p>Viele Zitate von Albert Schweitzer werden oft auf Kalendern oder auf Gl\u00fcckwunschkarten abgedruckt.<\/p>\n<p>\u00a0<\/p>\n<p><strong><span style=\"color: #ff0000\">Bastelideen<\/span><\/strong><\/p>\n<ul>\n<li>Gestalte <span style=\"color: #ff0000\"><strong>eigene Postkarten<\/strong><\/span> mit deinem Lieblingszitat. Male auch ein Bild dazu. Die Karten k\u00f6nnen an liebe Menschen geschickt werden.\u00a0<\/li>\n<li>Gestalte einen <strong><span style=\"color: #ff0000\">Zitate-Kalender<\/span><\/strong> f\u00fcr das ganze Jahr &#8211; ausgeschm\u00fcckt mit eigenen Zeichnungen kann daraus ein sch\u00f6nes Muttertagsgeschenk werden.<\/li>\n<\/ul>\n<p><a href=\"https:\/\/wordpress.nibis.de\/gs-brock\/albert-schweitzer-zitate\/\">Hier findest du einige Zitate von Albert Schweitzer als Vorlage.<\/a><\/p>\n<p>\u00a0<\/p>\n<p>\u00a0<\/p>\n\n\n","protected":false},"excerpt":{"rendered":"<p>Viele Zitate von Albert Schweitzer werden oft auf Kalendern oder auf Gl\u00fcckwunschkarten abgedruckt. \u00a0 Bastelideen Gestalte eigene Postkarten mit deinem Lieblingszitat. Male auch ein Bild dazu. Die Karten k\u00f6nnen an liebe Menschen geschickt werden.\u00a0 Gestalte einen Zitate-Kalender f\u00fcr das ganze Jahr &#8211; ausgeschm\u00fcckt mit eigenen Zeichnungen kann daraus ein sch\u00f6nes Muttertagsgeschenk werden. Hier findest du &hellip; <a href=\"https:\/\/wordpress.nibis.de\/gs-brock\/unterrichtsfaecher\/religion\/bastelidee-postkarte\/\" class=\"more-link\">Weiterlesen <span class=\"screen-reader-text\">Bastelidee Postkarte<\/span><\/a><\/p>\n","protected":false},"author":9193281,"featured_media":0,"parent":343,"menu_order":0,"comment_status":"closed","ping_status":"closed","template":"","meta":{"footnotes":""},"class_list":["post-656","page","type-page","status-publish","hentry","without-featured-image"],"_links":{"self":[{"href":"https:\/\/wordpress.nibis.de\/gs-brock\/wp-json\/wp\/v2\/pages\/656","targetHints":{"allow":["GET"]}}],"collection":[{"href":"https:\/\/wordpress.nibis.de\/gs-brock\/wp-json\/wp\/v2\/pages"}],"about":[{"href":"https:\/\/wordpress.nibis.de\/gs-brock\/wp-json\/wp\/v2\/types\/page"}],"author":[{"embeddable":true,"href":"https:\/\/wordpress.nibis.de\/gs-brock\/wp-json\/wp\/v2\/users\/9193281"}],"replies":[{"embeddable":true,"href":"https:\/\/wordpress.nibis.de\/gs-brock\/wp-json\/wp\/v2\/comments?post=656"}],"version-history":[{"count":9,"href":"https:\/\/wordpress.nibis.de\/gs-brock\/wp-json\/wp\/v2\/pages\/656\/revisions"}],"predecessor-version":[{"id":2221,"href":"https:\/\/wordpress.nibis.de\/gs-brock\/wp-json\/wp\/v2\/pages\/656\/revisions\/2221"}],"up":[{"embeddable":true,"href":"https:\/\/wordpress.nibis.de\/gs-brock\/wp-json\/wp\/v2\/pages\/343"}],"wp:attachment":[{"href":"https:\/\/wordpress.nibis.de\/gs-brock\/wp-json\/wp\/v2\/media?parent=656"}],"curies":[{"name":"wp","href":"https:\/\/api.w.org\/{rel}","templated":true}]}}