{"id":135,"date":"2016-11-07T15:03:37","date_gmt":"2016-11-07T14:03:37","guid":{"rendered":"http:\/\/wordpress.nibis.de\/gs-e\/?page_id=135"},"modified":"2024-02-15T10:36:42","modified_gmt":"2024-02-15T09:36:42","slug":"kooperationen","status":"publish","type":"page","link":"https:\/\/wordpress.nibis.de\/gs-e\/kooperationen\/","title":{"rendered":"Kooperationen"},"content":{"rendered":"<p>\u00a0<\/p>\n<p>\u00a0<\/p>\n<hr \/>\n<p><strong><a href=\"http:\/\/www.mk.niedersachsen.de\/startseite\/schule\/lehrkraefte\/unterricht\/begabungsfoerderung\/begabungsfoerderung--6499.html\" target=\"_blank\" rel=\"noopener noreferrer\"><img loading=\"lazy\" decoding=\"async\" class=\"alignnone wp-image-431\" src=\"http:\/\/wordpress.nibis.de\/gs-e\/files\/2017\/06\/7239.jpeg\" alt=\"\" width=\"144\" height=\"111\" \/><\/a><\/strong><\/p>\n<p>Seit 2005 arbeitet unsere Schule mit den anderen Grundschulen aus dem Stadtteil im Kooperationsverbund zur F\u00f6rderung hochbegabter Sch\u00fclerinnen und Sch\u00fcler zusammen.<\/p>\n<p>Jedes Halbjahr bieten wir sechs verschiedene \u201eExpertengruppen\u201c an, in denen unsere Sch\u00fcler mit besonderen Interessen und Leistungen zu unterschiedlichen F\u00e4chern vertiefend arbeiten k\u00f6nnen.<\/p>\n<p>Au\u00dferdem gibt es im Kooperationsverbund immer wieder verschiedene Workshops und Begabtentage mit fordernden Aufgaben.<\/p>\n<hr \/>\n<p><strong><a href=\"https:\/\/www.mentor-leselernhelfer.de\" target=\"_blank\" rel=\"noopener noreferrer\"><img loading=\"lazy\" decoding=\"async\" class=\"alignnone wp-image-428\" src=\"http:\/\/wordpress.nibis.de\/gs-e\/files\/2016\/11\/1464639289-1.png\" alt=\"\" width=\"140\" height=\"140\" \/><\/a><\/strong><\/p>\n<p>Der Mentorverein hat sich zur Aufgabe gestellt, Sch\u00fclerinnen und Sch\u00fcler beim Lesen zu unterst\u00fctzen. Dazu kommen einmal in der Woche in der Regel zwischen 4 und 6 Seniorinnen und Senioren in die Schule und lesen mit einzelnen Kindern.<\/p>\n<hr \/>\n<p><strong><a href=\"http:\/\/www.klasse2000.de\" target=\"_blank\" rel=\"noopener noreferrer\"><img loading=\"lazy\" decoding=\"async\" class=\"alignnone  wp-image-711\" src=\"https:\/\/wordpress.nibis.de\/gs-e\/files\/2020\/04\/Header_SP_Portal.png\" alt=\"\" width=\"182\" height=\"92\" srcset=\"https:\/\/wordpress.nibis.de\/gs-e\/files\/2020\/04\/Header_SP_Portal.png 790w, https:\/\/wordpress.nibis.de\/gs-e\/files\/2020\/04\/Header_SP_Portal-768x387.png 768w\" sizes=\"auto, (max-width: 182px) 100vw, 182px\" \/><\/a><\/strong><\/p>\n\n\n<p>Kindern und Jugendlichen soll mit dem nieders\u00e4chsischen <a href=\"http:\/\/www.schulobst.niedersachsen.de\">Schulobstprogramm<\/a> gezeigt werden, wie schmackhaft <strong>Obst und auch Gem\u00fcse<\/strong> sind. Je fr\u00fcher diese Erfahrung gemacht wird desto besser: Beides wird dann wie selbstverst\u00e4ndlich dauerhaft zum <strong>Speiseplan <\/strong>geh\u00f6ren. Unsere Schule wird unterst\u00fctzt durch das Schulobstprogramm der Europ\u00e4ische Union (EU). <\/p>\n","protected":false},"excerpt":{"rendered":"<p>\u00a0 \u00a0 Seit 2005 arbeitet unsere Schule mit den anderen Grundschulen aus dem Stadtteil im Kooperationsverbund zur F\u00f6rderung hochbegabter Sch\u00fclerinnen und Sch\u00fcler zusammen. Jedes Halbjahr bieten wir sechs verschiedene \u201eExpertengruppen\u201c an, in denen unsere Sch\u00fcler mit besonderen Interessen und Leistungen zu unterschiedlichen F\u00e4chern vertiefend arbeiten k\u00f6nnen. Au\u00dferdem gibt es im Kooperationsverbund immer wieder verschiedene Workshops [&hellip;]<\/p>\n","protected":false},"author":544,"featured_media":0,"parent":0,"menu_order":0,"comment_status":"closed","ping_status":"closed","template":"","meta":{"footnotes":""},"class_list":["post-135","page","type-page","status-publish","hentry"],"_links":{"self":[{"href":"https:\/\/wordpress.nibis.de\/gs-e\/wp-json\/wp\/v2\/pages\/135","targetHints":{"allow":["GET"]}}],"collection":[{"href":"https:\/\/wordpress.nibis.de\/gs-e\/wp-json\/wp\/v2\/pages"}],"about":[{"href":"https:\/\/wordpress.nibis.de\/gs-e\/wp-json\/wp\/v2\/types\/page"}],"author":[{"embeddable":true,"href":"https:\/\/wordpress.nibis.de\/gs-e\/wp-json\/wp\/v2\/users\/544"}],"replies":[{"embeddable":true,"href":"https:\/\/wordpress.nibis.de\/gs-e\/wp-json\/wp\/v2\/comments?post=135"}],"version-history":[{"count":23,"href":"https:\/\/wordpress.nibis.de\/gs-e\/wp-json\/wp\/v2\/pages\/135\/revisions"}],"predecessor-version":[{"id":1173,"href":"https:\/\/wordpress.nibis.de\/gs-e\/wp-json\/wp\/v2\/pages\/135\/revisions\/1173"}],"wp:attachment":[{"href":"https:\/\/wordpress.nibis.de\/gs-e\/wp-json\/wp\/v2\/media?parent=135"}],"curies":[{"name":"wp","href":"https:\/\/api.w.org\/{rel}","templated":true}]}}