{"id":138,"date":"2016-11-07T15:03:49","date_gmt":"2016-11-07T14:03:49","guid":{"rendered":"http:\/\/wordpress.nibis.de\/gs-e\/?page_id=138"},"modified":"2023-05-12T10:45:37","modified_gmt":"2023-05-12T08:45:37","slug":"foerderverein","status":"publish","type":"page","link":"https:\/\/wordpress.nibis.de\/gs-e\/foerderverein\/","title":{"rendered":"F\u00f6rderverein"},"content":{"rendered":"<h4 align=\"center\">F\u00f6rderverein der Grundschule Entenfang<\/h4>\n<p style=\"text-align: justify\"><strong>Informationen zum\u00a0F\u00f6rderverein<\/strong><\/p>\n<p style=\"text-align: justify\">Der F\u00f6rderverein an der Grundschule Entenfang wurde 1985 gegr\u00fcndet und hat sich zur Aufgabe gemacht, im Interesse der Kinder die Schule zu unterst\u00fctzen. Der F\u00f6rderverein setzt sich vor allem in Bereichen ein, die nicht zu den Pflichtaufgaben des staatlichen Schultr\u00e4gers geh\u00f6ren. Dieses sind unter anderem:<\/p>\n<ul style=\"text-align: justify\">\n<li>Ma\u00dfnahmen zur Verbesserung der Lehr- und Lernsituation<\/li>\n<li>Mitgestaltung von Gemeinschaftsveranstaltungen, die dem Schulleben dienen<\/li>\n<li>Unterst\u00fctzung der Teilnahme an Projekten zur F\u00f6rderung von Jahrgangsstufen (z. B. Klasse 2000)<\/li>\n<\/ul>\n<p><strong>Mitgliedschaft \/ Beitrag<\/strong><\/p>\n<p><span style=\"text-decoration: underline\">Egal wie viele Kinder<\/span> einer Familie an der Schule sind, es wird <u>nur ein<\/u> Mitgliedsbeitrag f\u00e4llig.<\/p>\n<p>F\u00fcr ein <strong>Schuljahr<\/strong> betr\u00e4gt der Mitgliedsbeitrag <strong>10,00 \u20ac<\/strong><\/p>\n<p>Die Mitgliedschaft <u>erlischt automatisch<\/u>, wenn Ihr Kind die Grundschule verl\u00e4sst.<\/p>\n<p><u>Spenden in jeder H\u00f6he sind willkommen.<\/u><\/p>\n<p>Auf Wunsch wird pro Jahr eine Spendenbescheinigung ausgestellt.<\/p>\n<p><strong>Projekte, die wir bisher als F\u00f6rderverein realisiert und unterst\u00fctzt haben:<\/strong><\/p>\n<ul>\n<li>Herstellung von Schulkleidung mit Schullogo<\/li>\n<li>Einf\u00fchrung der Hausaufgabenhilfe<\/li>\n<li>Unterst\u00fctzung bei Sportwettk\u00e4mpfen<\/li>\n<li>Kosten\u00fcbernahme f\u00fcr den 3. Jahrgang des Projektes Klasse 2000<\/li>\n<li>Anschaffung neuer Schuhregale f\u00fcr alle Klassen<\/li>\n<li>Anschaffung von zus\u00e4tzlichen Unterrichtsmaterialien und motop\u00e4dischen Sportger\u00e4ten<\/li>\n<li>Mitgestaltung des Schulgel\u00e4ndes durch die Anschaffung von Toren und Kletterwand und neuen Unterbringungsm\u00f6glichkeiten f\u00fcr das Pausenspielzeug<\/li>\n<li>Unterst\u00fctzung und Einrichtung eines Computerraumes \u2013 Anschaffung von Lernsoftware<\/li>\n<li>Unterst\u00fctzung bei der Einrichtung der Sch\u00fclerb\u00fccherei und Anschaffung neuer B\u00fccher<\/li>\n<li>Unterst\u00fctzung verschiedener Aktionen zur Gewaltpr\u00e4vention<\/li>\n<\/ul>\n<p style=\"text-align: center\"><strong><em><u>!!! Der F\u00f6rderverein lebt von Mitgliedern !!!<\/u><\/em><\/strong><\/p>\n<p><em>\u00a0<\/em><\/p>\n<p style=\"text-align: center\"><em>\u00a0<\/em><em>Deshalb brauchen wir Euch, damit der F\u00f6rderverein weiterhin\u2026 <\/em><\/p>\n<p><em>\u00a0<\/em><\/p>\n<p style=\"text-align: center\"><em>\u2026 bestehen kann<\/em><em>\u00a0<\/em><\/p>\n<p style=\"text-align: center\"><em>\u2026 gute Ideen unterst\u00fctzen und ausreichend f\u00f6rdern kann<\/em><\/p>\n<p style=\"text-align: center\"><em>\u2026 weiterhin Anschaffungen f\u00fcr die Belange der Kinder t\u00e4tigen kann<\/em><\/p>\n<p style=\"text-align: center\"><em>\u2026 die Zielsetzung des Vereins in die nachkommenden Jahrg\u00e4nge weitertragen kann<\/em><\/p>\n<p style=\"text-align: center\"><em>\u2026gen\u00fcgend Mitglieder hat, um sich in den einzelnen Bereichen einzusetzen <\/em><\/p>\n<p style=\"text-align: center\"><em>Arbeit im F\u00f6rderverein hei\u00dft, Schule aktiv oder durch Beitr\u00e4ge und Spenden mitzugestalten.<\/em><\/p>\n<p style=\"text-align: center\"><em>\u00a0<\/em><em>Alle Mitglieder werden mindestens einmal j\u00e4hrlich zur Sitzung des F\u00f6rdervereins eingeladen und haben dort die M\u00f6glichkeit, Antr\u00e4ge und W\u00fcnsche zu \u00e4u\u00dfern.<\/em><\/p>\n<p style=\"text-align: center\"><a href=\"http:\/\/wordpress.nibis.de\/gs-e\/files\/2017\/06\/Beitrittserkl\u00e4rung.pdf\" target=\"_blank\" rel=\"noopener noreferrer\">Jetzt Mitglied werden<\/a><\/p>\n","protected":false},"excerpt":{"rendered":"<p>F\u00f6rderverein der Grundschule Entenfang Informationen zum\u00a0F\u00f6rderverein Der F\u00f6rderverein an der Grundschule Entenfang wurde 1985 gegr\u00fcndet und hat sich zur Aufgabe gemacht, im Interesse der Kinder die Schule zu unterst\u00fctzen. Der F\u00f6rderverein setzt sich vor allem in Bereichen ein, die nicht zu den Pflichtaufgaben des staatlichen Schultr\u00e4gers geh\u00f6ren. Dieses sind unter anderem: Ma\u00dfnahmen zur Verbesserung der [&hellip;]<\/p>\n","protected":false},"author":544,"featured_media":0,"parent":0,"menu_order":0,"comment_status":"closed","ping_status":"closed","template":"","meta":{"footnotes":""},"class_list":["post-138","page","type-page","status-publish","hentry"],"_links":{"self":[{"href":"https:\/\/wordpress.nibis.de\/gs-e\/wp-json\/wp\/v2\/pages\/138","targetHints":{"allow":["GET"]}}],"collection":[{"href":"https:\/\/wordpress.nibis.de\/gs-e\/wp-json\/wp\/v2\/pages"}],"about":[{"href":"https:\/\/wordpress.nibis.de\/gs-e\/wp-json\/wp\/v2\/types\/page"}],"author":[{"embeddable":true,"href":"https:\/\/wordpress.nibis.de\/gs-e\/wp-json\/wp\/v2\/users\/544"}],"replies":[{"embeddable":true,"href":"https:\/\/wordpress.nibis.de\/gs-e\/wp-json\/wp\/v2\/comments?post=138"}],"version-history":[{"count":14,"href":"https:\/\/wordpress.nibis.de\/gs-e\/wp-json\/wp\/v2\/pages\/138\/revisions"}],"predecessor-version":[{"id":1146,"href":"https:\/\/wordpress.nibis.de\/gs-e\/wp-json\/wp\/v2\/pages\/138\/revisions\/1146"}],"wp:attachment":[{"href":"https:\/\/wordpress.nibis.de\/gs-e\/wp-json\/wp\/v2\/media?parent=138"}],"curies":[{"name":"wp","href":"https:\/\/api.w.org\/{rel}","templated":true}]}}