{"id":622,"date":"2019-06-10T13:07:47","date_gmt":"2019-06-10T11:07:47","guid":{"rendered":"https:\/\/wordpress.nibis.de\/gs-e\/?page_id=622"},"modified":"2023-05-12T10:52:47","modified_gmt":"2023-05-12T08:52:47","slug":"mitgliedschaft","status":"publish","type":"page","link":"https:\/\/wordpress.nibis.de\/gs-e\/mitgliedschaft\/","title":{"rendered":"Mitgliedschaft"},"content":{"rendered":"\n<p>Deshalb brauchen wir euch, damit der F\u00f6rderverein weiterhin<\/p>\n\n\n\n<ul class=\"wp-block-list\"><li>bestehen kann.<\/li><li>gute Ideen unterst\u00fctzen und ausreichend f\u00f6rdern kann.<\/li><li>weiterhin Anschaffungen f\u00fcr die Belange der Kinder t\u00e4tigen kann.<\/li><li>seine Zielsetzungen in die nachkommenden Jahrg\u00e4nge weitertragen kann.<\/li><li>gen\u00fcgend Mitglieder hat, um sich in den einzelnen Bereichen einzusetzen.<\/li><li>Arbeit im F\u00f6rderverein hei\u00dft, Schule aktiv oder durch Beitr\u00e4ge und Spenden mitzugestalten.<\/li><\/ul>\n\n\n\n<p>Ist Ihr Kind an der Entenfangschule, werden Sie mit einer Schulmitgliedschaft automatisch f\u00fcr die gesamte Schuldauer Mitglied im F\u00f6rderverein. Eine F\u00f6rdermitgliedschaft l\u00e4uft solange, bis Sie sie k\u00fcndigen. Mit Ihrer Mitgliedschaft haben Sie ein Stimmrecht bei der Wahl des F\u00f6rderverein-Vorstands auf der <strong>Hauptversammlung<\/strong>. Eine Teilnahme ist nicht verpflichtend.<\/p>\n\n\n\n<ul class=\"wp-block-list\"><li>Schulmitgliedschaft: Einmalig 60 Euro<\/li><li>F\u00f6rdermitgliedschaft: J\u00e4hrlich 10 Euro<\/li><\/ul>\n\n\n\n<p><\/p>\n\n\n\n<p>Jetzt Mitglied werden <a href=\"https:\/\/wordpress.nibis.de\/gs-e\/files\/2023\/05\/FVGSE_Flyer_Beitrittsformular_dig.pdf\">Beitrittsformular<\/a><\/p>\n\n\n\n<p>In der Regel findet zweimal im Jahr eine <strong>Mitgliederversammlung<\/strong> statt, einmal im Fr\u00fchjahr sowie einmal im Herbst. Alle, die in Verbindung mit einem Kind der Entenfangschule stehen, d\u00fcrfen teilnehmen. Eine Einladung erfolgt durch die Schule und den F\u00f6rderverein.<\/p>\n\n\n\n<p>Die Datenschutzverordnung des F\u00f6rdervereins kann <a href=\"https:\/\/wordpress.nibis.de\/gs-e\/files\/2023\/05\/Datenschutzordnung_FVGSE_2019.pdf\">hier<\/a> eingesehen werden.<\/p>\n\n\n\n<p><strong>Spenden<\/strong><\/p>\n\n\n\n<p>Spenden in jeder H\u00f6he sind willkommen. Auf Wunsch wird pro Jahr eine Spendenbescheinigung erstellt.<\/p>\n\n\n\n<p><strong>Aktiv helfen<\/strong><\/p>\n\n\n\n<p>Auch wenn Sie uns nicht finanziell unterst\u00fctzen k\u00f6nnen, freuen wir uns \u00fcber jede helfende Hand. Melden Sie sich gerne bei uns, um uns bspw. bei Veranstaltungen, Projekten oder&nbsp; anderen Aktionen zu helfen.<\/p>\n\n\n\n<p><\/p>\n\n\n\n<p><\/p>\n\n\n\n<p><br><\/p>\n\n\n","protected":false},"excerpt":{"rendered":"<p>Deshalb brauchen wir euch, damit der F\u00f6rderverein weiterhin bestehen kann. gute Ideen unterst\u00fctzen und ausreichend f\u00f6rdern kann. weiterhin Anschaffungen f\u00fcr die Belange der Kinder t\u00e4tigen kann. seine Zielsetzungen in die nachkommenden Jahrg\u00e4nge weitertragen kann. gen\u00fcgend Mitglieder hat, um sich in den einzelnen Bereichen einzusetzen. Arbeit im F\u00f6rderverein hei\u00dft, Schule aktiv oder durch Beitr\u00e4ge und Spenden [&hellip;]<\/p>\n","protected":false},"author":9192743,"featured_media":0,"parent":0,"menu_order":0,"comment_status":"closed","ping_status":"closed","template":"","meta":{"footnotes":""},"class_list":["post-622","page","type-page","status-publish","hentry"],"_links":{"self":[{"href":"https:\/\/wordpress.nibis.de\/gs-e\/wp-json\/wp\/v2\/pages\/622","targetHints":{"allow":["GET"]}}],"collection":[{"href":"https:\/\/wordpress.nibis.de\/gs-e\/wp-json\/wp\/v2\/pages"}],"about":[{"href":"https:\/\/wordpress.nibis.de\/gs-e\/wp-json\/wp\/v2\/types\/page"}],"author":[{"embeddable":true,"href":"https:\/\/wordpress.nibis.de\/gs-e\/wp-json\/wp\/v2\/users\/9192743"}],"replies":[{"embeddable":true,"href":"https:\/\/wordpress.nibis.de\/gs-e\/wp-json\/wp\/v2\/comments?post=622"}],"version-history":[{"count":7,"href":"https:\/\/wordpress.nibis.de\/gs-e\/wp-json\/wp\/v2\/pages\/622\/revisions"}],"predecessor-version":[{"id":1151,"href":"https:\/\/wordpress.nibis.de\/gs-e\/wp-json\/wp\/v2\/pages\/622\/revisions\/1151"}],"wp:attachment":[{"href":"https:\/\/wordpress.nibis.de\/gs-e\/wp-json\/wp\/v2\/media?parent=622"}],"curies":[{"name":"wp","href":"https:\/\/api.w.org\/{rel}","templated":true}]}}