{"id":769,"date":"2020-06-25T11:43:13","date_gmt":"2020-06-25T09:43:13","guid":{"rendered":"https:\/\/wordpress.nibis.de\/gs-e\/?page_id=769"},"modified":"2024-02-20T11:44:22","modified_gmt":"2024-02-20T10:44:22","slug":"rucksack-schule","status":"publish","type":"page","link":"https:\/\/wordpress.nibis.de\/gs-e\/rucksack-schule\/","title":{"rendered":"Rucksack Schule"},"content":{"rendered":"\n<div class=\"wp-block-image\"><figure class=\"aligncenter is-resized\"><img loading=\"lazy\" decoding=\"async\" src=\"https:\/\/wordpress.nibis.de\/gs-e\/files\/2020\/06\/Rucksack.jpg\" alt=\"\" class=\"wp-image-772\" width=\"149\" height=\"173\" \/><\/figure><\/div>\n\n\n\n<p><strong>Liebe Eltern,<\/strong><\/p>\n\n\n\n<p>das Programm \u201eRucksack Schule\u201c richtet sich kostenfrei an Eltern und ihre Kinder vom ersten bis zum vierten Schuljahr sowie an die Grundschule. Kinder sollten auf dem Weg zum Schul- und Bildungserfolg von ihren Eltern unterst\u00fctzt und begleitet werden (z.B. bei den Hausaufgaben, beim Lesen, bei gemeinsamen Aktivit\u00e4ten usw.).<\/p>\n\n\n\n<p>Die Landeshauptstadt\nHannover erm\u00f6glicht deshalb in enger Zusammenarbeit mit vielen Grundschulen die\nSprachkompetenz, Mehrsprachigkeit und Interkulturalit\u00e4t zu f\u00f6rdern.<\/p>\n\n\n\n<p>Gemeinsam mit allen Bildungsbeteiligten tragen Eltern zur Integration und zu einem erfolgreichen Bildungsverlauf ihrer Kinder bei!<\/p>\n","protected":false},"excerpt":{"rendered":"<p>Liebe Eltern, das Programm \u201eRucksack Schule\u201c richtet sich kostenfrei an Eltern und ihre Kinder vom ersten bis zum vierten Schuljahr sowie an die Grundschule. Kinder sollten auf dem Weg zum Schul- und Bildungserfolg von ihren Eltern unterst\u00fctzt und begleitet werden (z.B. bei den Hausaufgaben, beim Lesen, bei gemeinsamen Aktivit\u00e4ten usw.). Die Landeshauptstadt Hannover erm\u00f6glicht deshalb [&hellip;]<\/p>\n","protected":false},"author":9192743,"featured_media":0,"parent":0,"menu_order":0,"comment_status":"closed","ping_status":"closed","template":"","meta":{"footnotes":""},"class_list":["post-769","page","type-page","status-publish","hentry"],"_links":{"self":[{"href":"https:\/\/wordpress.nibis.de\/gs-e\/wp-json\/wp\/v2\/pages\/769","targetHints":{"allow":["GET"]}}],"collection":[{"href":"https:\/\/wordpress.nibis.de\/gs-e\/wp-json\/wp\/v2\/pages"}],"about":[{"href":"https:\/\/wordpress.nibis.de\/gs-e\/wp-json\/wp\/v2\/types\/page"}],"author":[{"embeddable":true,"href":"https:\/\/wordpress.nibis.de\/gs-e\/wp-json\/wp\/v2\/users\/9192743"}],"replies":[{"embeddable":true,"href":"https:\/\/wordpress.nibis.de\/gs-e\/wp-json\/wp\/v2\/comments?post=769"}],"version-history":[{"count":3,"href":"https:\/\/wordpress.nibis.de\/gs-e\/wp-json\/wp\/v2\/pages\/769\/revisions"}],"predecessor-version":[{"id":1178,"href":"https:\/\/wordpress.nibis.de\/gs-e\/wp-json\/wp\/v2\/pages\/769\/revisions\/1178"}],"wp:attachment":[{"href":"https:\/\/wordpress.nibis.de\/gs-e\/wp-json\/wp\/v2\/media?parent=769"}],"curies":[{"name":"wp","href":"https:\/\/api.w.org\/{rel}","templated":true}]}}