{"id":1902,"date":"2017-10-28T22:23:19","date_gmt":"2017-10-28T21:23:19","guid":{"rendered":"http:\/\/wordpress.nibis.de\/gs-klint\/?page_id=1902"},"modified":"2019-02-06T19:58:06","modified_gmt":"2019-02-06T18:58:06","slug":"schuelermediatoren","status":"publish","type":"page","link":"https:\/\/wordpress.nibis.de\/gs-klint\/schuelermediatoren\/","title":{"rendered":"Sch\u00fclermediatoren"},"content":{"rendered":"<p style=\"text-align: justify\">In der GS Klint erhalten Sch\u00fclerinnen und Sch\u00fcler in der 3. Klasse die M\u00f6glichkeit, sich als Sch\u00fclermediatoren ausbilden zu lassen. Anschlie\u00dfend sind sie dann jeweils zu zweit \u201eim Dienst\u201c f\u00fcr ihre Mitsch\u00fclerInnen.<br \/>\nFrau Gorges-Gerlicher ist Schulmediatorin. Sie bildet die Kinder aus und begleitet sie.<\/p>\n","protected":false},"excerpt":{"rendered":"<p>In der GS Klint erhalten Sch\u00fclerinnen und Sch\u00fcler in der 3. Klasse die M\u00f6glichkeit, sich als Sch\u00fclermediatoren ausbilden zu lassen. Anschlie\u00dfend sind sie dann jeweils zu zweit \u201eim Dienst\u201c f\u00fcr ihre Mitsch\u00fclerInnen. Frau Gorges-Gerlicher ist Schulmediatorin. Sie bildet die Kinder aus und begleitet sie.<\/p>\n","protected":false},"author":9192438,"featured_media":0,"parent":0,"menu_order":0,"comment_status":"closed","ping_status":"closed","template":"","meta":{"footnotes":""},"class_list":["post-1902","page","type-page","status-publish","hentry"],"_links":{"self":[{"href":"https:\/\/wordpress.nibis.de\/gs-klint\/wp-json\/wp\/v2\/pages\/1902","targetHints":{"allow":["GET"]}}],"collection":[{"href":"https:\/\/wordpress.nibis.de\/gs-klint\/wp-json\/wp\/v2\/pages"}],"about":[{"href":"https:\/\/wordpress.nibis.de\/gs-klint\/wp-json\/wp\/v2\/types\/page"}],"author":[{"embeddable":true,"href":"https:\/\/wordpress.nibis.de\/gs-klint\/wp-json\/wp\/v2\/users\/9192438"}],"replies":[{"embeddable":true,"href":"https:\/\/wordpress.nibis.de\/gs-klint\/wp-json\/wp\/v2\/comments?post=1902"}],"version-history":[{"count":2,"href":"https:\/\/wordpress.nibis.de\/gs-klint\/wp-json\/wp\/v2\/pages\/1902\/revisions"}],"predecessor-version":[{"id":2505,"href":"https:\/\/wordpress.nibis.de\/gs-klint\/wp-json\/wp\/v2\/pages\/1902\/revisions\/2505"}],"wp:attachment":[{"href":"https:\/\/wordpress.nibis.de\/gs-klint\/wp-json\/wp\/v2\/media?parent=1902"}],"curies":[{"name":"wp","href":"https:\/\/api.w.org\/{rel}","templated":true}]}}