{"id":2549,"date":"2019-03-21T20:23:56","date_gmt":"2019-03-21T19:23:56","guid":{"rendered":"https:\/\/wordpress.nibis.de\/gs-klint\/?page_id=2549"},"modified":"2019-03-21T20:23:56","modified_gmt":"2019-03-21T19:23:56","slug":"schuelerparlament","status":"publish","type":"page","link":"https:\/\/wordpress.nibis.de\/gs-klint\/schuelerparlament\/","title":{"rendered":"Sch\u00fclerparlament"},"content":{"rendered":"\n<p>Das Sch\u00fclerparlament stellt sich vor:<br>Wir, das sind die 24 KlassensprecherInnen aus allen 12 Klassen unserer Schule, treffen uns regelm\u00e4\u00dfig, um unsere Schule mit zu gestalten. Dann sprechen wir gemeinsam dar\u00fcber, was euch an unserer Schule gef\u00e4llt,  was euch st\u00f6rt oder Sorgen bereitet und wir \u00fcberlegen, wie wir unsere  Schule noch sch\u00f6ner gestalten k\u00f6nnen.  <\/p>\n\n\n\n<ul class=\"wp-block-gallery columns-2 is-cropped wp-block-gallery-1 is-layout-flex wp-block-gallery-is-layout-flex\"><li class=\"blocks-gallery-item\"><figure><img loading=\"lazy\" decoding=\"async\" width=\"1024\" height=\"768\" src=\"https:\/\/wordpress.nibis.de\/gs-klint\/files\/IMG_1601-1024x768.jpg\" alt=\"\" data-id=\"2550\" data-link=\"https:\/\/wordpress.nibis.de\/gs-klint\/?attachment_id=2550\" class=\"wp-image-2550\" srcset=\"https:\/\/wordpress.nibis.de\/gs-klint\/files\/IMG_1601-1024x768.jpg 1024w, https:\/\/wordpress.nibis.de\/gs-klint\/files\/IMG_1601-300x225.jpg 300w, https:\/\/wordpress.nibis.de\/gs-klint\/files\/IMG_1601-768x576.jpg 768w\" sizes=\"auto, (max-width: 1024px) 100vw, 1024px\" \/><\/figure><\/li><li class=\"blocks-gallery-item\"><figure><img loading=\"lazy\" decoding=\"async\" width=\"1024\" height=\"768\" src=\"https:\/\/wordpress.nibis.de\/gs-klint\/files\/IMG_1603-1024x768.jpg\" alt=\"\" data-id=\"2551\" data-link=\"https:\/\/wordpress.nibis.de\/gs-klint\/?attachment_id=2551\" class=\"wp-image-2551\" srcset=\"https:\/\/wordpress.nibis.de\/gs-klint\/files\/IMG_1603-1024x768.jpg 1024w, https:\/\/wordpress.nibis.de\/gs-klint\/files\/IMG_1603-300x225.jpg 300w, https:\/\/wordpress.nibis.de\/gs-klint\/files\/IMG_1603-768x576.jpg 768w\" sizes=\"auto, (max-width: 1024px) 100vw, 1024px\" \/><\/figure><\/li><\/ul>\n","protected":false},"excerpt":{"rendered":"<p>Das Sch\u00fclerparlament stellt sich vor:Wir, das sind die 24 KlassensprecherInnen aus allen 12 Klassen unserer Schule, treffen uns regelm\u00e4\u00dfig, um unsere Schule mit zu gestalten. Dann sprechen wir gemeinsam dar\u00fcber, was euch an unserer Schule gef\u00e4llt, was euch st\u00f6rt oder Sorgen bereitet und wir \u00fcberlegen, wie wir unsere Schule noch sch\u00f6ner gestalten k\u00f6nnen.<\/p>\n","protected":false},"author":9192438,"featured_media":0,"parent":0,"menu_order":0,"comment_status":"closed","ping_status":"closed","template":"","meta":{"footnotes":""},"class_list":["post-2549","page","type-page","status-publish","hentry"],"_links":{"self":[{"href":"https:\/\/wordpress.nibis.de\/gs-klint\/wp-json\/wp\/v2\/pages\/2549","targetHints":{"allow":["GET"]}}],"collection":[{"href":"https:\/\/wordpress.nibis.de\/gs-klint\/wp-json\/wp\/v2\/pages"}],"about":[{"href":"https:\/\/wordpress.nibis.de\/gs-klint\/wp-json\/wp\/v2\/types\/page"}],"author":[{"embeddable":true,"href":"https:\/\/wordpress.nibis.de\/gs-klint\/wp-json\/wp\/v2\/users\/9192438"}],"replies":[{"embeddable":true,"href":"https:\/\/wordpress.nibis.de\/gs-klint\/wp-json\/wp\/v2\/comments?post=2549"}],"version-history":[{"count":1,"href":"https:\/\/wordpress.nibis.de\/gs-klint\/wp-json\/wp\/v2\/pages\/2549\/revisions"}],"predecessor-version":[{"id":2552,"href":"https:\/\/wordpress.nibis.de\/gs-klint\/wp-json\/wp\/v2\/pages\/2549\/revisions\/2552"}],"wp:attachment":[{"href":"https:\/\/wordpress.nibis.de\/gs-klint\/wp-json\/wp\/v2\/media?parent=2549"}],"curies":[{"name":"wp","href":"https:\/\/api.w.org\/{rel}","templated":true}]}}