{"id":3411,"date":"2021-12-29T20:54:05","date_gmt":"2021-12-29T19:54:05","guid":{"rendered":"https:\/\/wordpress.nibis.de\/gs-klint\/?page_id=3411"},"modified":"2024-05-07T09:35:26","modified_gmt":"2024-05-07T08:35:26","slug":"projekt-umweltschule","status":"publish","type":"page","link":"https:\/\/wordpress.nibis.de\/gs-klint\/projekt-umweltschule\/","title":{"rendered":"Wir sind Umweltschule"},"content":{"rendered":"<p style=\"text-align: right\">\u201eTr\u00e4umt einer allein, ist es nur ein Traum.<br \/>\nTr\u00e4umen viele gemeinsam, ist es der Anfang von etwas Neuem.\u201c<br \/>\n<em>Sprichwort aus Brasilien<\/em><\/p>\n<p>Wir sind <em><strong>Umweltschule<\/strong><\/em> \u00a0 \u00a0 <a href=\"https:\/\/wordpress.nibis.de\/gs-klint\/files\/eco-schools_rgb_germany.jpg\"><img loading=\"lazy\" decoding=\"async\" class=\"alignnone wp-image-3631\" src=\"https:\/\/wordpress.nibis.de\/gs-klint\/files\/eco-schools_rgb_germany-300x300.jpg\" alt=\"\" width=\"128\" height=\"128\" srcset=\"https:\/\/wordpress.nibis.de\/gs-klint\/files\/eco-schools_rgb_germany-300x300.jpg 300w, https:\/\/wordpress.nibis.de\/gs-klint\/files\/eco-schools_rgb_germany-150x150.jpg 150w, https:\/\/wordpress.nibis.de\/gs-klint\/files\/eco-schools_rgb_germany-768x766.jpg 768w, https:\/\/wordpress.nibis.de\/gs-klint\/files\/eco-schools_rgb_germany.jpg 1000w\" sizes=\"auto, (max-width: 128px) 100vw, 128px\" \/><\/a><\/p>\n<p>Die Grundschule Klint hat sich f\u00fcr die Zertifizierung zur \u201eUmweltschule\u201c erfolgreich beworben und darf sich seit Herbst 2022 <strong>Umweltschule<\/strong> nennen.<\/p>\n<p><strong><a href=\"https:\/\/wordpress.nibis.de\/gs-klint\/files\/Kindertext-Umweltschule-neutral.pdf\">Hier erkl\u00e4rt das Sch\u00fclerparlament, was es bedeutet, eine Nachhaltigkeitsschule zu sein<\/a><\/strong><\/p>\n<p>Seit dem 31.01.2023 befinden wir uns schon im n\u00e4chsten Zyklus der Bewerbung und einem neuen eingereichten Handlungskonzept, um auch f\u00fcr den Zeitraum 2022-2024 diese Auszeichnung tragen zu d\u00fcrfen!<br \/>\nBeworben haben wir uns weiterhin mit den 2 Handlungsfeldern <a href=\"https:\/\/wordpress.nibis.de\/gs-klint\/biologosche-vielfalt-und-biodiversitaet\/\" target=\"_blank\" rel=\"noopener\"><strong>Biologische Vielfalt und Biodiversit\u00e4t<\/strong><\/a> und <a href=\"https:\/\/wordpress.nibis.de\/gs-klint\/demokratie-und-partizipation\/\" target=\"_blank\" rel=\"noopener\"><strong>Partizipation und Demokratisch gestalten<\/strong><\/a>.<br \/>\nBew\u00e4hrtes wird beibehalten, innovative Projekte in beiden Bereichen sollen neue Wege und Perspektiven er\u00f6ffnen.<\/p>\n<div id='gallery-1' class='gallery galleryid-3411 gallery-columns-1 gallery-size-thumbnail'><figure class='gallery-item'>\n\t\t\t<div class='gallery-icon landscape'>\n\t\t\t\t<a href='https:\/\/wordpress.nibis.de\/gs-klint\/klassenrat-klassensprecher-und-schuelerparlament\/bildschirmfoto-2024-02-20-um-09-10-01\/'><img loading=\"lazy\" decoding=\"async\" width=\"141\" height=\"141\" src=\"https:\/\/wordpress.nibis.de\/gs-klint\/files\/Bildschirmfoto-2024-02-20-um-09.10.01-150x150.png\" class=\"attachment-thumbnail size-thumbnail\" alt=\"\" \/><\/a>\n\t\t\t<\/div><\/figure>\n\t\t<\/div>\n\n<p><strong><a href=\"https:\/\/wordpress.nibis.de\/gs-klint\/files\/UMWELTSCHULE.pdf\" target=\"_blank\" rel=\"noopener\">Wir leben Umweltschule<\/a><\/strong><\/p>\n<p><a href=\"https:\/\/wordpress.nibis.de\/gs-klint\/files\/Newsletter-INA_USE-8-kor-komprimiert.pdf\" target=\"_blank\" rel=\"noopener\"><strong>Hier geht es zum Newsletter <em>Umweltschule<\/em><\/strong><\/a><\/p>\n<p>Im Rahmen des Projekts ist es ein langfristiges Ziel, beide Handlungsfelder zu vernetzen, \u00fcbergreifend zu thematisieren und im schuleigenen Arbeitsplan \u00fcber den Zertifizierungsprozess hinaus zu dokumentieren und weiter zu entwickeln.<\/p>\n<p>Geplant f\u00fcr die Projektzeit und dar\u00fcber hinaus sind die Weiterf\u00fchrung und die Ausweitung bestehender Projekte im Unterricht und in Arbeitsgemeinschaften am Vor- und Nachmittag. Ebenso sind Projekte geplant mit externen Anbietern in der Schule bzw. an einem externen Lernort. Auch der Ganztag engagiert sich am Projekt, u.a. zum Beispiel mit Ferienaktionen.<\/p>\n<p><strong><a href=\"https:\/\/wordpress.nibis.de\/gs-klint\/projekt-umweltschule-termine\/?preview_id=3418&amp;preview_nonce=bfb0277d66&amp;_thumbnail_id=-1&amp;preview=true\" target=\"_blank\" rel=\"noopener\">Termine<\/a><\/strong><\/p>\n<p><strong><a href=\"https:\/\/wordpress.nibis.de\/gs-klint\/schulgarten\/\" target=\"_blank\" rel=\"noopener\">Hier geht es zu unserem Schulgarten<\/a><\/strong><\/p>\n","protected":false},"excerpt":{"rendered":"<p>\u201eTr\u00e4umt einer allein, ist es nur ein Traum. Tr\u00e4umen viele gemeinsam, ist es der Anfang von etwas Neuem.\u201c Sprichwort aus Brasilien Wir sind Umweltschule \u00a0 \u00a0 Die Grundschule Klint hat sich f\u00fcr die Zertifizierung zur \u201eUmweltschule\u201c erfolgreich beworben und darf sich seit Herbst 2022 Umweltschule nennen. Hier erkl\u00e4rt das Sch\u00fclerparlament, was es bedeutet, eine Nachhaltigkeitsschule &hellip; <a href=\"https:\/\/wordpress.nibis.de\/gs-klint\/projekt-umweltschule\/\" class=\"more-link\"><span class=\"screen-reader-text\">Wir sind Umweltschule<\/span> weiterlesen <span class=\"meta-nav\">&rarr;<\/span><\/a><\/p>\n","protected":false},"author":9192438,"featured_media":3222,"parent":0,"menu_order":0,"comment_status":"closed","ping_status":"closed","template":"","meta":{"footnotes":""},"class_list":["post-3411","page","type-page","status-publish","has-post-thumbnail","hentry"],"_links":{"self":[{"href":"https:\/\/wordpress.nibis.de\/gs-klint\/wp-json\/wp\/v2\/pages\/3411","targetHints":{"allow":["GET"]}}],"collection":[{"href":"https:\/\/wordpress.nibis.de\/gs-klint\/wp-json\/wp\/v2\/pages"}],"about":[{"href":"https:\/\/wordpress.nibis.de\/gs-klint\/wp-json\/wp\/v2\/types\/page"}],"author":[{"embeddable":true,"href":"https:\/\/wordpress.nibis.de\/gs-klint\/wp-json\/wp\/v2\/users\/9192438"}],"replies":[{"embeddable":true,"href":"https:\/\/wordpress.nibis.de\/gs-klint\/wp-json\/wp\/v2\/comments?post=3411"}],"version-history":[{"count":22,"href":"https:\/\/wordpress.nibis.de\/gs-klint\/wp-json\/wp\/v2\/pages\/3411\/revisions"}],"predecessor-version":[{"id":4225,"href":"https:\/\/wordpress.nibis.de\/gs-klint\/wp-json\/wp\/v2\/pages\/3411\/revisions\/4225"}],"wp:featuredmedia":[{"embeddable":true,"href":"https:\/\/wordpress.nibis.de\/gs-klint\/wp-json\/wp\/v2\/media\/3222"}],"wp:attachment":[{"href":"https:\/\/wordpress.nibis.de\/gs-klint\/wp-json\/wp\/v2\/media?parent=3411"}],"curies":[{"name":"wp","href":"https:\/\/api.w.org\/{rel}","templated":true}]}}