{"id":3427,"date":"2021-12-29T21:31:45","date_gmt":"2021-12-29T20:31:45","guid":{"rendered":"https:\/\/wordpress.nibis.de\/gs-klint\/?page_id=3427"},"modified":"2022-01-04T20:24:22","modified_gmt":"2022-01-04T19:24:22","slug":"projekt-umweltschule-kooperationen","status":"publish","type":"page","link":"https:\/\/wordpress.nibis.de\/gs-klint\/projekt-umweltschule-kooperationen\/","title":{"rendered":"Projekt Umweltschule Kooperationen"},"content":{"rendered":"<p>Die Kooperation mit dem <a href=\"https:\/\/www.landesforsten.de\/erleben\/waldpaedagogik\/unsere-waldpaedagogikzentren\/wpz-waldforum-riddagshausen\/\" target=\"_blank\" rel=\"noopener\"><strong>Waldforum Riddagshausen<\/strong><\/a> und der <a href=\"https:\/\/www.wolfsburg.de\/leben\/umweltnaturschutz\/naturerkundungsstation-nest\" target=\"_blank\" rel=\"noopener\"><strong>NaturErkundungsSTation\u00a0(NEST)<\/strong><\/a> in Wolfsburg erm\u00f6glicht den 12 Klassen mit ca. 220 Sch\u00fcler*innen in ihrer Grundschulzeit einmal j\u00e4hrlich mit zertifizierten Waldp\u00e4dagogen den Lebensraum Wald mit seinen vielseitigen Ph\u00e4nomenen zu entdecken und zu erleben.<br \/>\nJahrgang 3 erh\u00e4lt im Fr\u00fchling Einblick in die Aufzucht von Meisen und versucht sich selbst am \u201eNestbau\u201c.<\/p>\n<p><a href=\"https:\/\/www.tu-braunschweig.de\/\" target=\"_blank\" rel=\"noopener\"><strong>TU Braunschweig<\/strong><\/a><br \/>\nWissenschaftliche Mitarbeiter*innen besuchen die Grundschule Klint und erarbeiten mit den Sch\u00fcler*innen im zweiten Jahrgang M\u00f6glichkeiten Tiere auf ihrem Schulgel\u00e4nde mit dem \u201eSpurentunnel\u201c zu entdecken und vielleicht sogar im privaten Umfeld mit einem ausgeliehenen Spurentunnel aus ihrer Schule im eigenen (Klein-)Garten Tiere zu entdecken.<\/p>\n<p><a href=\"https:\/\/www.magniviertel-ev.de\/\" target=\"_blank\" rel=\"noopener\"><strong>B\u00fcrgerschaft Magniviertel e.V.<\/strong><\/a><br \/>\nMitglieder der B\u00fcrgerschaft Magniviertel e.V. unterst\u00fctzen die Lehrkr\u00e4fte im Sachunterricht darin, das Magniviertel auf graue und gr\u00fcne Ecken zu erforschen und dabei auch Zugang zu Privat- und Hinterh\u00f6fen zu bekommen.<br \/>\nDie B\u00fcrgerschaft Magniviertel e.V. m\u00f6chte gemeinsam mit Jungen und M\u00e4dchen der Grundschule Klint das Projekt \u201eGr\u00fcnes Herz- 75 Jahre Niedersachsen\u201c im Fr\u00fchjahr 2022 aufgreifen und eine Rasenfl\u00e4che dementsprechend gestalten.<\/p>\n<p><a href=\"https:\/\/www.wolfenbuettel.de\/index.php?ModID=7&amp;FID=2672.10479.1&amp;object=tx%7C2672.10479.1\" target=\"_blank\" rel=\"noopener\"><strong>FreiwilligenAgentur Wolfenb\u00fcttel<\/strong><\/a><br \/>\nEhrenamtliche Mitarbeiter der Freiwilligenagentur Wolfenb\u00fcttel unterst\u00fctzen die Grundschule Klint im Rahmen von Schulprojekten mit ein- mehrt\u00e4gigen Aktionen beim Bau von Binenehotels, Nistk\u00e4sten und diversen Futter- und \u00dcberwinterungsh\u00e4usern.<\/p>\n<p><a href=\"https:\/\/wordpress.nibis.de\/gs-klint\/schulverein\/\" target=\"_blank\" rel=\"noopener\"><strong>Schulverein<\/strong><\/a><br \/>\nHerzlichen Dank f\u00fcr die organisatorische Unterst\u00fctzung bei der Abrechnung der beantragten F\u00f6rdermittel der Sponsoren und auch f\u00fcr Ihre stete Bereitschaft, unsere Projekte unb\u00fcrokratisch finanziell zu begleiten.<\/p>\n<p><a href=\"https:\/\/bildungsportal-niedersachsen.de\/bne\/schulentwicklung\/netzwerk-schulgarten-niedersachsen\" target=\"_blank\" rel=\"noopener\"><strong>Netzwerk Schulgarten Niedersachsen<\/strong><\/a><br \/>\n\u201eDas landesweite Netzwerk &#8222;Schulgarten Niedersachsen&#8220; richtet sich sowohl an Schulen, die bereits mit einem Schulgarten arbeiten, als auch an diejenigen, die einen planen. Das Netzwerk ist regional organisiert, um die Vernetzung der Schulen untereinander und auch mit au\u00dferschulischen Partnerinnen und Partnern vor Ort zu unterst\u00fctzen.&#8220;<\/p>\n<div id='gallery-1' class='gallery galleryid-3427 gallery-columns-3 gallery-size-thumbnail'><figure class='gallery-item'>\n\t\t\t<div class='gallery-icon landscape'>\n\t\t\t\t<a href='https:\/\/wordpress.nibis.de\/gs-klint\/projekt-umweltschule-kooperationen\/wal_logo_rgb\/'><img loading=\"lazy\" decoding=\"async\" width=\"141\" height=\"141\" src=\"https:\/\/wordpress.nibis.de\/gs-klint\/files\/WAL_Logo_rgb-150x150.jpg\" class=\"attachment-thumbnail size-thumbnail\" alt=\"\" \/><\/a>\n\t\t\t<\/div><\/figure><figure class='gallery-item'>\n\t\t\t<div class='gallery-icon landscape'>\n\t\t\t\t<a href='https:\/\/wordpress.nibis.de\/gs-klint\/projekt-umweltschule-kooperationen\/foerderverein-gruen-mit-schrift\/'><img loading=\"lazy\" decoding=\"async\" width=\"141\" height=\"141\" src=\"https:\/\/wordpress.nibis.de\/gs-klint\/files\/Foerderverein-gruen-mit-Schrift-150x150.jpg\" class=\"attachment-thumbnail size-thumbnail\" alt=\"\" \/><\/a>\n\t\t\t<\/div><\/figure><figure class='gallery-item'>\n\t\t\t<div class='gallery-icon landscape'>\n\t\t\t\t<a href='https:\/\/wordpress.nibis.de\/gs-klint\/projekt-umweltschule-kooperationen\/logo-niedersaechsische-landesforsten\/'><img loading=\"lazy\" decoding=\"async\" width=\"141\" height=\"141\" src=\"https:\/\/wordpress.nibis.de\/gs-klint\/files\/Logo-Niedersaechsische-Landesforsten-150x150.jpg\" class=\"attachment-thumbnail size-thumbnail\" alt=\"\" \/><\/a>\n\t\t\t<\/div><\/figure><figure class='gallery-item'>\n\t\t\t<div class='gallery-icon landscape'>\n\t\t\t\t<a href='https:\/\/wordpress.nibis.de\/gs-klint\/projekt-umweltschule-kooperationen\/geo_lu_logo_rgb_dt\/'><img loading=\"lazy\" decoding=\"async\" width=\"141\" height=\"141\" src=\"https:\/\/wordpress.nibis.de\/gs-klint\/files\/GEO_LU_Logo_RGB_dt-150x150.jpg\" class=\"attachment-thumbnail size-thumbnail\" alt=\"\" \/><\/a>\n\t\t\t<\/div><\/figure><figure class='gallery-item'>\n\t\t\t<div class='gallery-icon landscape'>\n\t\t\t\t<a href='https:\/\/wordpress.nibis.de\/gs-klint\/projekt-umweltschule-kooperationen\/tub_logo_rz_vorlage_typo\/'><img loading=\"lazy\" decoding=\"async\" width=\"141\" height=\"141\" src=\"https:\/\/wordpress.nibis.de\/gs-klint\/files\/TUBraunschweig_CO_100vH_72dpi-150x150.jpg\" class=\"attachment-thumbnail size-thumbnail\" alt=\"\" \/><\/a>\n\t\t\t<\/div><\/figure><figure class='gallery-item'>\n\t\t\t<div class='gallery-icon landscape'>\n\t\t\t\t<a href='https:\/\/wordpress.nibis.de\/gs-klint\/projekt-umweltschule-kooperationen\/logo_neu-1-1-1\/'><img loading=\"lazy\" decoding=\"async\" width=\"141\" height=\"141\" src=\"https:\/\/wordpress.nibis.de\/gs-klint\/files\/Logo_neu-1-1-1-150x150.jpg\" class=\"attachment-thumbnail size-thumbnail\" alt=\"\" \/><\/a>\n\t\t\t<\/div><\/figure><figure class='gallery-item'>\n\t\t\t<div class='gallery-icon portrait'>\n\t\t\t\t<a href='https:\/\/wordpress.nibis.de\/gs-klint\/projekt-umweltschule-kooperationen\/logo_presse\/'><img loading=\"lazy\" decoding=\"async\" width=\"141\" height=\"141\" src=\"https:\/\/wordpress.nibis.de\/gs-klint\/files\/logo_presse-150x150.jpg\" class=\"attachment-thumbnail size-thumbnail\" alt=\"\" srcset=\"https:\/\/wordpress.nibis.de\/gs-klint\/files\/logo_presse-150x150.jpg 150w, https:\/\/wordpress.nibis.de\/gs-klint\/files\/logo_presse-298x300.jpg 298w, https:\/\/wordpress.nibis.de\/gs-klint\/files\/logo_presse-768x774.jpg 768w, https:\/\/wordpress.nibis.de\/gs-klint\/files\/logo_presse.jpg 900w\" sizes=\"auto, (max-width: 141px) 100vw, 141px\" \/><\/a>\n\t\t\t<\/div><\/figure><figure class='gallery-item'>\n\t\t\t<div class='gallery-icon landscape'>\n\t\t\t\t<a href='https:\/\/wordpress.nibis.de\/gs-klint\/projekt-umweltschule-kooperationen\/wortmarke_neutral_druck\/'><img loading=\"lazy\" decoding=\"async\" width=\"141\" height=\"141\" src=\"https:\/\/wordpress.nibis.de\/gs-klint\/files\/wortmarke_neutral_druck-150x150.jpg\" class=\"attachment-thumbnail size-thumbnail\" alt=\"\" \/><\/a>\n\t\t\t<\/div><\/figure><figure class='gallery-item'>\n\t\t\t<div class='gallery-icon landscape'>\n\t\t\t\t<a href='https:\/\/wordpress.nibis.de\/gs-klint\/projekt-umweltschule-kooperationen\/logo-schulgarten3\/'><img loading=\"lazy\" decoding=\"async\" width=\"141\" height=\"141\" src=\"https:\/\/wordpress.nibis.de\/gs-klint\/files\/Logo-Schulgarten3-150x150.jpg\" class=\"attachment-thumbnail size-thumbnail\" alt=\"\" \/><\/a>\n\t\t\t<\/div><\/figure>\n\t\t<\/div>\n\n","protected":false},"excerpt":{"rendered":"<p>Die Kooperation mit dem Waldforum Riddagshausen und der NaturErkundungsSTation\u00a0(NEST) in Wolfsburg erm\u00f6glicht den 12 Klassen mit ca. 220 Sch\u00fcler*innen in ihrer Grundschulzeit einmal j\u00e4hrlich mit zertifizierten Waldp\u00e4dagogen den Lebensraum Wald mit seinen vielseitigen Ph\u00e4nomenen zu entdecken und zu erleben. Jahrgang 3 erh\u00e4lt im Fr\u00fchling Einblick in die Aufzucht von Meisen und versucht sich selbst am &hellip; <a href=\"https:\/\/wordpress.nibis.de\/gs-klint\/projekt-umweltschule-kooperationen\/\" class=\"more-link\"><span class=\"screen-reader-text\">Projekt Umweltschule Kooperationen<\/span> weiterlesen <span class=\"meta-nav\">&rarr;<\/span><\/a><\/p>\n","protected":false},"author":9192438,"featured_media":0,"parent":0,"menu_order":0,"comment_status":"closed","ping_status":"closed","template":"","meta":{"footnotes":""},"class_list":["post-3427","page","type-page","status-publish","hentry"],"_links":{"self":[{"href":"https:\/\/wordpress.nibis.de\/gs-klint\/wp-json\/wp\/v2\/pages\/3427","targetHints":{"allow":["GET"]}}],"collection":[{"href":"https:\/\/wordpress.nibis.de\/gs-klint\/wp-json\/wp\/v2\/pages"}],"about":[{"href":"https:\/\/wordpress.nibis.de\/gs-klint\/wp-json\/wp\/v2\/types\/page"}],"author":[{"embeddable":true,"href":"https:\/\/wordpress.nibis.de\/gs-klint\/wp-json\/wp\/v2\/users\/9192438"}],"replies":[{"embeddable":true,"href":"https:\/\/wordpress.nibis.de\/gs-klint\/wp-json\/wp\/v2\/comments?post=3427"}],"version-history":[{"count":9,"href":"https:\/\/wordpress.nibis.de\/gs-klint\/wp-json\/wp\/v2\/pages\/3427\/revisions"}],"predecessor-version":[{"id":3562,"href":"https:\/\/wordpress.nibis.de\/gs-klint\/wp-json\/wp\/v2\/pages\/3427\/revisions\/3562"}],"wp:attachment":[{"href":"https:\/\/wordpress.nibis.de\/gs-klint\/wp-json\/wp\/v2\/media?parent=3427"}],"curies":[{"name":"wp","href":"https:\/\/api.w.org\/{rel}","templated":true}]}}

<p>Die Kooperation mit dem <a href="https://www.landesforsten.de/erleben/waldpaedagogik/unsere-waldpaedagogikzentren/wpz-waldforum-riddagshausen/" target="_blank" rel="noopener"><strong>Waldforum Riddagshausen</strong></a> und der <a href="https://www.wolfsburg.de/leben/umweltnaturschutz/naturerkundungsstation-nest" target="_blank" rel="noopener"><strong>NaturErkundungsSTation (NEST)</strong></a> in Wolfsburg ermöglicht den 12 Klassen mit ca. 220 Schüler*innen in ihrer Grundschulzeit einmal jährlich mit zertifizierten Waldpädagogen den Lebensraum Wald mit seinen vielseitigen Phänomenen zu entdecken und zu erleben.<br />
Jahrgang 3 erhält im Frühling Einblick in die Aufzucht von Meisen und versucht sich selbst am „Nestbau“.</p>
<p><a href="https://www.tu-braunschweig.de/" target="_blank" rel="noopener"><strong>TU Braunschweig</strong></a><br />
Wissenschaftliche Mitarbeiter*innen besuchen die Grundschule Klint und erarbeiten mit den Schüler*innen im zweiten Jahrgang Möglichkeiten Tiere auf ihrem Schulgelände mit dem „Spurentunnel“ zu entdecken und vielleicht sogar im privaten Umfeld mit einem ausgeliehenen Spurentunnel aus ihrer Schule im eigenen (Klein-)Garten Tiere zu entdecken.</p>
<p><a href="https://www.magniviertel-ev.de/" target="_blank" rel="noopener"><strong>Bürgerschaft Magniviertel e.V.</strong></a><br />
Mitglieder der Bürgerschaft Magniviertel e.V. unterstützen die Lehrkräfte im Sachunterricht darin, das Magniviertel auf graue und grüne Ecken zu erforschen und dabei auch Zugang zu Privat- und Hinterhöfen zu bekommen.<br />
Die Bürgerschaft Magniviertel e.V. möchte gemeinsam mit Jungen und Mädchen der Grundschule Klint das Projekt „Grünes Herz- 75 Jahre Niedersachsen“ im Frühjahr 2022 aufgreifen und eine Rasenfläche dementsprechend gestalten.</p>
<p><a href="https://www.wolfenbuettel.de/index.php?ModID=7&amp;FID=2672.10479.1&amp;object=tx%7C2672.10479.1" target="_blank" rel="noopener"><strong>FreiwilligenAgentur Wolfenbüttel</strong></a><br />
Ehrenamtliche Mitarbeiter der Freiwilligenagentur Wolfenbüttel unterstützen die Grundschule Klint im Rahmen von Schulprojekten mit ein- mehrtägigen Aktionen beim Bau von Binenehotels, Nistkästen und diversen Futter- und Überwinterungshäusern.</p>
<p><a href="https://wordpress.nibis.de/gs-klint/schulverein/" target="_blank" rel="noopener"><strong>Schulverein</strong></a><br />
Herzlichen Dank für die organisatorische Unterstützung bei der Abrechnung der beantragten Fördermittel der Sponsoren und auch für Ihre stete Bereitschaft, unsere Projekte unbürokratisch finanziell zu begleiten.</p>
<p><a href="https://bildungsportal-niedersachsen.de/bne/schulentwicklung/netzwerk-schulgarten-niedersachsen" target="_blank" rel="noopener"><strong>Netzwerk Schulgarten Niedersachsen</strong></a><br />
„Das landesweite Netzwerk &#8222;Schulgarten Niedersachsen&#8220; richtet sich sowohl an Schulen, die bereits mit einem Schulgarten arbeiten, als auch an diejenigen, die einen planen. Das Netzwerk ist regional organisiert, um die Vernetzung der Schulen untereinander und auch mit außerschulischen Partnerinnen und Partnern vor Ort zu unterstützen.&#8220;</p>
<div id='gallery-1' class='gallery galleryid-3427 gallery-columns-3 gallery-size-thumbnail'><figure class='gallery-item'>
			<div class='gallery-icon landscape'>
				<a href='https://wordpress.nibis.de/gs-klint/projekt-umweltschule-kooperationen/wal_logo_rgb/'><img loading="lazy" decoding="async" width="141" height="141" src="https://wordpress.nibis.de/gs-klint/files/WAL_Logo_rgb-150x150.jpg" class="attachment-thumbnail size-thumbnail" alt="" /></a>
			</div></figure><figure class='gallery-item'>
			<div class='gallery-icon landscape'>
				<a href='https://wordpress.nibis.de/gs-klint/projekt-umweltschule-kooperationen/foerderverein-gruen-mit-schrift/'><img loading="lazy" decoding="async" width="141" height="141" src="https://wordpress.nibis.de/gs-klint/files/Foerderverein-gruen-mit-Schrift-150x150.jpg" class="attachment-thumbnail size-thumbnail" alt="" /></a>
			</div></figure><figure class='gallery-item'>
			<div class='gallery-icon landscape'>
				<a href='https://wordpress.nibis.de/gs-klint/projekt-umweltschule-kooperationen/logo-niedersaechsische-landesforsten/'><img loading="lazy" decoding="async" width="141" height="141" src="https://wordpress.nibis.de/gs-klint/files/Logo-Niedersaechsische-Landesforsten-150x150.jpg" class="attachment-thumbnail size-thumbnail" alt="" /></a>
			</div></figure><figure class='gallery-item'>
			<div class='gallery-icon landscape'>
				<a href='https://wordpress.nibis.de/gs-klint/projekt-umweltschule-kooperationen/geo_lu_logo_rgb_dt/'><img loading="lazy" decoding="async" width="141" height="141" src="https://wordpress.nibis.de/gs-klint/files/GEO_LU_Logo_RGB_dt-150x150.jpg" class="attachment-thumbnail size-thumbnail" alt="" /></a>
			</div></figure><figure class='gallery-item'>
			<div class='gallery-icon landscape'>
				<a href='https://wordpress.nibis.de/gs-klint/projekt-umweltschule-kooperationen/tub_logo_rz_vorlage_typo/'><img loading="lazy" decoding="async" width="141" height="141" src="https://wordpress.nibis.de/gs-klint/files/TUBraunschweig_CO_100vH_72dpi-150x150.jpg" class="attachment-thumbnail size-thumbnail" alt="" /></a>
			</div></figure><figure class='gallery-item'>
			<div class='gallery-icon landscape'>
				<a href='https://wordpress.nibis.de/gs-klint/projekt-umweltschule-kooperationen/logo_neu-1-1-1/'><img loading="lazy" decoding="async" width="141" height="141" src="https://wordpress.nibis.de/gs-klint/files/Logo_neu-1-1-1-150x150.jpg" class="attachment-thumbnail size-thumbnail" alt="" /></a>
			</div></figure><figure class='gallery-item'>
			<div class='gallery-icon portrait'>
				<a href='https://wordpress.nibis.de/gs-klint/projekt-umweltschule-kooperationen/logo_presse/'><img loading="lazy" decoding="async" width="141" height="141" src="https://wordpress.nibis.de/gs-klint/files/logo_presse-150x150.jpg" class="attachment-thumbnail size-thumbnail" alt="" srcset="https://wordpress.nibis.de/gs-klint/files/logo_presse-150x150.jpg 150w, https://wordpress.nibis.de/gs-klint/files/logo_presse-298x300.jpg 298w, https://wordpress.nibis.de/gs-klint/files/logo_presse-768x774.jpg 768w, https://wordpress.nibis.de/gs-klint/files/logo_presse.jpg 900w" sizes="auto, (max-width: 141px) 100vw, 141px" /></a>
			</div></figure><figure class='gallery-item'>
			<div class='gallery-icon landscape'>
				<a href='https://wordpress.nibis.de/gs-klint/projekt-umweltschule-kooperationen/wortmarke_neutral_druck/'><img loading="lazy" decoding="async" width="141" height="141" src="https://wordpress.nibis.de/gs-klint/files/wortmarke_neutral_druck-150x150.jpg" class="attachment-thumbnail size-thumbnail" alt="" /></a>
			</div></figure><figure class='gallery-item'>
			<div class='gallery-icon landscape'>
				<a href='https://wordpress.nibis.de/gs-klint/projekt-umweltschule-kooperationen/logo-schulgarten3/'><img loading="lazy" decoding="async" width="141" height="141" src="https://wordpress.nibis.de/gs-klint/files/Logo-Schulgarten3-150x150.jpg" class="attachment-thumbnail size-thumbnail" alt="" /></a>
			</div></figure>
		</div>

<p>Die Kooperation mit dem Waldforum Riddagshausen und der NaturErkundungsSTation (NEST) in Wolfsburg ermöglicht den 12 Klassen mit ca. 220 Schüler*innen in ihrer Grundschulzeit einmal jährlich mit zertifizierten Waldpädagogen den Lebensraum Wald mit seinen vielseitigen Phänomenen zu entdecken und zu erleben. Jahrgang 3 erhält im Frühling Einblick in die Aufzucht von Meisen und versucht sich selbst am &hellip; <a href="https://wordpress.nibis.de/gs-klint/projekt-umweltschule-kooperationen/" class="more-link"><span class="screen-reader-text">Projekt Umweltschule Kooperationen</span> weiterlesen <span class="meta-nav">&rarr;</span></a></p>
