{"id":3446,"date":"2021-12-29T21:37:02","date_gmt":"2021-12-29T20:37:02","guid":{"rendered":"https:\/\/wordpress.nibis.de\/gs-klint\/?page_id=3446"},"modified":"2022-01-04T20:27:08","modified_gmt":"2022-01-04T19:27:08","slug":"projekt-umweltschule-foerderer","status":"publish","type":"page","link":"https:\/\/wordpress.nibis.de\/gs-klint\/projekt-umweltschule-foerderer\/","title":{"rendered":"Projekt Umweltschule F\u00f6rderer"},"content":{"rendered":"<p><a href=\"http:\/\/volker-brumme-stiftung.de\/\" target=\"_blank\" rel=\"noopener\"><strong>Volker-Brumme Stiftung<\/strong><\/a><br \/>\nHerzlichen Dank f\u00fcr die Zusammenarbeit und die gro\u00dfz\u00fcgigen Spenden der Volker-Brumme Stiftung, die den Sch\u00fcler*innen der Grundschule Klint das Material und die M\u00f6glichkeiten f\u00fcr den \u201eTag des Schulgartens\u201c geschaffen haben, ihre geplanten Aktionen umzusetzen und zu pr\u00e4sentieren, u.a.<br \/>\nOhrenkriecherschlafpl\u00e4tze, Samenbomben, Spurentunnel, Jostabeere und Johannisbeere als neues Obst, K\u00fcbel f\u00fcr K\u00fcchenkr\u00e4uter, ein Schmetterlingsstrauch als Nahrungsquelle f\u00fcr die aufgezogenen Schmetterlinge, insektenfreundliche Pflanzen f\u00fcr die Gummistiefel, Mohnblume und Frauenmantel zur Darstellung von BIONIK.<\/p>\n<p>Die Volker- Brumme Stiftung wird treuh\u00e4nderisch verwaltet von der <a href=\"https:\/\/www.buergerstiftungbraunschweig.de\/start\/\" target=\"_blank\" rel=\"noopener\"><strong>B\u00fcrgerstiftung Braunschweig<\/strong><\/a>.<\/p>\n<p><img loading=\"lazy\" decoding=\"async\" class=\"alignnone wp-image-3447\" src=\"https:\/\/wordpress.nibis.de\/gs-klint\/files\/Logo-Volker-Brumme-Stiftung-CMYK-300dpi-150x150.jpg\" alt=\"\" width=\"91\" height=\"91\" \/><img loading=\"lazy\" decoding=\"async\" class=\"alignnone wp-image-3448\" src=\"https:\/\/wordpress.nibis.de\/gs-klint\/files\/Logo-Buergerstiftung-ohne-Rand-RGB-300dpi-150x111.jpg\" alt=\"\" width=\"125\" height=\"92\" \/><\/p>\n<p><a href=\"https:\/\/www.bingo-umweltstiftung.de\/\" target=\"_blank\" rel=\"noopener\"><strong>Nieders\u00e4chsische BINGO- Umweltstiftung<\/strong><\/a><br \/>\nHerzlichen Dank an die Nieders\u00e4chsische BINGO- Umweltstiftung, die im Rahmen unseres SchulProjektes \u201eWaldforum\u201c 50% der Veranstaltungs- und Fahrtkosten f\u00fcr den Zeitraum von 3 Jahren \u00fcbernimmt. Diese finanzielle Unterst\u00fctzung erm\u00f6glicht es den Sch\u00fcler*innen der Grundschule Klint in jedem ihrer 4 Grundschuljahre das \u201eWaldforum\u201c mit ihrer Klasse zu besuchen. Gemeinsam mit den zertifizierten Waldp\u00e4dagog*innen bekommen sie die wunderbare Gelegenheit die \u201ebiologische Vielfalt\u201c des Waldes mit allen Sinnen zu entdecken und zu erleben.<\/p>\n<p><img loading=\"lazy\" decoding=\"async\" class=\"alignnone size-thumbnail wp-image-3552\" src=\"https:\/\/wordpress.nibis.de\/gs-klint\/files\/bingo_logo_300ppi_80mm_srb-150x150.jpg\" alt=\"\" width=\"150\" height=\"150\" \/><\/p>\n","protected":false},"excerpt":{"rendered":"<p>Volker-Brumme Stiftung Herzlichen Dank f\u00fcr die Zusammenarbeit und die gro\u00dfz\u00fcgigen Spenden der Volker-Brumme Stiftung, die den Sch\u00fcler*innen der Grundschule Klint das Material und die M\u00f6glichkeiten f\u00fcr den \u201eTag des Schulgartens\u201c geschaffen haben, ihre geplanten Aktionen umzusetzen und zu pr\u00e4sentieren, u.a. Ohrenkriecherschlafpl\u00e4tze, Samenbomben, Spurentunnel, Jostabeere und Johannisbeere als neues Obst, K\u00fcbel f\u00fcr K\u00fcchenkr\u00e4uter, ein Schmetterlingsstrauch als &hellip; <a href=\"https:\/\/wordpress.nibis.de\/gs-klint\/projekt-umweltschule-foerderer\/\" class=\"more-link\"><span class=\"screen-reader-text\">Projekt Umweltschule F\u00f6rderer<\/span> weiterlesen <span class=\"meta-nav\">&rarr;<\/span><\/a><\/p>\n","protected":false},"author":9192438,"featured_media":0,"parent":0,"menu_order":0,"comment_status":"closed","ping_status":"closed","template":"","meta":{"footnotes":""},"class_list":["post-3446","page","type-page","status-publish","hentry"],"_links":{"self":[{"href":"https:\/\/wordpress.nibis.de\/gs-klint\/wp-json\/wp\/v2\/pages\/3446","targetHints":{"allow":["GET"]}}],"collection":[{"href":"https:\/\/wordpress.nibis.de\/gs-klint\/wp-json\/wp\/v2\/pages"}],"about":[{"href":"https:\/\/wordpress.nibis.de\/gs-klint\/wp-json\/wp\/v2\/types\/page"}],"author":[{"embeddable":true,"href":"https:\/\/wordpress.nibis.de\/gs-klint\/wp-json\/wp\/v2\/users\/9192438"}],"replies":[{"embeddable":true,"href":"https:\/\/wordpress.nibis.de\/gs-klint\/wp-json\/wp\/v2\/comments?post=3446"}],"version-history":[{"count":5,"href":"https:\/\/wordpress.nibis.de\/gs-klint\/wp-json\/wp\/v2\/pages\/3446\/revisions"}],"predecessor-version":[{"id":3563,"href":"https:\/\/wordpress.nibis.de\/gs-klint\/wp-json\/wp\/v2\/pages\/3446\/revisions\/3563"}],"wp:attachment":[{"href":"https:\/\/wordpress.nibis.de\/gs-klint\/wp-json\/wp\/v2\/media?parent=3446"}],"curies":[{"name":"wp","href":"https:\/\/api.w.org\/{rel}","templated":true}]}}