{"id":3644,"date":"2022-03-15T18:35:45","date_gmt":"2022-03-15T17:35:45","guid":{"rendered":"https:\/\/wordpress.nibis.de\/gs-klint\/?page_id=3644"},"modified":"2023-06-20T09:58:45","modified_gmt":"2023-06-20T08:58:45","slug":"projekt-schulgarten-wettbewerbe","status":"publish","type":"page","link":"https:\/\/wordpress.nibis.de\/gs-klint\/projekt-schulgarten-wettbewerbe\/","title":{"rendered":"Projekt: Schulgarten Wettbewerbe"},"content":{"rendered":"<p>Die Schulg\u00e4rtner der Grundschule Klint haben w\u00e4hrend der Pandemie an zwei Schulgartenwettbewerben teilgenommen.<\/p>\n<div id='gallery-1' class='gallery galleryid-3644 gallery-columns-3 gallery-size-thumbnail'><figure class='gallery-item'>\n\t\t\t<div class='gallery-icon landscape'>\n\t\t\t\t<a href='https:\/\/wordpress.nibis.de\/gs-klint\/projekt-schulgarten-wettbewerbe\/img_20201102_123747\/'><img loading=\"lazy\" decoding=\"async\" width=\"141\" height=\"141\" src=\"https:\/\/wordpress.nibis.de\/gs-klint\/files\/IMG_20201102_123747-150x150.jpg\" class=\"attachment-thumbnail size-thumbnail\" alt=\"\" \/><\/a>\n\t\t\t<\/div><\/figure><figure class='gallery-item'>\n\t\t\t<div class='gallery-icon landscape'>\n\t\t\t\t<a href='https:\/\/wordpress.nibis.de\/gs-klint\/projekt-schulgarten-wettbewerbe\/incollage_20220306_115504945\/'><img loading=\"lazy\" decoding=\"async\" width=\"141\" height=\"141\" src=\"https:\/\/wordpress.nibis.de\/gs-klint\/files\/inCollage_20220306_115504945-150x150.jpg\" class=\"attachment-thumbnail size-thumbnail\" alt=\"\" \/><\/a>\n\t\t\t<\/div><\/figure><figure class='gallery-item'>\n\t\t\t<div class='gallery-icon portrait'>\n\t\t\t\t<a href='https:\/\/wordpress.nibis.de\/gs-klint\/projekt-schulgarten-wettbewerbe\/wettbewerb_burda_1\/'><img loading=\"lazy\" decoding=\"async\" width=\"141\" height=\"141\" src=\"https:\/\/wordpress.nibis.de\/gs-klint\/files\/Wettbewerb_Burda_1-150x150.jpg\" class=\"attachment-thumbnail size-thumbnail\" alt=\"\" \/><\/a>\n\t\t\t<\/div><\/figure><figure class='gallery-item'>\n\t\t\t<div class='gallery-icon landscape'>\n\t\t\t\t<a href='https:\/\/wordpress.nibis.de\/gs-klint\/projekt-schulgarten-wettbewerbe\/wettbewerbpraesentation1\/'><img loading=\"lazy\" decoding=\"async\" width=\"141\" height=\"141\" src=\"https:\/\/wordpress.nibis.de\/gs-klint\/files\/Wettbewerbpraesentation1-150x150.jpg\" class=\"attachment-thumbnail size-thumbnail\" alt=\"\" \/><\/a>\n\t\t\t<\/div><\/figure><figure class='gallery-item'>\n\t\t\t<div class='gallery-icon landscape'>\n\t\t\t\t<a href='https:\/\/wordpress.nibis.de\/gs-klint\/projekt-schulgarten-wettbewerbe\/wettbewerbpraesentation2\/'><img loading=\"lazy\" decoding=\"async\" width=\"141\" height=\"141\" src=\"https:\/\/wordpress.nibis.de\/gs-klint\/files\/Wettbewerbpraesentation2-150x150.jpg\" class=\"attachment-thumbnail size-thumbnail\" alt=\"\" \/><\/a>\n\t\t\t<\/div><\/figure><figure class='gallery-item'>\n\t\t\t<div class='gallery-icon landscape'>\n\t\t\t\t<a href='https:\/\/wordpress.nibis.de\/gs-klint\/projekt-schulgarten-wettbewerbe\/wettbewerbpraesentation3\/'><img loading=\"lazy\" decoding=\"async\" width=\"141\" height=\"141\" src=\"https:\/\/wordpress.nibis.de\/gs-klint\/files\/Wettbewerbpraesentation3-150x150.jpg\" class=\"attachment-thumbnail size-thumbnail\" alt=\"\" \/><\/a>\n\t\t\t<\/div><\/figure>\n\t\t<\/div>\n\n<p><a href=\"https:\/\/wordpress.nibis.de\/gs-klint\/files\/Teilnehmerurkunde_Schulgartenaktion-2020.pdf\" target=\"_blank\" rel=\"noopener\"><strong>Teilnehmerurkunde<\/strong><\/a><\/p>\n<p><strong>Schulgartenaktion \u201eKleine G\u00e4rtner, gro\u00dfe Ernte\u201c<\/strong><\/p>\n<p>Im Rahmen der Schulgartenaktion 2020 \u201eMein kleiner sch\u00f6ner Garten\u201c geh\u00f6rten die Schulg\u00e4rtner der GS Klint zu den drei Erstplatzierten und gewannen 15 Gartensets. Das Besondere an diesem Preis war zus\u00e4tzlich das Erscheinen eines Fotos mit den Schulg\u00e4rtner*innen und ihren Gartensets in der Zeitschrift \u201eMein sch\u00f6ner kleiner Garten\u201c.<\/p>\n<p>&nbsp;<\/p>\n<p>&nbsp;<\/p>\n<p><strong>Braunschweiger Naturschutzpreis 2020\/21<\/strong><\/p>\n<p>in der Wettbewerbskategorie \u201enaturnahe Gartengestaltung durch Kinder und Jugendliche\u201c<\/p>\n<p>Belohnt wurde Ihre Teilnahme mit der Plakette als ausgezeichneter naturnaher Garten, einem Bienenhotel f\u00fcr ihren Schulhof und einer insektenfreundlichen Samenmischung.<\/p>\n<div id='gallery-2' class='gallery galleryid-3644 gallery-columns-2 gallery-size-thumbnail'><figure class='gallery-item'>\n\t\t\t<div class='gallery-icon portrait'>\n\t\t\t\t<a href='https:\/\/wordpress.nibis.de\/gs-klint\/projekt-schulgarten-wettbewerbe\/dav\/'><img loading=\"lazy\" decoding=\"async\" width=\"141\" height=\"141\" src=\"https:\/\/wordpress.nibis.de\/gs-klint\/files\/IMG_20220119_103804-150x150.jpg\" class=\"attachment-thumbnail size-thumbnail\" alt=\"\" aria-describedby=\"gallery-2-3647\" \/><\/a>\n\t\t\t<\/div>\n\t\t\t\t<figcaption class='wp-caption-text gallery-caption' id='gallery-2-3647'>\n\t\t\t\tdav\n\t\t\t\t<\/figcaption><\/figure><figure class='gallery-item'>\n\t\t\t<div class='gallery-icon portrait'>\n\t\t\t\t<a href='https:\/\/wordpress.nibis.de\/gs-klint\/projekt-schulgarten-wettbewerbe\/kleine-gaertner_grosse_ernte_burda\/'><img loading=\"lazy\" decoding=\"async\" width=\"141\" height=\"141\" src=\"https:\/\/wordpress.nibis.de\/gs-klint\/files\/Kleine-Gaertner_Grosse_Ernte_Burda-150x150.jpg\" class=\"attachment-thumbnail size-thumbnail\" alt=\"\" \/><\/a>\n\t\t\t<\/div><\/figure>\n\t\t<\/div>\n\n<p>&nbsp;<\/p>\n","protected":false},"excerpt":{"rendered":"<p>Die Schulg\u00e4rtner der Grundschule Klint haben w\u00e4hrend der Pandemie an zwei Schulgartenwettbewerben teilgenommen. Teilnehmerurkunde Schulgartenaktion \u201eKleine G\u00e4rtner, gro\u00dfe Ernte\u201c Im Rahmen der Schulgartenaktion 2020 \u201eMein kleiner sch\u00f6ner Garten\u201c geh\u00f6rten die Schulg\u00e4rtner der GS Klint zu den drei Erstplatzierten und gewannen 15 Gartensets. Das Besondere an diesem Preis war zus\u00e4tzlich das Erscheinen eines Fotos mit den &hellip; <a href=\"https:\/\/wordpress.nibis.de\/gs-klint\/projekt-schulgarten-wettbewerbe\/\" class=\"more-link\"><span class=\"screen-reader-text\">Projekt: Schulgarten Wettbewerbe<\/span> weiterlesen <span class=\"meta-nav\">&rarr;<\/span><\/a><\/p>\n","protected":false},"author":9192438,"featured_media":0,"parent":0,"menu_order":0,"comment_status":"closed","ping_status":"closed","template":"","meta":{"footnotes":""},"class_list":["post-3644","page","type-page","status-publish","hentry"],"_links":{"self":[{"href":"https:\/\/wordpress.nibis.de\/gs-klint\/wp-json\/wp\/v2\/pages\/3644","targetHints":{"allow":["GET"]}}],"collection":[{"href":"https:\/\/wordpress.nibis.de\/gs-klint\/wp-json\/wp\/v2\/pages"}],"about":[{"href":"https:\/\/wordpress.nibis.de\/gs-klint\/wp-json\/wp\/v2\/types\/page"}],"author":[{"embeddable":true,"href":"https:\/\/wordpress.nibis.de\/gs-klint\/wp-json\/wp\/v2\/users\/9192438"}],"replies":[{"embeddable":true,"href":"https:\/\/wordpress.nibis.de\/gs-klint\/wp-json\/wp\/v2\/comments?post=3644"}],"version-history":[{"count":2,"href":"https:\/\/wordpress.nibis.de\/gs-klint\/wp-json\/wp\/v2\/pages\/3644\/revisions"}],"predecessor-version":[{"id":3966,"href":"https:\/\/wordpress.nibis.de\/gs-klint\/wp-json\/wp\/v2\/pages\/3644\/revisions\/3966"}],"wp:attachment":[{"href":"https:\/\/wordpress.nibis.de\/gs-klint\/wp-json\/wp\/v2\/media?parent=3644"}],"curies":[{"name":"wp","href":"https:\/\/api.w.org\/{rel}","templated":true}]}}

<p>Die Schulgärtner der Grundschule Klint haben während der Pandemie an zwei Schulgartenwettbewerben teilgenommen.</p>
<div id='gallery-1' class='gallery galleryid-3644 gallery-columns-3 gallery-size-thumbnail'><figure class='gallery-item'>
			<div class='gallery-icon landscape'>
				<a href='https://wordpress.nibis.de/gs-klint/projekt-schulgarten-wettbewerbe/img_20201102_123747/'><img loading="lazy" decoding="async" width="141" height="141" src="https://wordpress.nibis.de/gs-klint/files/IMG_20201102_123747-150x150.jpg" class="attachment-thumbnail size-thumbnail" alt="" /></a>
			</div></figure><figure class='gallery-item'>
			<div class='gallery-icon landscape'>
				<a href='https://wordpress.nibis.de/gs-klint/projekt-schulgarten-wettbewerbe/incollage_20220306_115504945/'><img loading="lazy" decoding="async" width="141" height="141" src="https://wordpress.nibis.de/gs-klint/files/inCollage_20220306_115504945-150x150.jpg" class="attachment-thumbnail size-thumbnail" alt="" /></a>
			</div></figure><figure class='gallery-item'>
			<div class='gallery-icon portrait'>
				<a href='https://wordpress.nibis.de/gs-klint/projekt-schulgarten-wettbewerbe/wettbewerb_burda_1/'><img loading="lazy" decoding="async" width="141" height="141" src="https://wordpress.nibis.de/gs-klint/files/Wettbewerb_Burda_1-150x150.jpg" class="attachment-thumbnail size-thumbnail" alt="" /></a>
			</div></figure><figure class='gallery-item'>
			<div class='gallery-icon landscape'>
				<a href='https://wordpress.nibis.de/gs-klint/projekt-schulgarten-wettbewerbe/wettbewerbpraesentation1/'><img loading="lazy" decoding="async" width="141" height="141" src="https://wordpress.nibis.de/gs-klint/files/Wettbewerbpraesentation1-150x150.jpg" class="attachment-thumbnail size-thumbnail" alt="" /></a>
			</div></figure><figure class='gallery-item'>
			<div class='gallery-icon landscape'>
				<a href='https://wordpress.nibis.de/gs-klint/projekt-schulgarten-wettbewerbe/wettbewerbpraesentation2/'><img loading="lazy" decoding="async" width="141" height="141" src="https://wordpress.nibis.de/gs-klint/files/Wettbewerbpraesentation2-150x150.jpg" class="attachment-thumbnail size-thumbnail" alt="" /></a>
			</div></figure><figure class='gallery-item'>
			<div class='gallery-icon landscape'>
				<a href='https://wordpress.nibis.de/gs-klint/projekt-schulgarten-wettbewerbe/wettbewerbpraesentation3/'><img loading="lazy" decoding="async" width="141" height="141" src="https://wordpress.nibis.de/gs-klint/files/Wettbewerbpraesentation3-150x150.jpg" class="attachment-thumbnail size-thumbnail" alt="" /></a>
			</div></figure>
		</div>

<p><a href="https://wordpress.nibis.de/gs-klint/files/Teilnehmerurkunde_Schulgartenaktion-2020.pdf" target="_blank" rel="noopener"><strong>Teilnehmerurkunde</strong></a></p>
<p><strong>Schulgartenaktion „Kleine Gärtner, große Ernte“</strong></p>
<p>Im Rahmen der Schulgartenaktion 2020 „Mein kleiner schöner Garten“ gehörten die Schulgärtner der GS Klint zu den drei Erstplatzierten und gewannen 15 Gartensets. Das Besondere an diesem Preis war zusätzlich das Erscheinen eines Fotos mit den Schulgärtner*innen und ihren Gartensets in der Zeitschrift „Mein schöner kleiner Garten“.</p>
<p>&nbsp;</p>
<p>&nbsp;</p>
<p><strong>Braunschweiger Naturschutzpreis 2020/21</strong></p>
<p>in der Wettbewerbskategorie „naturnahe Gartengestaltung durch Kinder und Jugendliche“</p>
<p>Belohnt wurde Ihre Teilnahme mit der Plakette als ausgezeichneter naturnaher Garten, einem Bienenhotel für ihren Schulhof und einer insektenfreundlichen Samenmischung.</p>
<div id='gallery-2' class='gallery galleryid-3644 gallery-columns-2 gallery-size-thumbnail'><figure class='gallery-item'>
			<div class='gallery-icon portrait'>
				<a href='https://wordpress.nibis.de/gs-klint/projekt-schulgarten-wettbewerbe/dav/'><img loading="lazy" decoding="async" width="141" height="141" src="https://wordpress.nibis.de/gs-klint/files/IMG_20220119_103804-150x150.jpg" class="attachment-thumbnail size-thumbnail" alt="" aria-describedby="gallery-2-3647" /></a>
			</div>
				<figcaption class='wp-caption-text gallery-caption' id='gallery-2-3647'>
				dav
				</figcaption></figure><figure class='gallery-item'>
			<div class='gallery-icon portrait'>
				<a href='https://wordpress.nibis.de/gs-klint/projekt-schulgarten-wettbewerbe/kleine-gaertner_grosse_ernte_burda/'><img loading="lazy" decoding="async" width="141" height="141" src="https://wordpress.nibis.de/gs-klint/files/Kleine-Gaertner_Grosse_Ernte_Burda-150x150.jpg" class="attachment-thumbnail size-thumbnail" alt="" /></a>
			</div></figure>
		</div>

<p>&nbsp;</p>

<p>Die Schulgärtner der Grundschule Klint haben während der Pandemie an zwei Schulgartenwettbewerben teilgenommen. Teilnehmerurkunde Schulgartenaktion „Kleine Gärtner, große Ernte“ Im Rahmen der Schulgartenaktion 2020 „Mein kleiner schöner Garten“ gehörten die Schulgärtner der GS Klint zu den drei Erstplatzierten und gewannen 15 Gartensets. Das Besondere an diesem Preis war zusätzlich das Erscheinen eines Fotos mit den &hellip; <a href="https://wordpress.nibis.de/gs-klint/projekt-schulgarten-wettbewerbe/" class="more-link"><span class="screen-reader-text">Projekt: Schulgarten Wettbewerbe</span> weiterlesen <span class="meta-nav">&rarr;</span></a></p>
