{"id":3749,"date":"2022-05-29T20:16:40","date_gmt":"2022-05-29T19:16:40","guid":{"rendered":"https:\/\/wordpress.nibis.de\/gs-klint\/?page_id=3749"},"modified":"2023-09-27T07:58:50","modified_gmt":"2023-09-27T06:58:50","slug":"schulschliessfaecher","status":"publish","type":"page","link":"https:\/\/wordpress.nibis.de\/gs-klint\/schulschliessfaecher\/","title":{"rendered":"Schulschlie\u00dff\u00e4cher"},"content":{"rendered":"<p>An unserer Schule besteht die M\u00f6glichkeit, ein Schlie\u00dffach der Firma Mietra zu mieten.<\/p>\n<p>In den Schlie\u00dff\u00e4chern k\u00f6nnen Turnbeutel und Materialien sicher aufbewahrt werden.<\/p>\n<p>Wenn Ihr Kind zur Ganztagsbetreuung angemeldet ist, so ist das Schlie\u00dffach notwendig, um auch den Schulranzen dort zu hinterlegen.<\/p>\n<p>Nach erfolgreicher Anmeldung werden Ihnen die Zugangsdaten per E-Mail zugeschickt und das Schlie\u00dffach kann dann sofort genutzt werden.<\/p>\n<p>Hier (bitte die dick gedruckten Worte anklicken) geht es zur Schlie\u00dffach-Anmeldung:<\/p>\n<p><strong><a href=\"https:\/\/serviceportal.schliessfaecher.de\/schliessfach-mieten?School=Grundschule%20Klint&amp;Place=Braunschweig\" target=\"_blank\" rel=\"noopener\">Schlie\u00dffach-Anmeldung\u00a0\u00a0<\/a><\/strong><\/p>\n","protected":false},"excerpt":{"rendered":"<p>An unserer Schule besteht die M\u00f6glichkeit, ein Schlie\u00dffach der Firma Mietra zu mieten. In den Schlie\u00dff\u00e4chern k\u00f6nnen Turnbeutel und Materialien sicher aufbewahrt werden. Wenn Ihr Kind zur Ganztagsbetreuung angemeldet ist, so ist das Schlie\u00dffach notwendig, um auch den Schulranzen dort zu hinterlegen. Nach erfolgreicher Anmeldung werden Ihnen die Zugangsdaten per E-Mail zugeschickt und das Schlie\u00dffach &hellip; <a href=\"https:\/\/wordpress.nibis.de\/gs-klint\/schulschliessfaecher\/\" class=\"more-link\"><span class=\"screen-reader-text\">Schulschlie\u00dff\u00e4cher<\/span> weiterlesen <span class=\"meta-nav\">&rarr;<\/span><\/a><\/p>\n","protected":false},"author":9192438,"featured_media":0,"parent":0,"menu_order":0,"comment_status":"closed","ping_status":"closed","template":"","meta":{"footnotes":""},"class_list":["post-3749","page","type-page","status-publish","hentry"],"_links":{"self":[{"href":"https:\/\/wordpress.nibis.de\/gs-klint\/wp-json\/wp\/v2\/pages\/3749","targetHints":{"allow":["GET"]}}],"collection":[{"href":"https:\/\/wordpress.nibis.de\/gs-klint\/wp-json\/wp\/v2\/pages"}],"about":[{"href":"https:\/\/wordpress.nibis.de\/gs-klint\/wp-json\/wp\/v2\/types\/page"}],"author":[{"embeddable":true,"href":"https:\/\/wordpress.nibis.de\/gs-klint\/wp-json\/wp\/v2\/users\/9192438"}],"replies":[{"embeddable":true,"href":"https:\/\/wordpress.nibis.de\/gs-klint\/wp-json\/wp\/v2\/comments?post=3749"}],"version-history":[{"count":5,"href":"https:\/\/wordpress.nibis.de\/gs-klint\/wp-json\/wp\/v2\/pages\/3749\/revisions"}],"predecessor-version":[{"id":4012,"href":"https:\/\/wordpress.nibis.de\/gs-klint\/wp-json\/wp\/v2\/pages\/3749\/revisions\/4012"}],"wp:attachment":[{"href":"https:\/\/wordpress.nibis.de\/gs-klint\/wp-json\/wp\/v2\/media?parent=3749"}],"curies":[{"name":"wp","href":"https:\/\/api.w.org\/{rel}","templated":true}]}}