{"id":895,"date":"2015-08-19T17:24:16","date_gmt":"2015-08-19T16:24:16","guid":{"rendered":"http:\/\/wordpress.nibis.de\/gs-klint\/?page_id=895"},"modified":"2019-11-20T11:12:50","modified_gmt":"2019-11-20T10:12:50","slug":"lernen-braucht-bewegung","status":"publish","type":"page","link":"https:\/\/wordpress.nibis.de\/gs-klint\/lernen-braucht-bewegung\/","title":{"rendered":"Lernen braucht Bewegung"},"content":{"rendered":"<div class=\"page\" title=\"Page 1\">\n<div class=\"section\">\n<div class=\"layoutArea\">\n<div class=\"column\"><\/div>\n<\/div>\n<div class=\"layoutArea\">\n<div class=\"column\">\n<p class=\"western\" align=\"justify\"><span style=\"color: #141412\"><span style=\"font-family: Arial, sans-serif\">Kinder und Jugendliche ben\u00f6tigen regelm\u00e4\u00dfige Bewegung, damit sie sich gesund und leistungsf\u00e4hig entwickeln k\u00f6nnen. Bewegung ist nicht nur unerl\u00e4sslich f\u00fcr die k\u00f6rperliche, sondern auch f\u00fcr die kognitive Entwicklung; sie f\u00f6rdert die Lernbereitschaft, die Lernf\u00e4higkeit und das psychosoziale Wohlbefinden. <\/span><\/span><\/p>\n<p class=\"western\" align=\"justify\"><span style=\"color: #141412\"><span style=\"font-family: Arial, sans-serif\">Mit ihren Bewegungen begreifen, erobern und erweitern Kinder und Jugendliche ihre Welt und erwerben Selbstkontrolle und Selbstachtung. Dabei entdecken und begreifen Kinder ihre Umwelt und lernen, eine eigene Pers\u00f6nlichkeit zu entwickeln. <\/span><\/span><\/p>\n<p class=\"western\" align=\"justify\"><span style=\"color: #141412\"><span style=\"font-family: Arial, sans-serif\">Bewegung ist eine wichtige Voraussetzung, um am gesellschaftlichen Leben aktiv und gestaltend teilnehmen zu k\u00f6nnen. Wir verstehen &#8218;Schule&#8216; zwischen den Phasen des intensiven kognitiven Lernens auch als &#8218;Bewegungsraum&#8216;, in dem gemeinsames Lernen und Leben erm\u00f6glicht wird. <\/span><\/span><\/p>\n<\/div>\n<\/div>\n<\/div>\n<\/div>\n","protected":false},"excerpt":{"rendered":"<p>Kinder und Jugendliche ben\u00f6tigen regelm\u00e4\u00dfige Bewegung, damit sie sich gesund und leistungsf\u00e4hig entwickeln k\u00f6nnen. Bewegung ist nicht nur unerl\u00e4sslich f\u00fcr die k\u00f6rperliche, sondern auch f\u00fcr die kognitive Entwicklung; sie f\u00f6rdert die Lernbereitschaft, die Lernf\u00e4higkeit und das psychosoziale Wohlbefinden. Mit ihren Bewegungen begreifen, erobern und erweitern Kinder und Jugendliche ihre Welt und erwerben Selbstkontrolle und Selbstachtung. &hellip; <a href=\"https:\/\/wordpress.nibis.de\/gs-klint\/lernen-braucht-bewegung\/\" class=\"more-link\"><span class=\"screen-reader-text\">Lernen braucht Bewegung<\/span> weiterlesen <span class=\"meta-nav\">&rarr;<\/span><\/a><\/p>\n","protected":false},"author":9192438,"featured_media":0,"parent":0,"menu_order":0,"comment_status":"closed","ping_status":"closed","template":"","meta":{"footnotes":""},"class_list":["post-895","page","type-page","status-publish","hentry"],"_links":{"self":[{"href":"https:\/\/wordpress.nibis.de\/gs-klint\/wp-json\/wp\/v2\/pages\/895","targetHints":{"allow":["GET"]}}],"collection":[{"href":"https:\/\/wordpress.nibis.de\/gs-klint\/wp-json\/wp\/v2\/pages"}],"about":[{"href":"https:\/\/wordpress.nibis.de\/gs-klint\/wp-json\/wp\/v2\/types\/page"}],"author":[{"embeddable":true,"href":"https:\/\/wordpress.nibis.de\/gs-klint\/wp-json\/wp\/v2\/users\/9192438"}],"replies":[{"embeddable":true,"href":"https:\/\/wordpress.nibis.de\/gs-klint\/wp-json\/wp\/v2\/comments?post=895"}],"version-history":[{"count":9,"href":"https:\/\/wordpress.nibis.de\/gs-klint\/wp-json\/wp\/v2\/pages\/895\/revisions"}],"predecessor-version":[{"id":2751,"href":"https:\/\/wordpress.nibis.de\/gs-klint\/wp-json\/wp\/v2\/pages\/895\/revisions\/2751"}],"wp:attachment":[{"href":"https:\/\/wordpress.nibis.de\/gs-klint\/wp-json\/wp\/v2\/media?parent=895"}],"curies":[{"name":"wp","href":"https:\/\/api.w.org\/{rel}","templated":true}]}}