{"id":899,"date":"2015-08-19T17:28:33","date_gmt":"2015-08-19T16:28:33","guid":{"rendered":"http:\/\/wordpress.nibis.de\/gs-klint\/?page_id=899"},"modified":"2019-02-06T19:34:48","modified_gmt":"2019-02-06T18:34:48","slug":"konfliktfaehige-schule","status":"publish","type":"page","link":"https:\/\/wordpress.nibis.de\/gs-klint\/konfliktfaehige-schule\/","title":{"rendered":"Konfliktf\u00e4hige Schule"},"content":{"rendered":"<div class=\"page\" title=\"Page 1\">\n<div class=\"layoutArea\">\n<div class=\"column\">\n<div class=\"page\" title=\"Page 1\">\n<div class=\"layoutArea\">\n<div class=\"column\">\n<p style=\"text-align: justify\">Unser p\u00e4dagogisches Leitbild spricht in mehreren Kerns\u00e4tzen von einem achtsamen, kooperativen und wertsch\u00e4tzenden Umgang, den wir an der GS Klint pflegen wollen. Nur so k\u00f6nnen wir erreichen, dass alle Kinder und Erwachsenen bei uns mit Freude arbeiten und lernen.<\/p>\n<\/div>\n<\/div>\n<\/div>\n<\/div>\n<\/div>\n<\/div>\n<p style=\"text-align: justify\">Weitere Informationen zu dem\u00a0Thema finden Sie <strong><a href=\"http:\/\/wordpress.nibis.de\/gs-klint\/files\/konfliktf\u00e4hige-Schule.pdf\" target=\"_blank\" rel=\"noopener\">hier<\/a><\/strong>.<\/p>\n","protected":false},"excerpt":{"rendered":"<p>Unser p\u00e4dagogisches Leitbild spricht in mehreren Kerns\u00e4tzen von einem achtsamen, kooperativen und wertsch\u00e4tzenden Umgang, den wir an der GS Klint pflegen wollen. Nur so k\u00f6nnen wir erreichen, dass alle Kinder und Erwachsenen bei uns mit Freude arbeiten und lernen. Weitere Informationen zu dem\u00a0Thema finden Sie hier.<\/p>\n","protected":false},"author":9192438,"featured_media":0,"parent":0,"menu_order":0,"comment_status":"closed","ping_status":"closed","template":"","meta":{"footnotes":""},"class_list":["post-899","page","type-page","status-publish","hentry"],"_links":{"self":[{"href":"https:\/\/wordpress.nibis.de\/gs-klint\/wp-json\/wp\/v2\/pages\/899","targetHints":{"allow":["GET"]}}],"collection":[{"href":"https:\/\/wordpress.nibis.de\/gs-klint\/wp-json\/wp\/v2\/pages"}],"about":[{"href":"https:\/\/wordpress.nibis.de\/gs-klint\/wp-json\/wp\/v2\/types\/page"}],"author":[{"embeddable":true,"href":"https:\/\/wordpress.nibis.de\/gs-klint\/wp-json\/wp\/v2\/users\/9192438"}],"replies":[{"embeddable":true,"href":"https:\/\/wordpress.nibis.de\/gs-klint\/wp-json\/wp\/v2\/comments?post=899"}],"version-history":[{"count":6,"href":"https:\/\/wordpress.nibis.de\/gs-klint\/wp-json\/wp\/v2\/pages\/899\/revisions"}],"predecessor-version":[{"id":2497,"href":"https:\/\/wordpress.nibis.de\/gs-klint\/wp-json\/wp\/v2\/pages\/899\/revisions\/2497"}],"wp:attachment":[{"href":"https:\/\/wordpress.nibis.de\/gs-klint\/wp-json\/wp\/v2\/media?parent=899"}],"curies":[{"name":"wp","href":"https:\/\/api.w.org\/{rel}","templated":true}]}}