{"id":259,"date":"2022-01-12T08:28:23","date_gmt":"2022-01-12T07:28:23","guid":{"rendered":"https:\/\/wordpress.nibis.de\/gs-kroge\/?page_id=259"},"modified":"2025-09-09T07:41:40","modified_gmt":"2025-09-09T05:41:40","slug":"ganztag","status":"publish","type":"page","link":"https:\/\/wordpress.nibis.de\/gs-kroge\/ganztag\/","title":{"rendered":"Ganztag"},"content":{"rendered":"\n<p>Ihr Kind hat am Dienstag, am Mittwoch und am Donnerstag die M\u00f6glichkeit an der Ganztagsschule teilzunehmen. Das Mittagessen hierf\u00fcr findet im Mehrzweckraum im alten Lehrerhaus statt. Das Essen wird von der Firma Meyer Men\u00fc geliefert. Ab 14:00 Uhr ist die Hausaufgabenbetreuung. Im Anschluss findet dienstags eine AG durch unseren Kooperationspartner \u2013 dem Sportverein SV Kroge-Ehrendorf \u2013 statt. An den anderen Tagen werden anderweitige, wechselnde Programmpunkte angeboten.<\/p>\n\n\n\n<p><img loading=\"lazy\" decoding=\"async\" class=\"alignnone size-medium wp-image-1525\" src=\"https:\/\/wordpress.nibis.de\/gs-kroge\/files\/2025\/07\/IMG_2185-225x300.jpeg\" alt=\"\" width=\"225\" height=\"300\" srcset=\"https:\/\/wordpress.nibis.de\/gs-kroge\/files\/2025\/07\/IMG_2185-225x300.jpeg 225w, https:\/\/wordpress.nibis.de\/gs-kroge\/files\/2025\/07\/IMG_2185-768x1024.jpeg 768w, https:\/\/wordpress.nibis.de\/gs-kroge\/files\/2025\/07\/IMG_2185-1152x1536.jpeg 1152w, https:\/\/wordpress.nibis.de\/gs-kroge\/files\/2025\/07\/IMG_2185-1536x2048.jpeg 1536w, https:\/\/wordpress.nibis.de\/gs-kroge\/files\/2025\/07\/IMG_2185-scaled.jpeg 1920w\" sizes=\"auto, (max-width: 225px) 100vw, 225px\" \/>\u00a0 \u00a0 \u00a0 \u00a0\u00a0<img loading=\"lazy\" decoding=\"async\" class=\"alignnone size-medium wp-image-1529\" src=\"https:\/\/wordpress.nibis.de\/gs-kroge\/files\/2025\/07\/IMG_2178-225x300.jpeg\" alt=\"\" width=\"225\" height=\"300\" srcset=\"https:\/\/wordpress.nibis.de\/gs-kroge\/files\/2025\/07\/IMG_2178-225x300.jpeg 225w, https:\/\/wordpress.nibis.de\/gs-kroge\/files\/2025\/07\/IMG_2178-768x1024.jpeg 768w, https:\/\/wordpress.nibis.de\/gs-kroge\/files\/2025\/07\/IMG_2178-1152x1536.jpeg 1152w, https:\/\/wordpress.nibis.de\/gs-kroge\/files\/2025\/07\/IMG_2178-1536x2048.jpeg 1536w, https:\/\/wordpress.nibis.de\/gs-kroge\/files\/2025\/07\/IMG_2178-scaled.jpeg 1920w\" sizes=\"auto, (max-width: 225px) 100vw, 225px\" \/><\/p>\n\n\n\n<p><a href=\"https:\/\/wordpress.nibis.de\/gs-kroge\/files\/2025\/09\/Flyer-Ganztag_neu.pdf\">Flyer Ganztag_neu<\/a><\/p>\n","protected":false},"excerpt":{"rendered":"<p>Ihr Kind hat am Dienstag, am Mittwoch und am Donnerstag die M\u00f6glichkeit an der Ganztagsschule teilzunehmen. Das Mittagessen hierf\u00fcr findet im Mehrzweckraum im alten Lehrerhaus statt. Das Essen wird von <a class=\"more-link\" href=\"https:\/\/wordpress.nibis.de\/gs-kroge\/ganztag\/\">Continue Reading &rarr;<\/a><\/p>\n","protected":false},"author":9193400,"featured_media":0,"parent":0,"menu_order":0,"comment_status":"closed","ping_status":"closed","template":"","meta":{"footnotes":""},"class_list":["post-259","page","type-page","status-publish","hentry"],"_links":{"self":[{"href":"https:\/\/wordpress.nibis.de\/gs-kroge\/wp-json\/wp\/v2\/pages\/259","targetHints":{"allow":["GET"]}}],"collection":[{"href":"https:\/\/wordpress.nibis.de\/gs-kroge\/wp-json\/wp\/v2\/pages"}],"about":[{"href":"https:\/\/wordpress.nibis.de\/gs-kroge\/wp-json\/wp\/v2\/types\/page"}],"author":[{"embeddable":true,"href":"https:\/\/wordpress.nibis.de\/gs-kroge\/wp-json\/wp\/v2\/users\/9193400"}],"replies":[{"embeddable":true,"href":"https:\/\/wordpress.nibis.de\/gs-kroge\/wp-json\/wp\/v2\/comments?post=259"}],"version-history":[{"count":6,"href":"https:\/\/wordpress.nibis.de\/gs-kroge\/wp-json\/wp\/v2\/pages\/259\/revisions"}],"predecessor-version":[{"id":1617,"href":"https:\/\/wordpress.nibis.de\/gs-kroge\/wp-json\/wp\/v2\/pages\/259\/revisions\/1617"}],"wp:attachment":[{"href":"https:\/\/wordpress.nibis.de\/gs-kroge\/wp-json\/wp\/v2\/media?parent=259"}],"curies":[{"name":"wp","href":"https:\/\/api.w.org\/{rel}","templated":true}]}}