{"id":1414,"date":"2024-03-23T21:02:10","date_gmt":"2024-03-23T20:02:10","guid":{"rendered":"https:\/\/wordpress.nibis.de\/gs-ro-schwi\/?page_id=1414"},"modified":"2024-03-31T15:21:16","modified_gmt":"2024-03-31T13:21:16","slug":"neugestaltung-schulhof","status":"publish","type":"page","link":"https:\/\/wordpress.nibis.de\/gs-ro-schwi\/neugestaltung-schulhof\/","title":{"rendered":"Neugestaltung Schulhof"},"content":{"rendered":"\n<p>Die Sta<span style=\"color:#313131\" class=\"tadv-color\">dt Peine hat f\u00fcr die Ersatzbeschaffung von Spielger\u00e4ten, die aus Standsicherheitsgr\u00fcnden auf dem Au\u00dfenschulgel\u00e4nde der Grundschule zur\u00fcckgebaut werden mussten, Mittel im Haushalt bereitgestellt. Im Zuge dieser Ma\u00dfnahmen hat der F\u00f6rderverein der Grundschule im Einvernehmen mit dem Schulvorstand das Planungsb\u00fcro Holunderschule J. Basedow-Clark mit der Erarbeitung eines Gesamtkonzepts zur Neugestaltung des Au\u00dfenschulgel\u00e4ndes beauftragt. Eine erarbeitete Vorentwurfsplanung wurde gemeinsam vom Planungsb\u00fcro mit der Abteilung Stadtgr\u00fcn der Stadt Peine besprochen und notwendige \u00c4nderungen in die Planung \u00fcbernommen.<\/span><\/p>\n\n\n\n<figure class=\"wp-block-image size-large is-resized\"><img loading=\"lazy\" decoding=\"async\" src=\"https:\/\/wordpress.nibis.de\/gs-ro-schwi\/files\/2021\/03\/entwurf_schulhof_neu-1024x574.jpeg\" alt=\"Schulhofplanung\" class=\"wp-image-77\" width=\"488\" height=\"273\" srcset=\"https:\/\/wordpress.nibis.de\/gs-ro-schwi\/files\/2021\/03\/entwurf_schulhof_neu-1024x574.jpeg 1024w, https:\/\/wordpress.nibis.de\/gs-ro-schwi\/files\/2021\/03\/entwurf_schulhof_neu-300x168.jpeg 300w, https:\/\/wordpress.nibis.de\/gs-ro-schwi\/files\/2021\/03\/entwurf_schulhof_neu-768x430.jpeg 768w, https:\/\/wordpress.nibis.de\/gs-ro-schwi\/files\/2021\/03\/entwurf_schulhof_neu-1536x861.jpeg 1536w, https:\/\/wordpress.nibis.de\/gs-ro-schwi\/files\/2021\/03\/entwurf_schulhof_neu.jpeg 1772w\" sizes=\"auto, (max-width: 488px) 100vw, 488px\" \/><figcaption>Finaler Plan des neuen Schulhofes<\/figcaption><\/figure>\n\n\n\n<p><span style=\"color:#313131\" class=\"tadv-color\">Mit vorrangiger Priorit\u00e4t erfolgte bereits die Realisierung des Ger\u00e4tespielbereichs mit Kletteranlage und Schaukel. Die Differenz zwischen Angebotspreis f\u00fcr die Ger\u00e4te und den von der Stadt Peine bereitgestellten Mitteln wurde vom F\u00f6rderverein \u00fcbernommen, ebenso auch die Kosten f\u00fcr bodenvorbereitende Arbeiten und das Versetzen einiger Balancierpoller. Weitere Bauma\u00dfnahmen insbesondere im zweiten Bauabschnitt (2021) sollen ebenfalls vom F\u00f6rderverein finanziert werden, deren Realisierung aber zu einem gro\u00dfen Teil vom Engagement \u00fcber den F\u00f6rderverein (u.a. Eigenleistungen!) und von der Spendenbereitschaft abh\u00e4ngig ist.<\/span><\/p>\n\n\n\n<p><strong><span style=\"color:#313131\" class=\"tadv-color\">Wenn Sie Fragen, Anregungen zu diesem Projekt haben, mit einer Spende oder tatkr\u00e4ftig unterst\u00fctzen m\u00f6chten, k\u00f6nnen Sie jederzeit auf uns zukommen<\/span><span style=\"color:#960129\" class=\"tadv-color\"> <\/span><span style=\"color:#313131\" class=\"tadv-color\">(<\/span><span id=\"cloak007d2a1d12a64994ba5ba55e291be1d8\"><a href=\"&#x6d;&#x61;&#x69;&#x6c;&#x74;&#x6f;&#x3a;&#x66;&#111;&#101;&#114;&#100;&#101;&#114;&#118;erei&#x6e;&#x40;&#x67;&#x73;&#x2d;&#x72;&#x6f;&#x73;&#x65;&#110;&#116;&#104;&#97;&#108;&#45;&#115;chwi&#x63;&#x68;&#x65;&#x6c;&#x64;&#x74;&#x2e;&#x64;&#x65;\"><span style=\"color:#882222\" class=\"tadv-color\"><span style=\"text-decoration: underline\" class=\"underline\">&#x66;o&#x65;r&#x64;&#101;&#x72;&#118;e&#x72;e&#x69;&#110;&#x40;&#103;&#x73;&#45;r&#x6f;s&#x65;&#110;&#x74;&#104;&#x61;&#x6c;-&#x73;c&#x68;&#119;&#x69;&#99;h&#x65;l&#x64;&#116;&#x2e;&#100;&#x65;<\/span><\/span><\/a><\/span><span style=\"color:#313131\" class=\"tadv-color\">).&nbsp;<\/span><\/strong><\/p>\n\n\n\n<p>Hier noch einige Impressionen, wie Teile des Schulhofes bereits aussehen&#8230;<\/p>\n\n\n\n<figure class=\"wp-block-gallery has-nested-images columns-default is-cropped wp-block-gallery-1 is-layout-flex wp-block-gallery-is-layout-flex\">\n<figure class=\"wp-block-image size-large\"><img loading=\"lazy\" decoding=\"async\" width=\"1824\" height=\"1368\" data-id=\"261\" src=\"https:\/\/wordpress.nibis.de\/gs-ro-schwi\/files\/2021\/03\/Panther-Ger\u00fcst_var.jpg\" alt=\"\" class=\"wp-image-261\" srcset=\"https:\/\/wordpress.nibis.de\/gs-ro-schwi\/files\/2021\/03\/Panther-Ger\u00fcst_var.jpg 1824w, https:\/\/wordpress.nibis.de\/gs-ro-schwi\/files\/2021\/03\/Panther-Ger\u00fcst_var-300x225.jpg 300w, https:\/\/wordpress.nibis.de\/gs-ro-schwi\/files\/2021\/03\/Panther-Ger\u00fcst_var-1024x768.jpg 1024w, https:\/\/wordpress.nibis.de\/gs-ro-schwi\/files\/2021\/03\/Panther-Ger\u00fcst_var-768x576.jpg 768w, https:\/\/wordpress.nibis.de\/gs-ro-schwi\/files\/2021\/03\/Panther-Ger\u00fcst_var-1536x1152.jpg 1536w\" sizes=\"auto, (max-width: 1824px) 100vw, 1824px\" \/><figcaption>Neues Panther-Ger\u00fcst<\/figcaption><\/figure>\n\n\n\n<figure class=\"wp-block-image size-large\"><img loading=\"lazy\" decoding=\"async\" width=\"1920\" height=\"918\" data-id=\"913\" src=\"https:\/\/wordpress.nibis.de\/gs-ro-schwi\/files\/2021\/04\/IMG_20210410_142312-scaled-e1618163959329.jpg\" alt=\"\" class=\"wp-image-913\" \/><figcaption>Neues Baumstamm-Mikado<\/figcaption><\/figure>\n\n\n\n<figure class=\"wp-block-image size-large\"><img loading=\"lazy\" decoding=\"async\" width=\"1824\" height=\"1368\" data-id=\"259\" src=\"https:\/\/wordpress.nibis.de\/gs-ro-schwi\/files\/2021\/03\/Fliegender_Teppich.jpg\" alt=\"\" class=\"wp-image-259\" srcset=\"https:\/\/wordpress.nibis.de\/gs-ro-schwi\/files\/2021\/03\/Fliegender_Teppich.jpg 1824w, https:\/\/wordpress.nibis.de\/gs-ro-schwi\/files\/2021\/03\/Fliegender_Teppich-300x225.jpg 300w, https:\/\/wordpress.nibis.de\/gs-ro-schwi\/files\/2021\/03\/Fliegender_Teppich-1024x768.jpg 1024w, https:\/\/wordpress.nibis.de\/gs-ro-schwi\/files\/2021\/03\/Fliegender_Teppich-768x576.jpg 768w, https:\/\/wordpress.nibis.de\/gs-ro-schwi\/files\/2021\/03\/Fliegender_Teppich-1536x1152.jpg 1536w\" sizes=\"auto, (max-width: 1824px) 100vw, 1824px\" \/><figcaption>Fliegender Teppich<\/figcaption><\/figure>\n<\/figure>\n\n\n\n<figure class=\"wp-block-gallery has-nested-images columns-default is-cropped wp-block-gallery-2 is-layout-flex wp-block-gallery-is-layout-flex\">\n<figure class=\"wp-block-image size-large\"><img loading=\"lazy\" decoding=\"async\" width=\"1536\" height=\"2048\" data-id=\"1084\" src=\"https:\/\/wordpress.nibis.de\/gs-ro-schwi\/files\/2022\/09\/Schulhof_Affenfelsen.jpeg\" alt=\"\" class=\"wp-image-1084\" srcset=\"https:\/\/wordpress.nibis.de\/gs-ro-schwi\/files\/2022\/09\/Schulhof_Affenfelsen.jpeg 1536w, https:\/\/wordpress.nibis.de\/gs-ro-schwi\/files\/2022\/09\/Schulhof_Affenfelsen-225x300.jpeg 225w, https:\/\/wordpress.nibis.de\/gs-ro-schwi\/files\/2022\/09\/Schulhof_Affenfelsen-768x1024.jpeg 768w, https:\/\/wordpress.nibis.de\/gs-ro-schwi\/files\/2022\/09\/Schulhof_Affenfelsen-1152x1536.jpeg 1152w\" sizes=\"auto, (max-width: 1536px) 100vw, 1536px\" \/><figcaption>Affenfelsen<\/figcaption><\/figure>\n\n\n\n<figure class=\"wp-block-image size-large\"><img decoding=\"async\" data-id=\"1710\" src=\"https:\/\/wordpress.nibis.de\/gs-ro-schwi\/files\/2024\/03\/IMG_20210410_142424-edited-scaled.jpg\" alt=\"\" class=\"wp-image-1710\" \/><figcaption>Baumstamm-Mikado<\/figcaption><\/figure>\n\n\n\n<figure class=\"wp-block-image size-large\"><img loading=\"lazy\" decoding=\"async\" width=\"1296\" height=\"864\" data-id=\"347\" src=\"https:\/\/wordpress.nibis.de\/gs-ro-schwi\/files\/2021\/03\/Vorsitzende-F\u00f6rderverein.jpg\" alt=\"\" class=\"wp-image-347\" srcset=\"https:\/\/wordpress.nibis.de\/gs-ro-schwi\/files\/2021\/03\/Vorsitzende-F\u00f6rderverein.jpg 1296w, https:\/\/wordpress.nibis.de\/gs-ro-schwi\/files\/2021\/03\/Vorsitzende-F\u00f6rderverein-300x200.jpg 300w, https:\/\/wordpress.nibis.de\/gs-ro-schwi\/files\/2021\/03\/Vorsitzende-F\u00f6rderverein-1024x683.jpg 1024w, https:\/\/wordpress.nibis.de\/gs-ro-schwi\/files\/2021\/03\/Vorsitzende-F\u00f6rderverein-768x512.jpg 768w\" sizes=\"auto, (max-width: 1296px) 100vw, 1296px\" \/><figcaption>Frau Schneider und Frau Almeling vom F\u00f6rderverein<\/figcaption><\/figure>\n<\/figure>\n","protected":false},"excerpt":{"rendered":"<p>Die Stadt Peine hat f\u00fcr die Ersatzbeschaffung von Spielger\u00e4ten, die aus Standsicherheitsgr\u00fcnden auf dem Au\u00dfenschulgel\u00e4nde der Grundschule zur\u00fcckgebaut werden mussten, Mittel im Haushalt bereitgestellt. Im Zuge dieser Ma\u00dfnahmen hat der F\u00f6rderverein der Grundschule im Einvernehmen mit dem Schulvorstand das Planungsb\u00fcro Holunderschule J. Basedow-Clark mit der Erarbeitung eines Gesamtkonzepts zur Neugestaltung des Au\u00dfenschulgel\u00e4ndes beauftragt. Eine erarbeitete &hellip; <a href=\"https:\/\/wordpress.nibis.de\/gs-ro-schwi\/neugestaltung-schulhof\/\" class=\"more-link\">Weiterlesen <span class=\"screen-reader-text\">Neugestaltung Schulhof<\/span><\/a><\/p>\n","protected":false},"author":9194354,"featured_media":0,"parent":0,"menu_order":0,"comment_status":"closed","ping_status":"closed","template":"","meta":{"footnotes":""},"class_list":["post-1414","page","type-page","status-publish","hentry","without-featured-image"],"_links":{"self":[{"href":"https:\/\/wordpress.nibis.de\/gs-ro-schwi\/wp-json\/wp\/v2\/pages\/1414","targetHints":{"allow":["GET"]}}],"collection":[{"href":"https:\/\/wordpress.nibis.de\/gs-ro-schwi\/wp-json\/wp\/v2\/pages"}],"about":[{"href":"https:\/\/wordpress.nibis.de\/gs-ro-schwi\/wp-json\/wp\/v2\/types\/page"}],"author":[{"embeddable":true,"href":"https:\/\/wordpress.nibis.de\/gs-ro-schwi\/wp-json\/wp\/v2\/users\/9194354"}],"replies":[{"embeddable":true,"href":"https:\/\/wordpress.nibis.de\/gs-ro-schwi\/wp-json\/wp\/v2\/comments?post=1414"}],"version-history":[{"count":8,"href":"https:\/\/wordpress.nibis.de\/gs-ro-schwi\/wp-json\/wp\/v2\/pages\/1414\/revisions"}],"predecessor-version":[{"id":1712,"href":"https:\/\/wordpress.nibis.de\/gs-ro-schwi\/wp-json\/wp\/v2\/pages\/1414\/revisions\/1712"}],"wp:attachment":[{"href":"https:\/\/wordpress.nibis.de\/gs-ro-schwi\/wp-json\/wp\/v2\/media?parent=1414"}],"curies":[{"name":"wp","href":"https:\/\/api.w.org\/{rel}","templated":true}]}}