{"id":113,"date":"2023-08-29T12:29:55","date_gmt":"2023-08-29T10:29:55","guid":{"rendered":"https:\/\/www.grundschule-rueschendorf.de\/?page_id=113"},"modified":"2023-08-29T14:12:22","modified_gmt":"2023-08-29T12:12:22","slug":"leitbild-2","status":"publish","type":"page","link":"https:\/\/wordpress.nibis.de\/gs-ruesch\/leitbild-2\/","title":{"rendered":"Leitbild des Schulkindergartens"},"content":{"rendered":"\n<div class=\"wp-block-image\"><figure class=\"aligncenter size-full\"><img loading=\"lazy\" decoding=\"async\" width=\"307\" height=\"260\" src=\"https:\/\/www.grundschule-rueschendorf.de\/files\/2023\/08\/LOGO-SKG.png\" alt=\"\" class=\"wp-image-136\" srcset=\"https:\/\/wordpress.nibis.de\/gs-ruesch\/files\/2023\/08\/LOGO-SKG.png 307w, https:\/\/wordpress.nibis.de\/gs-ruesch\/files\/2023\/08\/LOGO-SKG-300x254.png 300w\" sizes=\"auto, (max-width: 307px) 100vw, 307px\" \/><\/figure><\/div>\n\n\n<p style=\"text-align: justify\" align=\"justify\"><strong><span class=\"tadv-color\" style=\"color: #fcb900\">Lernen<\/span> &#8211; <\/strong>Im Schulkindergarten sollen die Kinder allm\u00e4hlich von den Formen des vorschulischen Lernens hin zu den spezifischen Formen des Lernens in der Grundschule herangef\u00fchrt werden. Das Lernen der Kinder vollzieht sich in Form freier Aktivit\u00e4ten und geplanter \/ vorstrukturierten Angeboten.<\/p>\n<p style=\"text-align: justify\" align=\"justify\"><strong><span class=\"tadv-color\" style=\"color: #00d11f\">Wachsen<\/span> &#8211; <\/strong>Schulpflichtige Kinder, die aufgrund ihrer k\u00f6rperlichen, sozialen oder geistigen Entwicklung noch nicht schulf\u00e4hig sind und somit noch nicht in der Lage sind, erfolgreich am Unterricht der 1.Klasse der Grundschule teilzunehmen, k\u00f6nnen f\u00fcr ein Schuljahr den Schulkindergarten besuchen, um so ihr K\u00f6nnen zu entfalten und zu gest\u00e4rkten Schulkindern heranzuwachsen.<\/p>\n<p align=\"justify\"><strong><span class=\"tadv-color\" style=\"color: #8c4a1b\">F\u00f6rdern<\/span> &#8211; <\/strong>Aufgabe des Schulkindergartens ist es, alle Kinder ihrer individuellen M\u00f6glichkeiten entsprechend in ihrer gesamten Pers\u00f6nlichkeit zu f\u00f6rdern sowie Entwicklungsr\u00fcckst\u00e4nde bzw. St\u00f6rungen im sozialen, emotionalen, motorischen oder kognitiven Bereich aufzuarbeiten. Die F\u00f6rderung erfolgt sowohl in der ganzen Gruppe als auch als F\u00f6rderma\u00dfnahmen einzelner Sch\u00fcler ausgehend von der individuellen Lernausgangslage.<\/p>\n<p style=\"text-align: justify\" align=\"justify\"><strong><span class=\"tadv-color\" style=\"color: #9b51e0\">Spielen<\/span> &#8211; <\/strong>Das Spiel der Kinder nimmt im Schulkindergarten eine zentrale Stellung ein. Spielphasen sind t\u00e4glich in dem Tagesablauf eingeplant, damit die Kinder die M\u00f6glichkeit erhalten, einen Teil der verf\u00fcgbaren Zeit nach ihren Bed\u00fcrfnissen und Interessen zu gestalten.<\/p>","protected":false},"excerpt":{"rendered":"<p>Lernen &#8211; Im Schulkindergarten sollen die Kinder allm\u00e4hlich von den Formen des vorschulischen Lernens hin zu den spezifischen Formen des Lernens in der Grundschule herangef\u00fchrt werden. Das Lernen der Kinder vollzieht sich in Form freier Aktivit\u00e4ten und geplanter \/ vorstrukturierten Angeboten. Wachsen &#8211; Schulpflichtige Kinder, die aufgrund ihrer k\u00f6rperlichen, sozialen oder geistigen Entwicklung noch nicht [&hellip;]<\/p>\n","protected":false},"author":9194248,"featured_media":0,"parent":0,"menu_order":0,"comment_status":"closed","ping_status":"closed","template":"","meta":{"footnotes":""},"class_list":["post-113","page","type-page","status-publish","hentry"],"_links":{"self":[{"href":"https:\/\/wordpress.nibis.de\/gs-ruesch\/wp-json\/wp\/v2\/pages\/113","targetHints":{"allow":["GET"]}}],"collection":[{"href":"https:\/\/wordpress.nibis.de\/gs-ruesch\/wp-json\/wp\/v2\/pages"}],"about":[{"href":"https:\/\/wordpress.nibis.de\/gs-ruesch\/wp-json\/wp\/v2\/types\/page"}],"author":[{"embeddable":true,"href":"https:\/\/wordpress.nibis.de\/gs-ruesch\/wp-json\/wp\/v2\/users\/9194248"}],"replies":[{"embeddable":true,"href":"https:\/\/wordpress.nibis.de\/gs-ruesch\/wp-json\/wp\/v2\/comments?post=113"}],"version-history":[{"count":5,"href":"https:\/\/wordpress.nibis.de\/gs-ruesch\/wp-json\/wp\/v2\/pages\/113\/revisions"}],"predecessor-version":[{"id":231,"href":"https:\/\/wordpress.nibis.de\/gs-ruesch\/wp-json\/wp\/v2\/pages\/113\/revisions\/231"}],"wp:attachment":[{"href":"https:\/\/wordpress.nibis.de\/gs-ruesch\/wp-json\/wp\/v2\/media?parent=113"}],"curies":[{"name":"wp","href":"https:\/\/api.w.org\/{rel}","templated":true}]}}