{"id":59,"date":"2023-08-24T13:48:11","date_gmt":"2023-08-24T11:48:11","guid":{"rendered":"https:\/\/www.grundschule-rueschendorf.de\/?page_id=59"},"modified":"2024-09-26T09:52:53","modified_gmt":"2024-09-26T07:52:53","slug":"foerderverein","status":"publish","type":"page","link":"https:\/\/wordpress.nibis.de\/gs-ruesch\/foerderverein\/","title":{"rendered":"F\u00f6rderverein"},"content":{"rendered":"\n<p><\/p>\n\n\n\n<p>Der F\u00f6rderverein ist von engagierten Eltern gegr\u00fcndet worden, um die Schule bei ihrer Erziehungs- und Bildungsarbeit zu unterst\u00fctzen und damit zu einer erfolgreichen Schulzeit m\u00f6glichst aller Sch\u00fcler\/innen beizutragen. Die Lehrkr\u00e4fte und Mitarbeiter\/innen der Kath. Grundschule R\u00fcschendorf sch\u00e4tzen die enge Zusammenarbeit mit dem F\u00f6rderverein sehr.<\/p>\n\n\n\n<p>Es sind bereits zahlreiche Projekte durch den F\u00f6rderverein unterst\u00fctzt worden:<\/p>\n\n\n\n<ul class=\"wp-block-list\"><li>verschiedene Materialien f\u00fcr den Unterricht.<\/li><li>Spielger\u00e4te f\u00fcr die Bewegungspausen und den Ganztag.<\/li><li>verg\u00fcnstigte Fahrten (z.B. Freilichtb\u00fchne Lohne, Kino, Projektort von \u201eKlasse! Wir singen!\u201c in Quakenbr\u00fcck, Weihnachtstheater Diepholz, etc.).<\/li><li>eine Glas\u00fcberdachung in einer L\u00e4nge von 21 Metern f\u00fcr Schutz vor Regen.<\/li><li>Anschaffung einer gro\u00dfen Musikanlage, die nun f\u00fcr schulische Veranstaltungen, Musicalauff\u00fchrungen und Gottesdienste verwendet wird.<\/li><li>Eine gro\u00dfe Fu\u00dfballbox mit einem Basketballfeld und einer Sprunggrube f\u00fcr den Leichtathletikbereich. Diese Anschaffung wird sowohl im Sportunterricht, als auch in den Bewegungspausen und im Ganztag von den Sch\u00fcler\/innen gerne benutzt.<\/li><\/ul>\n\n\n\n<p>Der F\u00f6rderverein freut sich \u00fcber jede Unterst\u00fctzung in Form von Spenden oder einer Mitgliedschaft. Bitte richten Sie Ihre Zahlung auf folgendes Konto:<\/p>\n<p><strong>Kontoinhaber:\u00a0 F\u00f6rderverein der Kath. Grundschule R\u00fcschendorf e.V.<\/strong><br \/><strong>IBAN:\u00a0\u00a0\u00a0\u00a0\u00a0\u00a0\u00a0\u00a0\u00a0\u00a0\u00a0\u00a0\u00a0\u00a0\u00a0\u00a0 DE28 2806 1679 0017 7903 00<\/strong><\/p>\n<p>Weitere Informationen sowie ein Mitgliederformular erhalten Sie \u00fcber die Schule.<\/p>\n\n\n\n<p><\/p>\n","protected":false},"excerpt":{"rendered":"<p>Der F\u00f6rderverein ist von engagierten Eltern gegr\u00fcndet worden, um die Schule bei ihrer Erziehungs- und Bildungsarbeit zu unterst\u00fctzen und damit zu einer erfolgreichen Schulzeit m\u00f6glichst aller Sch\u00fcler\/innen beizutragen. Die Lehrkr\u00e4fte und Mitarbeiter\/innen der Kath. Grundschule R\u00fcschendorf sch\u00e4tzen die enge Zusammenarbeit mit dem F\u00f6rderverein sehr. Es sind bereits zahlreiche Projekte durch den F\u00f6rderverein unterst\u00fctzt worden: verschiedene [&hellip;]<\/p>\n","protected":false},"author":9194248,"featured_media":0,"parent":0,"menu_order":0,"comment_status":"closed","ping_status":"closed","template":"","meta":{"footnotes":""},"class_list":["post-59","page","type-page","status-publish","hentry"],"_links":{"self":[{"href":"https:\/\/wordpress.nibis.de\/gs-ruesch\/wp-json\/wp\/v2\/pages\/59","targetHints":{"allow":["GET"]}}],"collection":[{"href":"https:\/\/wordpress.nibis.de\/gs-ruesch\/wp-json\/wp\/v2\/pages"}],"about":[{"href":"https:\/\/wordpress.nibis.de\/gs-ruesch\/wp-json\/wp\/v2\/types\/page"}],"author":[{"embeddable":true,"href":"https:\/\/wordpress.nibis.de\/gs-ruesch\/wp-json\/wp\/v2\/users\/9194248"}],"replies":[{"embeddable":true,"href":"https:\/\/wordpress.nibis.de\/gs-ruesch\/wp-json\/wp\/v2\/comments?post=59"}],"version-history":[{"count":5,"href":"https:\/\/wordpress.nibis.de\/gs-ruesch\/wp-json\/wp\/v2\/pages\/59\/revisions"}],"predecessor-version":[{"id":675,"href":"https:\/\/wordpress.nibis.de\/gs-ruesch\/wp-json\/wp\/v2\/pages\/59\/revisions\/675"}],"wp:attachment":[{"href":"https:\/\/wordpress.nibis.de\/gs-ruesch\/wp-json\/wp\/v2\/media?parent=59"}],"curies":[{"name":"wp","href":"https:\/\/api.w.org\/{rel}","templated":true}]}}