{"id":41,"date":"2025-05-14T14:36:59","date_gmt":"2025-05-14T12:36:59","guid":{"rendered":"https:\/\/wordpress.nibis.de\/gs-uchte\/?page_id=41"},"modified":"2025-05-26T14:56:27","modified_gmt":"2025-05-26T12:56:27","slug":"ein-ueberblick-ueber-unsere-schule","status":"publish","type":"page","link":"https:\/\/wordpress.nibis.de\/gs-uchte\/","title":{"rendered":""},"content":{"rendered":"\n<figure class=\"wp-block-image size-large\"><img loading=\"lazy\" decoding=\"async\" width=\"1024\" height=\"368\" src=\"https:\/\/wordpress.nibis.de\/gs-uchte\/files\/2025\/05\/IMG_4475-scaled-e1747654982663-1024x368.jpg\" alt=\"\" class=\"wp-image-31\" srcset=\"https:\/\/wordpress.nibis.de\/gs-uchte\/files\/2025\/05\/IMG_4475-scaled-e1747654982663-1024x368.jpg 1024w, https:\/\/wordpress.nibis.de\/gs-uchte\/files\/2025\/05\/IMG_4475-scaled-e1747654982663-300x108.jpg 300w, https:\/\/wordpress.nibis.de\/gs-uchte\/files\/2025\/05\/IMG_4475-scaled-e1747654982663-768x276.jpg 768w, https:\/\/wordpress.nibis.de\/gs-uchte\/files\/2025\/05\/IMG_4475-scaled-e1747654982663-1536x553.jpg 1536w, https:\/\/wordpress.nibis.de\/gs-uchte\/files\/2025\/05\/IMG_4475-scaled-e1747654982663-2048x737.jpg 2048w, https:\/\/wordpress.nibis.de\/gs-uchte\/files\/2025\/05\/IMG_4475-scaled-e1747654982663-624x224.jpg 624w\" sizes=\"auto, (max-width: 1024px) 100vw, 1024px\" \/><figcaption>Die Kletterwand der Grundschule Uchte<\/figcaption><\/figure>\n\n\n\n<p class=\"has-medium-font-size\"><strong>Willkommen auf der Internetseite der Grundschule Uchte!<\/strong><\/p>\n\n\n\n<p class=\"has-drop-cap\">Wir sind eine l\u00e4ndliche Grundschule mit einem gro\u00dfen Einzugsgebiet im Landkreis Nienburg \/ Weser (Niedersachsen). <br><br>Bei uns werden aktuell in 12 Schulklassen ca. 270 Kinder unterrichtet. Neben 19 Lehrkr\u00e4ften erg\u00e4nzen 3 F\u00f6rderschullehrerinnen und eine Lehrerin im Vorbereitungsdienst den Schulalltag. Unterst\u00fctzend sind 5 p\u00e4dagogische Mitarbeiterinnen, eine <a href=\"https:\/\/wordpress.nibis.de\/gs-uchte\/schulsozialarbeit\/\">Fachkraft f\u00fcr schulische Sozialarbeit<\/a>, 8 Eingliederungshelferinnen und -helfer sowie 2 Bundesfreiwilligendienstleistende an der Schule t\u00e4tig. <br>Zum reibungslosen Ablauf des Schulbetriebs tragen zudem die Schulverwaltungskraft, der Hausmeister, die Reinigungskr\u00e4fte, die Mitarbeiterinnen der Mensa sowie die Betreuungskr\u00e4fte im Ganztagsbereich bei.<\/p>\n\n\n\n<p>Das Verzeichnis aller Mitarbeitenden finden Sie <a href=\"https:\/\/wordpress.nibis.de\/gs-uchte\/das-team-der-grundschule-uchte\/\">hier<\/a>. <\/p>\n\n\n\n<p>Da wir eine offene Ganztagsschule sind, k\u00f6nnen die Kinder montags bis donnerstags bis 15.20 Uhr in der Schule bleiben. Sie werden bei den Hausaufgaben und einem gemeinsamen Mittagessen in der schuleigenen Mensa innerhalb ihrer Jahrgangsstufe betreut. Im Anschluss gibt es f\u00fcr die Kinder Spiel- und Sportangebote.<\/p>\n\n\n\n<p>Unser Schultr\u00e4ger ist die <a href=\"https:\/\/www.uchte-online.de\/\" data-type=\"URL\" data-id=\"https:\/\/www.uchte-online.de\/\" target=\"_blank\" rel=\"noreferrer noopener\">Samtgemeinde Uchte<\/a>. <\/p>\n\n\n\n<div class=\"wp-block-buttons is-content-justification-center is-layout-flex wp-container-core-buttons-is-layout-16018d1d wp-block-buttons-is-layout-flex\">\n<div class=\"wp-block-button has-custom-width wp-block-button__width-75 has-custom-font-size is-style-fill has-medium-font-size\"><a class=\"wp-block-button__link\" href=\"https:\/\/wordpress.nibis.de\/gs-uchte\/unsere-werte\/\">Hier erfahren Sie mehr zu unseren Werten!<\/a><\/div>\n<\/div>\n\n\n\n<div class=\"wp-block-buttons is-layout-flex wp-block-buttons-is-layout-flex\"><\/div>\n\n\n\n<p><\/p>\n","protected":false},"excerpt":{"rendered":"<p>Willkommen auf der Internetseite der Grundschule Uchte! Wir sind eine l\u00e4ndliche Grundschule mit einem gro\u00dfen Einzugsgebiet im Landkreis Nienburg \/ Weser (Niedersachsen). Bei uns werden aktuell in 12 Schulklassen ca. 270 Kinder unterrichtet. Neben 19 Lehrkr\u00e4ften erg\u00e4nzen 3 F\u00f6rderschullehrerinnen und eine Lehrerin im Vorbereitungsdienst den Schulalltag. Unterst\u00fctzend sind 5 p\u00e4dagogische Mitarbeiterinnen, eine Fachkraft f\u00fcr schulische [&hellip;]<\/p>\n","protected":false},"author":9194617,"featured_media":0,"parent":0,"menu_order":0,"comment_status":"closed","ping_status":"closed","template":"","meta":{"footnotes":""},"class_list":["post-41","page","type-page","status-publish","hentry"],"_links":{"self":[{"href":"https:\/\/wordpress.nibis.de\/gs-uchte\/wp-json\/wp\/v2\/pages\/41","targetHints":{"allow":["GET"]}}],"collection":[{"href":"https:\/\/wordpress.nibis.de\/gs-uchte\/wp-json\/wp\/v2\/pages"}],"about":[{"href":"https:\/\/wordpress.nibis.de\/gs-uchte\/wp-json\/wp\/v2\/types\/page"}],"author":[{"embeddable":true,"href":"https:\/\/wordpress.nibis.de\/gs-uchte\/wp-json\/wp\/v2\/users\/9194617"}],"replies":[{"embeddable":true,"href":"https:\/\/wordpress.nibis.de\/gs-uchte\/wp-json\/wp\/v2\/comments?post=41"}],"version-history":[{"count":13,"href":"https:\/\/wordpress.nibis.de\/gs-uchte\/wp-json\/wp\/v2\/pages\/41\/revisions"}],"predecessor-version":[{"id":176,"href":"https:\/\/wordpress.nibis.de\/gs-uchte\/wp-json\/wp\/v2\/pages\/41\/revisions\/176"}],"wp:attachment":[{"href":"https:\/\/wordpress.nibis.de\/gs-uchte\/wp-json\/wp\/v2\/media?parent=41"}],"curies":[{"name":"wp","href":"https:\/\/api.w.org\/{rel}","templated":true}]}}