{"id":91,"date":"2025-05-19T14:32:26","date_gmt":"2025-05-19T12:32:26","guid":{"rendered":"https:\/\/wordpress.nibis.de\/gs-uchte\/?page_id=91"},"modified":"2025-06-05T07:20:14","modified_gmt":"2025-06-05T05:20:14","slug":"unsere-werte","status":"publish","type":"page","link":"https:\/\/wordpress.nibis.de\/gs-uchte\/unsere-werte\/","title":{"rendered":"Unsere Werte"},"content":{"rendered":"\n<div class=\"wp-block-media-text alignwide has-media-on-the-right is-stacked-on-mobile is-vertically-aligned-center\" style=\"grid-template-columns:auto 49%\"><figure class=\"wp-block-media-text__media\"><img loading=\"lazy\" decoding=\"async\" width=\"697\" height=\"1024\" src=\"https:\/\/wordpress.nibis.de\/gs-uchte\/files\/2025\/06\/unsere-werte-697x1024.jpg\" alt=\"\" class=\"wp-image-242 size-full\" srcset=\"https:\/\/wordpress.nibis.de\/gs-uchte\/files\/2025\/06\/unsere-werte-697x1024.jpg 697w, https:\/\/wordpress.nibis.de\/gs-uchte\/files\/2025\/06\/unsere-werte-204x300.jpg 204w, https:\/\/wordpress.nibis.de\/gs-uchte\/files\/2025\/06\/unsere-werte-768x1129.jpg 768w, https:\/\/wordpress.nibis.de\/gs-uchte\/files\/2025\/06\/unsere-werte-1045x1536.jpg 1045w, https:\/\/wordpress.nibis.de\/gs-uchte\/files\/2025\/06\/unsere-werte-1393x2048.jpg 1393w, https:\/\/wordpress.nibis.de\/gs-uchte\/files\/2025\/06\/unsere-werte-624x917.jpg 624w, https:\/\/wordpress.nibis.de\/gs-uchte\/files\/2025\/06\/unsere-werte-scaled.jpg 1741w\" sizes=\"auto, (max-width: 697px) 100vw, 697px\" \/><\/figure><div class=\"wp-block-media-text__content\">\n<p class=\"has-drop-cap\" style=\"font-size:15px\">Die Grundschule Uchte soll ein sicherer Ort sein, an dem sich alle, die hier lernen und arbeiten, wohl und gut aufgehoben f\u00fchlen. Wir wollen den Schutz und die k\u00f6rperliche Unversehrtheit von Kindern sicherstellen. Dabei st\u00fctzen wir uns besonders auf folgende, gemeinsam entwickelte Werte:<\/p>\n<\/div><\/div>\n\n\n\n<ul type=\"1\" class=\"is-style-tw-border wp-block-list\" style=\"font-size:15px\"><li>Alle Menschen sind in ihrer Einzigartigkeit gleichwertig und haben das Recht, sich frei auszudr\u00fccken und ihre Bed\u00fcrfnisse und Gef\u00fchle zu \u00e4u\u00dfern.<\/li><li>Wir gehen freundlich und hilfsbereit mit anderen um, bieten Unterst\u00fctzung und Verst\u00e4ndnis besonders gegen\u00fcber denen, die neu oder in Not sind und sorgen daf\u00fcr, dass niemand Gewalt oder Ungerechtigkeit erfahren muss.<\/li><\/ul>\n\n\n\n<p><\/p>\n","protected":false},"excerpt":{"rendered":"<p>Die Grundschule Uchte soll ein sicherer Ort sein, an dem sich alle, die hier lernen und arbeiten, wohl und gut aufgehoben f\u00fchlen. Wir wollen den Schutz und die k\u00f6rperliche Unversehrtheit von Kindern sicherstellen. Dabei st\u00fctzen wir uns besonders auf folgende, gemeinsam entwickelte Werte: Alle Menschen sind in ihrer Einzigartigkeit gleichwertig und haben das Recht, sich [&hellip;]<\/p>\n","protected":false},"author":9194617,"featured_media":0,"parent":0,"menu_order":0,"comment_status":"closed","ping_status":"closed","template":"","meta":{"footnotes":""},"class_list":["post-91","page","type-page","status-publish","hentry"],"_links":{"self":[{"href":"https:\/\/wordpress.nibis.de\/gs-uchte\/wp-json\/wp\/v2\/pages\/91","targetHints":{"allow":["GET"]}}],"collection":[{"href":"https:\/\/wordpress.nibis.de\/gs-uchte\/wp-json\/wp\/v2\/pages"}],"about":[{"href":"https:\/\/wordpress.nibis.de\/gs-uchte\/wp-json\/wp\/v2\/types\/page"}],"author":[{"embeddable":true,"href":"https:\/\/wordpress.nibis.de\/gs-uchte\/wp-json\/wp\/v2\/users\/9194617"}],"replies":[{"embeddable":true,"href":"https:\/\/wordpress.nibis.de\/gs-uchte\/wp-json\/wp\/v2\/comments?post=91"}],"version-history":[{"count":6,"href":"https:\/\/wordpress.nibis.de\/gs-uchte\/wp-json\/wp\/v2\/pages\/91\/revisions"}],"predecessor-version":[{"id":243,"href":"https:\/\/wordpress.nibis.de\/gs-uchte\/wp-json\/wp\/v2\/pages\/91\/revisions\/243"}],"wp:attachment":[{"href":"https:\/\/wordpress.nibis.de\/gs-uchte\/wp-json\/wp\/v2\/media?parent=91"}],"curies":[{"name":"wp","href":"https:\/\/api.w.org\/{rel}","templated":true}]}}