{"id":1197,"date":"2020-10-23T13:45:43","date_gmt":"2020-10-23T11:45:43","guid":{"rendered":"https:\/\/wordpress.nibis.de\/gsahlem\/?page_id=1197"},"modified":"2026-02-05T14:30:46","modified_gmt":"2026-02-05T13:30:46","slug":"nachmittagsangebot","status":"publish","type":"page","link":"https:\/\/wordpress.nibis.de\/gsahlem\/nachmittagsangebot\/","title":{"rendered":"Nachmittagsbetreuung"},"content":{"rendered":"<p><span style=\"color: #993300\"><strong>Nachmittagsbetreuung durch Die Leine-Lotsen des Diakonischen Werkes Hannover<\/strong><\/span><\/p>\n<p>Seit dem 01.02.2019 gibt es an der Grundschule Ahlem ein umf\u00e4ngliches Nachmittagsangebot. In der Zeit nach <strong>Unterrichtsschulschluss bis 16:00 Uhr <\/strong>werden dabei 100 Kinder von <strong>Montag bis Freitag<\/strong> von acht p\u00e4dagogischen Mitarbeitenden betreut.<\/p>\n<p>Einem <strong>Ganztagsangebot entsprechend<\/strong> essen die Kinder gemeinsam am Tisch zu <strong>Mittag<\/strong> und erledigen begleitet von den p\u00e4dagogischen Mitarbeitenden\u00a0ihre <strong>Hausaufgaben<\/strong>. Danach haben sich die Kinder <strong>Freizeit<\/strong> verdient. Wir bieten verschiedene p\u00e4dagogische Angebote aus den Bereichen Sport, Kochen\/Backen, Kreatives oder Spielen und Tanzen auf dem Schulhof oder in der Pausenhalle. Die Angebote werden in Teilgruppen durchgef\u00fchrt, sodass die Kinder nach ihren Interessen ausw\u00e4hlen k\u00f6nnen.<\/p>\n<p>In den <strong>Ferien<\/strong> findet ebenfalls eine Betreuung mit Freizeitaktivit\u00e4ten und Ausfl\u00fcgen statt.<\/p>\n<p>In 3 Ferienwochen im Schuljahr bieten unsere p\u00e4dagogischen Mitarbeiter*innen von 08:00 Uhr bis 16:00 Uhr ein Programm mit verschiedensten freizeit- und erlebnisp\u00e4dagogischen Angeboten, sowie Ausfl\u00fcgen.<\/p>\n<p>zuk\u00fcnftige Termine:<\/p>\n<ul>\n<li>Sommerferien 07.07.25 \u2013 11.07.25<\/li>\n<li>Herbstferien 13.10.25 \u2013 17.10.25<\/li>\n<li>Osterferien 23.03.26 \u2013 27.03.26<\/li>\n<li>Sommerferien 06.07.26 \u2013 10.07.26<\/li>\n<\/ul>\n<p>Die Mitarbeitenden des Diakonischen Werkes Hannover sind Teil des Schullebens und suchen insbesondere zu\u00a0Eltern, Erziehungsberechtigten, Lehrkr\u00e4ften und allen an der Schule t\u00e4tigen Personen einen konstruktiven Austausch.<\/p>\n<p>Das Betreuungsangebot wird durch die Landeshauptstadt Hannover finanziert und ist kostenlos. Mittagessen kann kostenpflichtig \u00fcber unseren Caterer gebucht werden. BuT-Berechtigte k\u00f6nnen kostenfrei Essen bestellen.<\/p>\n<p>Das Angebot richtet sich grunds\u00e4tzlich an alle Eltern und Kinder. Die Anmeldung erfolgt \u00fcber das Sekretariat der Grundschule Ahlem. Bei \u00fcberz\u00e4hligen Anmeldungen wird es ein Auswahlverfahren geben. Vorzugsweise erhalten die Kinder einen Platz, deren Eltern aus Gr\u00fcnden der Berufst\u00e4tigkeit oder aus anderen Gr\u00fcnden (z. B. Pflege von Angeh\u00f6rigen) dringend auf die Betreuung angewiesen sind. Daf\u00fcr muss ein Nachweis erbracht werden, die Angaben werden vertraulich behandelt. Die Anmeldung wird wirksam nach der Zusage durch das Diakonische Werk Hannover.<\/p>\n<pre><span style=\"font-family: helvetica, arial, sans-serif\"><span style=\"text-decoration: underline\"><strong>\r\nKontakt:<\/strong><\/span> \r\n<strong>Tom Scharlipp (Koordination)<\/strong>    0157 - 80 60 10 25\r\n<strong>Betreuung:<\/strong>                                   0151 - 708 836 31\r\n&#103;s&#97;h&#108;e&#x6d;-&#x6e;a&#x63;h&#x6d;i&#x74;t&#x61;g&#x73;b&#x65;t&#x72;e&#x75;&#117;&#x6e;&#103;&#x40;&#100;&#x77;&#45;&#x68;&#46;&#x64;&#101;\r\n<a href=\"https:\/\/wordpress.nibis.de\/gsahlem\/files\/2023\/05\/Verbindliche-Anmeldung-Nachmittagsbetreuungsangebot-GS-Ahlem.pdf\">Anmeldeformular Nachmittagsangebot<\/a>\r\n<a href=\"https:\/\/wordpress.nibis.de\/gsahlem\/files\/2021\/03\/Version-1.02-Hinweise-zur-Datenverarbeitung-gem\u00e4\u00df-\u00a7-17-DSG-EKD-171019.pdf\">Hinweise zur Datenverarbeitung gem\u00e4\u00df \u00a7 17 DSG-EKD-171019<\/a>\r\n<\/span><\/pre>\n<p style=\"text-align: justify\"><span style=\"color: #993300\"><strong>Zum Diakonischen Werk<\/strong><\/span><br \/>\nDas Betreuungsangebot am Nachmittag an der Grundschule Ahlem wird vom Diakonischen Werk durchgef\u00fchrt. Hierf\u00fcr zust\u00e4ndig ist die Abteilung Die Leine-Lotsen, welche sich in der Region Hannover f\u00fcr die Jugend- und Familienhilfe einsetzt. Im Stadtgebiet arbeiten die Leine-Lotsen bereits seit L\u00e4ngerem mit mehreren Schulen bei der Umsetzung des Ganztagsangebots zusammen.<br \/>\nDie Arbeit der Leine-Lotsen basiert auf Authentizit\u00e4t, Empathie und einem wertsch\u00e4tzenden Umgang mit allen uns anvertrauten Kindern und Jugendlichen. Ziel ist es, die Kinder in ihrer Entwicklung zu st\u00e4rken, indem vertrauensvolle und akzeptierende Beziehungen zwischen Betreuenden und den Sch\u00fcler*innen geschaffen werden.<\/p>\n<p><a href=\"http:\/\/www.diakonisches-werk-hannover.de\">http:\/\/www.diakonisches-werk-hannover.de<\/a><\/p>\n<p><img loading=\"lazy\" decoding=\"async\" class=\"alignnone size-full wp-image-1427\" src=\"https:\/\/wordpress.nibis.de\/gsahlem\/files\/2021\/03\/Diak.-Werk-Logo.jpg\" alt=\"\" width=\"290\" height=\"56\" \/><br \/>\nFolgen Sie uns auf Facebook und Instagram:<\/p>\n<p><a href=\"https:\/\/www.facebook.com\/dwhannover\">https:\/\/www.facebook.com\/dwhannover<\/a><\/p>\n<p><span style=\"font-family: helvetica, arial, sans-serif\"><a href=\"https:\/\/www.instagram.com\/dwhannover\">https:\/\/www.instagram.com\/dwhannover<\/a> <\/span><\/p>\n","protected":false},"excerpt":{"rendered":"<p>Nachmittagsbetreuung durch Die Leine-Lotsen des Diakonischen Werkes Hannover Seit dem 01.02.2019 gibt es an der Grundschule Ahlem ein umf\u00e4ngliches Nachmittagsangebot. In der Zeit nach Unterrichtsschulschluss bis 16:00 Uhr werden dabei 100 Kinder von Montag bis Freitag von acht p\u00e4dagogischen Mitarbeitenden betreut. Einem Ganztagsangebot entsprechend essen die Kinder gemeinsam am Tisch zu Mittag und erledigen begleitet [&hellip;]<\/p>\n","protected":false},"author":9192592,"featured_media":0,"parent":0,"menu_order":0,"comment_status":"closed","ping_status":"closed","template":"","meta":{"footnotes":""},"class_list":["post-1197","page","type-page","status-publish","hentry"],"_links":{"self":[{"href":"https:\/\/wordpress.nibis.de\/gsahlem\/wp-json\/wp\/v2\/pages\/1197","targetHints":{"allow":["GET"]}}],"collection":[{"href":"https:\/\/wordpress.nibis.de\/gsahlem\/wp-json\/wp\/v2\/pages"}],"about":[{"href":"https:\/\/wordpress.nibis.de\/gsahlem\/wp-json\/wp\/v2\/types\/page"}],"author":[{"embeddable":true,"href":"https:\/\/wordpress.nibis.de\/gsahlem\/wp-json\/wp\/v2\/users\/9192592"}],"replies":[{"embeddable":true,"href":"https:\/\/wordpress.nibis.de\/gsahlem\/wp-json\/wp\/v2\/comments?post=1197"}],"version-history":[{"count":24,"href":"https:\/\/wordpress.nibis.de\/gsahlem\/wp-json\/wp\/v2\/pages\/1197\/revisions"}],"predecessor-version":[{"id":3899,"href":"https:\/\/wordpress.nibis.de\/gsahlem\/wp-json\/wp\/v2\/pages\/1197\/revisions\/3899"}],"wp:attachment":[{"href":"https:\/\/wordpress.nibis.de\/gsahlem\/wp-json\/wp\/v2\/media?parent=1197"}],"curies":[{"name":"wp","href":"https:\/\/api.w.org\/{rel}","templated":true}]}}