{"id":1866,"date":"2022-02-03T11:01:53","date_gmt":"2022-02-03T10:01:53","guid":{"rendered":"https:\/\/wordpress.nibis.de\/gsahlem\/?page_id=1866"},"modified":"2025-04-26T22:53:24","modified_gmt":"2025-04-26T20:53:24","slug":"erstsprachenunterrich-tuerkisch","status":"publish","type":"page","link":"https:\/\/wordpress.nibis.de\/gsahlem\/schulleben-2\/erstsprachenunterrich-tuerkisch\/","title":{"rendered":"Erstsprachenunterricht &#8211; T\u00fcrkisch"},"content":{"rendered":"<p>Erstsprachenunterricht wird in Niedersachsen durch die Regionalen Landes\u00e4mter f\u0171r Schule und Bildung (RLSB) schwerpunktm\u00e4\u00dfig in den Schuljahrg\u00e4ngen 1-4 der Grundschulen angeboten. Der Erstsprachenunterricht hat das Ziel, die herkunftssprachlichen F\u00e4higkeiten der Sch\u00fclerinnen und Sch\u00fcler in Wort und Schrift zu entwickeln, zu erweitern und wichtige interkulturelle Kompetenzen zu vermitteln.<\/p>\n<p>Der Erstsprachenunterricht ist ein freiwilliges Angebot der allgemeinbildenden Schulen und kann auf Antrag der Eltern oder auf Initiative der Schule durch die RLSB eingerichtet werden, wenn hierf\u00fcr die finanziellen, personellen und organisatorischen Voraussetzungen erf\u00fcllt sind.<\/p>\n<p>Das Land Niedersachsen bietet eine Vielfalt an Sprachen im Rahmen von Erstsprachenunterricht an. Das Angebot ist bedarfsorientiert und daher variabel.<\/p>\n<p>Derzeit wird der herkunftssprachliche Unterricht in Albanisch, Arabisch, Farsi (Persisch), Griechisch, Italienisch, Japanisch, Kroatisch, Kurdisch, Rum\u00e4nisch, Russisch, Polnisch, Portugiesisch, Spanisch, Ukrainisch und T\u00fcrkisch angeboten.<\/p>\n<p><strong>\u00a0<\/strong><\/p>\n<p><strong>In unserer Schule wird zurzeit der Erstsprachenunterricht T\u00fcrkisch angeboten.<\/strong><\/p>\n<p>Erziehungsberechtigte melden ihre Kinder zum Erstsprachenunterricht an der jeweiligen allgemeinbildenden Schule an. Die Teilnahme ist freiwillig. Nach der Anmeldung ist eine regelm\u00e4\u00dfige Teilnahme am herkunftssprachlichen Unterricht verpflichtend und gilt f\u00fcr die Dauer des Besuchs der jeweiligen Schule. Eine Abmeldung, begr\u00fcndet durch die Erziehungsberechtigten, ist nur zum Ende eines Schuljahres m\u00f6glich.<\/p>\n<p>Grundlage f\u00fcr den Unterricht in der Grundschule bildet das \u201eKerncurriculum Erstsprachenunterricht\u201c. Der Unterricht wir von erstsprachlichen Lehrkr\u00e4ften des Landes Niedersachsen erteilt. In der Regel sind diese Lehrkr\u00e4fte Muttersprachlerinnen und Muttersprachler.<\/p>\n<p>Eltern, die ihre Kinder zu diesem Unterricht anmelden m\u00f6chten, k\u00f6nnen sich an das Schulsekretariat wenden.<\/p>\n<p>&nbsp;<\/p>\n<p>&nbsp;<\/p>\n<p>A\u015fa\u011f\u0131 Saksonya&#8217;da ilk dil e\u011fitimi, eyalet e\u011fitim bakanl\u0131\u011f\u0131 taraf\u0131ndan \u00f6ncelikle ilkokullar\u0131n 1-4. s\u0131n\u0131flar\u0131nda sunulmaktad\u0131r. Ana dil \u00f6\u011fretiminin amac\u0131, \u00f6\u011frencilerin yaz\u0131l\u0131 ve s\u00f6zl\u00fc dil becerilerini geli\u015ftirmek, geni\u015fletmek ve onlara \u00f6nemli k\u00fclt\u00fcrleraras\u0131 yeterlilikler kazand\u0131rmakt\u0131r.<\/p>\n<p>Anadil e\u011fitimi, e\u011fitim bakanl\u0131\u011f\u0131n\u0131n iste\u011fe ba\u011fl\u0131 bir hizmeti olup, mali, personel ve \u00f6rg\u00fctsel gereksinimlerin kar\u015f\u0131lanmas\u0131 ko\u015fuluyla, velilerin talebi veya okulun inisiyatifi \u00fczerine RLSB taraf\u0131ndan sunulabilir.<\/p>\n<p>A\u015fa\u011f\u0131 Saksonya eyaleti, ana dil e\u011fitimi kapsam\u0131nda \u00e7e\u015fitli diller sunmaktad\u0131r. Bu hizmet ihtiya\u00e7 odakl\u0131d\u0131r ve bu nedenle de\u011fi\u015fkendir. \u015eu anda; Arnavut\u00e7a, Arap\u00e7a, Fars\u00e7a, Yunanca, \u0130talyanca, Japonca, H\u0131rvat\u00e7a, K\u00fcrt\u00e7e, Romence, Rus\u00e7a, Leh\u00e7e, Portekizce, \u0130spanyolca, Ukraynaca ve T\u00fcrk\u00e7e dillerinde sunulumaktad\u0131r.<\/p>\n<p>&nbsp;<\/p>\n<p><strong>Okulumuzda ise \u015fu anda T\u00fcrk\u00e7e ilk dil e\u011fitimi sunulmaktad\u0131r.<\/strong><\/p>\n<p>Veliler, \u00e7ocuklar\u0131n\u0131 kendi okulundaki birinci dil derslerine kaydederler. Kat\u0131l\u0131m g\u00f6n\u00fcll\u00fcl\u00fck esas\u0131na dayanmaktad\u0131r. Kay\u0131ttan sonra \u00f6\u011frencinin kendi dilindeki derslere d\u00fczenli olarak kat\u0131lmas\u0131 zorunludur ve bu zorunluluk ilgili okulda \u00f6\u011frenim g\u00f6rd\u00fc\u011f\u00fc s\u00fcre boyunca ge\u00e7erlidir. Veli taraf\u0131ndan gerek\u00e7elendirilen kay\u0131t sildirme i\u015flemi ancak e\u011fitim-\u00f6\u011fretim y\u0131l\u0131 sonundan sonra ge\u00e7erli olabilir.<\/p>\n<p>\u0130lk dil \u00f6\u011fretimin temeli \u201cAna Dil \u00d6\u011fretimi \u00c7ekirdek M\u00fcfredat\u0131\u201dd\u0131r. Dersler A\u015fa\u011f\u0131 Saksonya eyaletinin anadil \u00f6\u011fretmenleri taraf\u0131ndan verilmektedir. Bu \u00f6\u011fretmenler genellikle verilen dili, ana dili olarak konu\u015fan ki\u015filerdir.<\/p>\n<p>Bu derse \u00e7ocu\u011funu kaydettirmek isteyen veliler okul sekreterli\u011fine ba\u015fvurabilirler.<\/p>\n","protected":false},"excerpt":{"rendered":"<p>Erstsprachenunterricht wird in Niedersachsen durch die Regionalen Landes\u00e4mter f\u0171r Schule und Bildung (RLSB) schwerpunktm\u00e4\u00dfig in den Schuljahrg\u00e4ngen 1-4 der Grundschulen angeboten. Der Erstsprachenunterricht hat das Ziel, die herkunftssprachlichen F\u00e4higkeiten der Sch\u00fclerinnen und Sch\u00fcler in Wort und Schrift zu entwickeln, zu erweitern und wichtige interkulturelle Kompetenzen zu vermitteln. Der Erstsprachenunterricht ist ein freiwilliges Angebot der allgemeinbildenden [&hellip;]<\/p>\n","protected":false},"author":9193831,"featured_media":0,"parent":87,"menu_order":6,"comment_status":"closed","ping_status":"closed","template":"","meta":{"footnotes":""},"class_list":["post-1866","page","type-page","status-publish","hentry"],"_links":{"self":[{"href":"https:\/\/wordpress.nibis.de\/gsahlem\/wp-json\/wp\/v2\/pages\/1866","targetHints":{"allow":["GET"]}}],"collection":[{"href":"https:\/\/wordpress.nibis.de\/gsahlem\/wp-json\/wp\/v2\/pages"}],"about":[{"href":"https:\/\/wordpress.nibis.de\/gsahlem\/wp-json\/wp\/v2\/types\/page"}],"author":[{"embeddable":true,"href":"https:\/\/wordpress.nibis.de\/gsahlem\/wp-json\/wp\/v2\/users\/9193831"}],"replies":[{"embeddable":true,"href":"https:\/\/wordpress.nibis.de\/gsahlem\/wp-json\/wp\/v2\/comments?post=1866"}],"version-history":[{"count":4,"href":"https:\/\/wordpress.nibis.de\/gsahlem\/wp-json\/wp\/v2\/pages\/1866\/revisions"}],"predecessor-version":[{"id":3105,"href":"https:\/\/wordpress.nibis.de\/gsahlem\/wp-json\/wp\/v2\/pages\/1866\/revisions\/3105"}],"up":[{"embeddable":true,"href":"https:\/\/wordpress.nibis.de\/gsahlem\/wp-json\/wp\/v2\/pages\/87"}],"wp:attachment":[{"href":"https:\/\/wordpress.nibis.de\/gsahlem\/wp-json\/wp\/v2\/media?parent=1866"}],"curies":[{"name":"wp","href":"https:\/\/api.w.org\/{rel}","templated":true}]}}