{"id":30,"date":"2018-06-19T11:18:55","date_gmt":"2018-06-19T09:18:55","guid":{"rendered":"http:\/\/wordpress.nibis.de\/gsahlem\/?page_id=30"},"modified":"2025-08-14T14:58:30","modified_gmt":"2025-08-14T12:58:30","slug":"kollegium","status":"publish","type":"page","link":"https:\/\/wordpress.nibis.de\/gsahlem\/kollegium\/","title":{"rendered":"Kollegium"},"content":{"rendered":"<p style=\"text-align: justify\">Unser Kollegium setzt sich zusammen aus Lehrkr\u00e4ften und p\u00e4dagogischen Mitarbeiter\/innen. Zu uns geh\u00f6ren au\u00dferdem unsere Sekret\u00e4rin und unser Hausmeister.<\/p>\n<p style=\"text-align: center\"><img loading=\"lazy\" decoding=\"async\" id=\"longdesc-return-597\" class=\"aligncenter wp-image-3266 \" src=\"https:\/\/wordpress.nibis.de\/gsahlem\/files\/2025\/08\/20250813_103350-1024x768.jpg\" alt=\"\" width=\"688\" height=\"516\" longdesc=\"https:\/\/wordpress.nibis.de\/gsahlem?longdesc=597&amp;referrer=30\" srcset=\"https:\/\/wordpress.nibis.de\/gsahlem\/files\/2025\/08\/20250813_103350-1024x768.jpg 1024w, https:\/\/wordpress.nibis.de\/gsahlem\/files\/2025\/08\/20250813_103350-300x225.jpg 300w, https:\/\/wordpress.nibis.de\/gsahlem\/files\/2025\/08\/20250813_103350-768x576.jpg 768w, https:\/\/wordpress.nibis.de\/gsahlem\/files\/2025\/08\/20250813_103350-1536x1152.jpg 1536w, https:\/\/wordpress.nibis.de\/gsahlem\/files\/2025\/08\/20250813_103350-2048x1536.jpg 2048w\" sizes=\"auto, (max-width: 688px) 100vw, 688px\" \/><span style=\"font-size: 10pt\">Kollegium GS Ahlem 2025<\/span><\/p>\n","protected":false},"excerpt":{"rendered":"<p>Unser Kollegium setzt sich zusammen aus Lehrkr\u00e4ften und p\u00e4dagogischen Mitarbeiter\/innen. Zu uns geh\u00f6ren au\u00dferdem unsere Sekret\u00e4rin und unser Hausmeister. Kollegium GS Ahlem 2025<\/p>\n","protected":false},"author":9192592,"featured_media":0,"parent":0,"menu_order":0,"comment_status":"closed","ping_status":"closed","template":"","meta":{"footnotes":""},"class_list":["post-30","page","type-page","status-publish","hentry"],"_links":{"self":[{"href":"https:\/\/wordpress.nibis.de\/gsahlem\/wp-json\/wp\/v2\/pages\/30","targetHints":{"allow":["GET"]}}],"collection":[{"href":"https:\/\/wordpress.nibis.de\/gsahlem\/wp-json\/wp\/v2\/pages"}],"about":[{"href":"https:\/\/wordpress.nibis.de\/gsahlem\/wp-json\/wp\/v2\/types\/page"}],"author":[{"embeddable":true,"href":"https:\/\/wordpress.nibis.de\/gsahlem\/wp-json\/wp\/v2\/users\/9192592"}],"replies":[{"embeddable":true,"href":"https:\/\/wordpress.nibis.de\/gsahlem\/wp-json\/wp\/v2\/comments?post=30"}],"version-history":[{"count":14,"href":"https:\/\/wordpress.nibis.de\/gsahlem\/wp-json\/wp\/v2\/pages\/30\/revisions"}],"predecessor-version":[{"id":3268,"href":"https:\/\/wordpress.nibis.de\/gsahlem\/wp-json\/wp\/v2\/pages\/30\/revisions\/3268"}],"wp:attachment":[{"href":"https:\/\/wordpress.nibis.de\/gsahlem\/wp-json\/wp\/v2\/media?parent=30"}],"curies":[{"name":"wp","href":"https:\/\/api.w.org\/{rel}","templated":true}]}}